-- https://www.phpmyadmin.net/
--

START TRANSACTION;



--
-- Database: `caseMang_db`
--

-- --------------------------------------------------------

--
-- Table structure for table `case_details`
--

CREATE TABLE `case_details` (
  `id` bigint(20) UNSIGNED NOT NULL,
  `case_no` bigint(20) UNSIGNED NOT NULL,
  `submitted_at` timestamp NULL DEFAULT NULL,
  `created_at` timestamp NULL DEFAULT NULL,
  `updated_at` timestamp NULL DEFAULT NULL
) ENGINE=InnoDB DEFAULT CHARSET=utf8mb4 COLLATE=utf8mb4_unicode_ci;

--
-- Dumping data for table `case_details`
--

INSERT INTO `case_details` (`id`, `case_no`, `submitted_at`, `created_at`, `updated_at`) VALUES
(1, 1, NULL, '2025-04-24 20:56:59', '2025-04-24 20:56:59'),
(2, 2, NULL, '2025-04-25 17:26:27', '2025-04-25 17:26:27');

-- --------------------------------------------------------

--
-- Table structure for table `case_scores`
--

CREATE TABLE `case_scores` (
  `id` bigint(20) UNSIGNED NOT NULL,
  `user_id` bigint(20) UNSIGNED NOT NULL,
  `case_no` varchar(255) NOT NULL,
  `field_name` varchar(255) NOT NULL,
  `input_type` varchar(255) NOT NULL,
  `value` varchar(255) DEFAULT NULL,
  `created_at` timestamp NULL DEFAULT NULL,
  `updated_at` timestamp NULL DEFAULT NULL
) ENGINE=InnoDB DEFAULT CHARSET=utf8mb4 COLLATE=utf8mb4_unicode_ci;

-- --------------------------------------------------------

--
-- Table structure for table `documents`
--

CREATE TABLE `documents` (
  `id` bigint(20) UNSIGNED NOT NULL,
  `case_no` bigint(20) UNSIGNED NOT NULL,
  `title` varchar(255) NOT NULL,
  `file_path` varchar(255) NOT NULL,
  `uploaded_by` bigint(20) UNSIGNED NOT NULL,
  `created_at` timestamp NULL DEFAULT NULL,
  `updated_at` timestamp NULL DEFAULT NULL
) ENGINE=InnoDB DEFAULT CHARSET=utf8mb4 COLLATE=utf8mb4_unicode_ci;

--
-- Dumping data for table `documents`
--

INSERT INTO `documents` (`id`, `case_no`, `title`, `file_path`, `uploaded_by`, `created_at`, `updated_at`) VALUES
(1, 1, 'Case 1', 'documents/JZo7e4J4p9Boz1jLAvLTOiZDpftgDlCyTwMV2tks.docx', 1, '2025-04-24 20:56:31', '2025-04-24 20:56:31'),
(2, 2, 'test case', 'documents/low71z8HX68WvKji3GG2P1UmET6XeWYYkGxHC2gA.docx', 1, '2025-04-25 17:25:51', '2025-04-25 17:25:51');

-- --------------------------------------------------------

--
-- Table structure for table `document_user`
--

CREATE TABLE `document_user` (
  `id` bigint(20) UNSIGNED NOT NULL,
  `document_id` bigint(20) UNSIGNED NOT NULL,
  `user_id` bigint(20) UNSIGNED NOT NULL,
  `assigned_at` timestamp NULL DEFAULT NULL,
  `created_at` timestamp NULL DEFAULT NULL,
  `updated_at` timestamp NULL DEFAULT NULL
) ENGINE=InnoDB DEFAULT CHARSET=utf8mb4 COLLATE=utf8mb4_unicode_ci;

--
-- Dumping data for table `document_user`
--

INSERT INTO `document_user` (`id`, `document_id`, `user_id`, `assigned_at`, `created_at`, `updated_at`) VALUES
(1, 1, 2, '2025-04-25 17:09:00', '2025-04-24 20:56:36', '2025-04-25 17:09:00'),
(2, 1, 33, '2025-04-25 13:24:44', '2025-04-25 13:24:44', '2025-04-25 13:24:44'),
(4, 1, 34, '2025-04-25 17:57:29', '2025-04-25 15:19:05', '2025-04-25 17:57:29'),
(5, 1, 35, '2025-04-25 17:09:00', '2025-04-25 16:52:10', '2025-04-25 17:09:00'),
(6, 1, 39, '2025-04-25 17:09:00', '2025-04-25 17:09:00', '2025-04-25 17:09:00'),
(7, 1, 38, '2025-04-25 17:09:00', '2025-04-25 17:09:00', '2025-04-25 17:09:00'),
(8, 1, 37, '2025-04-25 17:54:37', '2025-04-25 17:09:00', '2025-04-25 17:54:37'),
(9, 1, 36, '2025-04-25 17:09:00', '2025-04-25 17:09:00', '2025-04-25 17:09:00'),
(10, 2, 33, '2025-04-25 17:26:01', '2025-04-25 17:26:01', '2025-04-25 17:26:01'),
(12, 1, 42, '2025-04-25 18:16:54', '2025-04-25 18:16:54', '2025-04-25 18:16:54'),
(13, 1, 32, '2025-04-25 18:24:33', '2025-04-25 18:24:33', '2025-04-25 18:24:33'),
(14, 1, 31, '2025-04-25 18:24:33', '2025-04-25 18:24:33', '2025-04-25 18:24:33'),
(15, 1, 30, '2025-04-25 18:24:33', '2025-04-25 18:24:33', '2025-04-25 18:24:33'),
(16, 1, 29, '2025-04-25 18:24:33', '2025-04-25 18:24:33', '2025-04-25 18:24:33'),
(17, 1, 28, '2025-04-25 18:24:33', '2025-04-25 18:24:33', '2025-04-25 18:24:33'),
(18, 1, 27, '2025-04-25 18:24:33', '2025-04-25 18:24:33', '2025-04-25 18:24:33'),
(19, 1, 26, '2025-04-25 18:24:33', '2025-04-25 18:24:33', '2025-04-25 18:24:33'),
(20, 1, 25, '2025-04-25 18:24:33', '2025-04-25 18:24:33', '2025-04-25 18:24:33'),
(21, 1, 24, '2025-04-25 18:24:33', '2025-04-25 18:24:33', '2025-04-25 18:24:33'),
(22, 1, 23, '2025-04-25 18:24:33', '2025-04-25 18:24:33', '2025-04-25 18:24:33'),
(23, 1, 22, '2025-04-25 18:24:33', '2025-04-25 18:24:33', '2025-04-25 18:24:33'),
(24, 1, 21, '2025-04-25 18:24:33', '2025-04-25 18:24:33', '2025-04-25 18:24:33'),
(25, 1, 20, '2025-04-25 18:24:33', '2025-04-25 18:24:33', '2025-04-25 18:24:33'),
(26, 1, 19, '2025-04-25 18:24:33', '2025-04-25 18:24:33', '2025-04-25 18:24:33'),
(27, 1, 18, '2025-04-25 18:26:10', '2025-04-25 18:26:10', '2025-04-25 18:26:10'),
(28, 1, 17, '2025-04-25 18:26:10', '2025-04-25 18:26:10', '2025-04-25 18:26:10'),
(29, 1, 16, '2025-04-25 18:26:10', '2025-04-25 18:26:10', '2025-04-25 18:26:10'),
(30, 1, 15, '2025-04-25 18:26:10', '2025-04-25 18:26:10', '2025-04-25 18:26:10'),
(31, 1, 14, '2025-04-25 18:26:10', '2025-04-25 18:26:10', '2025-04-25 18:26:10'),
(32, 1, 13, '2025-04-25 18:26:10', '2025-04-25 18:26:10', '2025-04-25 18:26:10'),
(33, 1, 12, '2025-04-25 18:26:10', '2025-04-25 18:26:10', '2025-04-25 18:26:10'),
(34, 1, 11, '2025-04-25 18:26:10', '2025-04-25 18:26:10', '2025-04-25 18:26:10'),
(35, 1, 10, '2025-04-25 18:26:10', '2025-04-25 18:26:10', '2025-04-25 18:26:10'),
(36, 1, 9, '2025-04-25 18:26:10', '2025-04-25 18:26:10', '2025-04-25 18:26:10'),
(37, 1, 8, '2025-04-25 18:26:10', '2025-04-25 18:26:10', '2025-04-25 18:26:10'),
(38, 1, 7, '2025-04-25 18:26:10', '2025-04-25 18:26:10', '2025-04-25 18:26:10'),
(39, 1, 6, '2025-04-25 18:26:10', '2025-04-25 18:26:10', '2025-04-25 18:26:10'),
(40, 1, 5, '2025-04-25 18:26:10', '2025-04-25 18:26:10', '2025-04-25 18:26:10'),
(41, 1, 4, '2025-04-25 18:26:10', '2025-04-25 18:26:10', '2025-04-25 18:26:10'),
(42, 2, 3, '2025-04-25 18:35:01', '2025-04-25 18:35:01', '2025-04-25 18:35:01');

-- --------------------------------------------------------

--
-- Table structure for table `failed_jobs`
--

CREATE TABLE `failed_jobs` (
  `id` bigint(20) UNSIGNED NOT NULL,
  `uuid` varchar(255) NOT NULL,
  `connection` text NOT NULL,
  `queue` text NOT NULL,
  `payload` longtext NOT NULL,
  `exception` longtext NOT NULL,
  `failed_at` timestamp NOT NULL DEFAULT current_timestamp()
) ENGINE=InnoDB DEFAULT CHARSET=utf8mb4 COLLATE=utf8mb4_unicode_ci;

-- --------------------------------------------------------

--
-- Table structure for table `form1_mdaat_data`
--

CREATE TABLE `form1_mdaat_data` (
  `id` bigint(20) UNSIGNED NOT NULL,
  `user_id` bigint(20) UNSIGNED NOT NULL,
  `case_id` bigint(20) UNSIGNED NOT NULL,
  `form_data` longtext CHARACTER SET utf8mb4 COLLATE utf8mb4_bin NOT NULL CHECK (json_valid(`form_data`)),
  `submitted_at` timestamp NULL DEFAULT NULL,
  `created_at` timestamp NULL DEFAULT NULL,
  `updated_at` timestamp NULL DEFAULT NULL
) ENGINE=InnoDB DEFAULT CHARSET=utf8mb4 COLLATE=utf8mb4_unicode_ci;

--
-- Dumping data for table `form1_mdaat_data`
--

INSERT INTO `form1_mdaat_data` (`id`, `user_id`, `case_id`, `form_data`, `submitted_at`, `created_at`, `updated_at`) VALUES
(1, 33, 1, '\"{\\\"scores\\\":{\\\"disease_activity_1\\\":\\\"4\\\",\\\"clinical_features_1_1\\\":\\\"1\\\",\\\"clinical_features_1_2\\\":\\\"1\\\",\\\"clinical_features_1_3\\\":\\\"1\\\",\\\"disease_activity_2\\\":\\\"4\\\",\\\"clinical_features_2_1\\\":\\\"1\\\",\\\"clinical_features_2_2\\\":\\\"1\\\",\\\"clinical_features_2_3\\\":\\\"1\\\",\\\"erythematous_rash_a\\\":\\\"1\\\",\\\"erythematous_rash_b\\\":\\\"1\\\",\\\"clinical_features_2_5\\\":\\\"1\\\",\\\"clinical_features_2_6\\\":\\\"1\\\",\\\"clinical_features_2_7\\\":\\\"1\\\",\\\"alopecia_a\\\":\\\"1\\\",\\\"alopecia_b\\\":\\\"1\\\",\\\"mechanics_hand\\\":\\\"1\\\",\\\"disease_activity_3\\\":\\\"4\\\",\\\"polyarthritis_a\\\":\\\"1\\\",\\\"moderately_active_arthritis_b\\\":\\\"1\\\",\\\"milarth_c\\\":\\\"1\\\",\\\"arthralgia\\\":\\\"1\\\",\\\"disease_activity_4\\\":\\\"4\\\",\\\"dysphagia_a\\\":\\\"1\\\",\\\"dysphagia_b\\\":\\\"1\\\",\\\"abdominal_pain_a\\\":\\\"1\\\",\\\"abdominal_pain_b\\\":\\\"1\\\",\\\"abdominal_pain_c\\\":\\\"1\\\",\\\"disease_activity_5\\\":\\\"4\\\",\\\"resp_muscle_weakness_a\\\":\\\"1\\\",\\\"resp_muscle_weakness_b\\\":\\\"1\\\",\\\"active_ild_a\\\":\\\"1\\\",\\\"active_ild_b\\\":\\\"1\\\",\\\"active_ild_c\\\":\\\"1\\\",\\\"dysphonia_a\\\":\\\"1\\\",\\\"dysphonia_b\\\":\\\"1\\\",\\\"cardiovascular_disease_activity\\\":\\\"4\\\",\\\"clinical_features_6_1\\\":\\\"1\\\",\\\"clinical_features_6_2\\\":\\\"1\\\",\\\"arrhythmia_a\\\":\\\"1\\\",\\\"arrhythmia_b\\\":\\\"1\\\",\\\"sinus_tachycardia\\\":\\\"1\\\",\\\"other_disease_activity_note\\\":\\\"mdaat1\\\",\\\"other_disease_activity_slider\\\":\\\"4\\\",\\\"other_disease_activity_radio\\\":\\\"1\\\",\\\"extra_muscular_global_assessment\\\":\\\"4\\\",\\\"muscle_disease_activity\\\":\\\"4\\\",\\\"myositis_a\\\":\\\"1\\\",\\\"myositis_b\\\":\\\"1\\\",\\\"myositis_c\\\":\\\"1\\\",\\\"myalgia\\\":\\\"1\\\",\\\"global_disease_activity\\\":\\\"4\\\"}}\"', '2025-04-25 13:28:23', '2025-04-25 13:28:23', '2025-04-25 13:28:23'),
(3, 42, 1, '\"{\\\"scores\\\":{\\\"disease_activity_1\\\":\\\"0\\\",\\\"clinical_features_1_1\\\":\\\"1\\\",\\\"clinical_features_1_2\\\":\\\"1\\\",\\\"clinical_features_1_3\\\":\\\"1\\\",\\\"disease_activity_2\\\":\\\"2\\\",\\\"clinical_features_2_1\\\":\\\"0\\\",\\\"clinical_features_2_2\\\":\\\"0\\\",\\\"clinical_features_2_3\\\":\\\"0\\\",\\\"erythematous_rash_a\\\":\\\"0\\\",\\\"erythematous_rash_b\\\":\\\"0\\\",\\\"clinical_features_2_5\\\":\\\"0\\\",\\\"clinical_features_2_6\\\":\\\"0\\\",\\\"clinical_features_2_7\\\":\\\"0\\\",\\\"alopecia_a\\\":\\\"0\\\",\\\"alopecia_b\\\":\\\"0\\\",\\\"mechanics_hand\\\":\\\"0\\\",\\\"disease_activity_3\\\":\\\"4\\\",\\\"polyarthritis_a\\\":\\\"0\\\",\\\"moderately_active_arthritis_b\\\":\\\"0\\\",\\\"milarth_c\\\":\\\"2\\\",\\\"arthralgia\\\":\\\"2\\\",\\\"disease_activity_4\\\":\\\"2\\\",\\\"dysphagia_a\\\":\\\"0\\\",\\\"dysphagia_b\\\":\\\"4\\\",\\\"abdominal_pain_a\\\":\\\"0\\\",\\\"abdominal_pain_b\\\":\\\"0\\\",\\\"abdominal_pain_c\\\":\\\"0\\\",\\\"disease_activity_5\\\":\\\"3\\\",\\\"resp_muscle_weakness_a\\\":\\\"NA\\\",\\\"resp_muscle_weakness_b\\\":\\\"NA\\\",\\\"active_ild_a\\\":\\\"NA\\\",\\\"active_ild_b\\\":\\\"NA\\\",\\\"active_ild_c\\\":\\\"NA\\\",\\\"dysphonia_a\\\":\\\"3\\\",\\\"dysphonia_b\\\":\\\"4\\\",\\\"cardiovascular_disease_activity\\\":\\\"4\\\",\\\"clinical_features_6_1\\\":\\\"4\\\",\\\"clinical_features_6_2\\\":\\\"4\\\",\\\"arrhythmia_a\\\":\\\"0\\\",\\\"arrhythmia_b\\\":\\\"0\\\",\\\"sinus_tachycardia\\\":\\\"0\\\",\\\"other_disease_activity_note\\\":\\\"rty\\\",\\\"other_disease_activity_slider\\\":\\\"5\\\",\\\"other_disease_activity_radio\\\":\\\"0\\\",\\\"extra_muscular_global_assessment\\\":\\\"5\\\",\\\"muscle_disease_activity\\\":\\\"4\\\",\\\"myositis_a\\\":\\\"0\\\",\\\"myositis_b\\\":\\\"0\\\",\\\"myositis_c\\\":\\\"0\\\",\\\"myalgia\\\":\\\"1\\\",\\\"global_disease_activity\\\":\\\"0\\\"}}\"', '2025-04-25 19:23:33', '2025-04-25 19:23:33', '2025-04-25 19:23:33'),
(4, 38, 1, '\"{\\\"scores\\\":{\\\"disease_activity_1\\\":\\\"6\\\",\\\"clinical_features_1_1\\\":\\\"2\\\",\\\"clinical_features_1_2\\\":\\\"4\\\",\\\"clinical_features_1_3\\\":\\\"3\\\",\\\"disease_activity_2\\\":\\\"7\\\",\\\"clinical_features_2_1\\\":\\\"1\\\",\\\"clinical_features_2_2\\\":\\\"3\\\",\\\"clinical_features_2_3\\\":\\\"4\\\",\\\"erythematous_rash_a\\\":\\\"3\\\",\\\"erythematous_rash_b\\\":\\\"3\\\",\\\"clinical_features_2_5\\\":\\\"2\\\",\\\"clinical_features_2_6\\\":\\\"4\\\",\\\"clinical_features_2_7\\\":\\\"4\\\",\\\"alopecia_a\\\":\\\"2\\\",\\\"alopecia_b\\\":\\\"4\\\",\\\"mechanics_hand\\\":\\\"2\\\",\\\"disease_activity_3\\\":\\\"6\\\",\\\"polyarthritis_a\\\":\\\"3\\\",\\\"moderately_active_arthritis_b\\\":\\\"4\\\",\\\"milarth_c\\\":\\\"2\\\",\\\"arthralgia\\\":\\\"4\\\",\\\"disease_activity_4\\\":\\\"7\\\",\\\"dysphagia_a\\\":\\\"2\\\",\\\"dysphagia_b\\\":\\\"4\\\",\\\"abdominal_pain_a\\\":\\\"2\\\",\\\"abdominal_pain_b\\\":\\\"4\\\",\\\"abdominal_pain_c\\\":\\\"3\\\",\\\"disease_activity_5\\\":\\\"6\\\",\\\"resp_muscle_weakness_a\\\":\\\"2\\\",\\\"resp_muscle_weakness_b\\\":\\\"4\\\",\\\"active_ild_a\\\":\\\"1\\\",\\\"active_ild_b\\\":\\\"3\\\",\\\"active_ild_c\\\":\\\"2\\\",\\\"dysphonia_a\\\":\\\"4\\\",\\\"dysphonia_b\\\":\\\"2\\\",\\\"cardiovascular_disease_activity\\\":\\\"6\\\",\\\"clinical_features_6_1\\\":\\\"4\\\",\\\"clinical_features_6_2\\\":\\\"2\\\",\\\"arrhythmia_a\\\":\\\"4\\\",\\\"arrhythmia_b\\\":\\\"2\\\",\\\"sinus_tachycardia\\\":\\\"4\\\",\\\"other_disease_activity_note\\\":\\\"Disease\\\",\\\"other_disease_activity_slider\\\":\\\"6\\\",\\\"other_disease_activity_radio\\\":\\\"2\\\",\\\"extra_muscular_global_assessment\\\":\\\"8\\\",\\\"muscle_disease_activity\\\":\\\"6\\\",\\\"myositis_a\\\":\\\"4\\\",\\\"myositis_b\\\":\\\"2\\\",\\\"myositis_c\\\":\\\"4\\\",\\\"myalgia\\\":\\\"3\\\",\\\"global_disease_activity\\\":\\\"6\\\"}}\"', '2025-04-25 19:50:57', '2025-04-25 19:50:57', '2025-04-25 19:50:57'),
(5, 3, 2, '\"{\\\"scores\\\":{\\\"disease_activity_1\\\":\\\"6\\\",\\\"clinical_features_1_1\\\":\\\"2\\\",\\\"clinical_features_1_2\\\":\\\"2\\\",\\\"clinical_features_1_3\\\":\\\"2\\\",\\\"disease_activity_2\\\":\\\"8\\\",\\\"clinical_features_2_1\\\":\\\"2\\\",\\\"clinical_features_2_2\\\":\\\"2\\\",\\\"clinical_features_2_3\\\":\\\"2\\\",\\\"erythematous_rash_a\\\":\\\"2\\\",\\\"erythematous_rash_b\\\":\\\"2\\\",\\\"clinical_features_2_5\\\":\\\"2\\\",\\\"clinical_features_2_6\\\":\\\"2\\\",\\\"clinical_features_2_7\\\":\\\"2\\\",\\\"alopecia_a\\\":\\\"2\\\",\\\"alopecia_b\\\":\\\"2\\\",\\\"mechanics_hand\\\":\\\"2\\\",\\\"disease_activity_3\\\":\\\"10\\\",\\\"polyarthritis_a\\\":\\\"2\\\",\\\"moderately_active_arthritis_b\\\":\\\"2\\\",\\\"milarth_c\\\":\\\"2\\\",\\\"arthralgia\\\":\\\"2\\\",\\\"disease_activity_4\\\":\\\"10\\\",\\\"dysphagia_a\\\":\\\"2\\\",\\\"dysphagia_b\\\":\\\"2\\\",\\\"abdominal_pain_a\\\":\\\"2\\\",\\\"abdominal_pain_b\\\":\\\"2\\\",\\\"abdominal_pain_c\\\":\\\"2\\\",\\\"disease_activity_5\\\":\\\"10\\\",\\\"resp_muscle_weakness_a\\\":\\\"2\\\",\\\"resp_muscle_weakness_b\\\":\\\"2\\\",\\\"active_ild_a\\\":\\\"2\\\",\\\"active_ild_b\\\":\\\"2\\\",\\\"active_ild_c\\\":\\\"2\\\",\\\"dysphonia_a\\\":\\\"2\\\",\\\"dysphonia_b\\\":\\\"2\\\",\\\"cardiovascular_disease_activity\\\":\\\"10\\\",\\\"clinical_features_6_1\\\":\\\"2\\\",\\\"clinical_features_6_2\\\":\\\"2\\\",\\\"arrhythmia_a\\\":\\\"2\\\",\\\"arrhythmia_b\\\":\\\"2\\\",\\\"sinus_tachycardia\\\":\\\"2\\\",\\\"other_disease_activity_note\\\":\\\"mdaat\\\",\\\"other_disease_activity_slider\\\":\\\"10\\\",\\\"other_disease_activity_radio\\\":\\\"2\\\",\\\"extra_muscular_global_assessment\\\":\\\"10\\\",\\\"muscle_disease_activity\\\":\\\"10\\\",\\\"myositis_a\\\":\\\"2\\\",\\\"myositis_b\\\":\\\"2\\\",\\\"myositis_c\\\":\\\"2\\\",\\\"myalgia\\\":\\\"2\\\",\\\"global_disease_activity\\\":\\\"10\\\"}}\"', '2025-04-26 12:19:20', '2025-04-26 12:19:20', '2025-04-26 12:19:20');

-- --------------------------------------------------------

--
-- Table structure for table `form2_mmt8_data`
--

CREATE TABLE `form2_mmt8_data` (
  `id` bigint(20) UNSIGNED NOT NULL,
  `user_id` bigint(20) UNSIGNED NOT NULL,
  `case_id` bigint(20) UNSIGNED NOT NULL,
  `form_data` longtext CHARACTER SET utf8mb4 COLLATE utf8mb4_bin NOT NULL CHECK (json_valid(`form_data`)),
  `submitted_at` timestamp NULL DEFAULT NULL,
  `created_at` timestamp NULL DEFAULT NULL,
  `updated_at` timestamp NULL DEFAULT NULL
) ENGINE=InnoDB DEFAULT CHARSET=utf8mb4 COLLATE=utf8mb4_unicode_ci;

--
-- Dumping data for table `form2_mmt8_data`
--

INSERT INTO `form2_mmt8_data` (`id`, `user_id`, `case_id`, `form_data`, `submitted_at`, `created_at`, `updated_at`) VALUES
(1, 33, 1, '\"{\\\"scores\\\":{\\\"neck_flexor_axial\\\":\\\"1\\\",\\\"deltoid_right\\\":\\\"1\\\",\\\"deltoid_left\\\":\\\"1\\\",\\\"biceps_right\\\":\\\"1\\\",\\\"biceps_left\\\":\\\"1\\\",\\\"quadriceps_right\\\":\\\"1\\\",\\\"quadriceps_left\\\":\\\"1\\\",\\\"gluteus_medius_right\\\":\\\"1\\\",\\\"gluteus_medius_left\\\":\\\"1\\\",\\\"gluteus_maximus_right\\\":\\\"1\\\",\\\"gluteus_maximus_left\\\":\\\"1\\\",\\\"wrist_extensor_right\\\":\\\"1\\\",\\\"wrist_extensor_left\\\":\\\"1\\\",\\\"ankle_dorsiflexion_right\\\":\\\"1\\\",\\\"ankle_dorsiflexion_left\\\":\\\"1\\\",\\\"total_scoring_value\\\":\\\"15\\\",\\\"max_scoring_right\\\":\\\"70\\\",\\\"max_scoring_left\\\":\\\"70\\\",\\\"max_scoring_axial\\\":\\\"10\\\",\\\"maximum_score\\\":\\\"150\\\",\\\"total_individual_right\\\":\\\"7\\\",\\\"total_individual_left\\\":\\\"7\\\",\\\"total_individual_axial\\\":\\\"1\\\"}}\"', '2025-04-25 13:28:23', '2025-04-25 13:28:23', '2025-04-25 13:28:23'),
(3, 42, 1, '\"{\\\"scores\\\":{\\\"neck_flexor_axial\\\":\\\"5\\\",\\\"deltoid_right\\\":\\\"1\\\",\\\"deltoid_left\\\":\\\"1\\\",\\\"biceps_right\\\":\\\"1\\\",\\\"biceps_left\\\":\\\"1\\\",\\\"quadriceps_right\\\":\\\"1\\\",\\\"quadriceps_left\\\":\\\"1\\\",\\\"gluteus_medius_right\\\":\\\"1\\\",\\\"gluteus_medius_left\\\":\\\"0\\\",\\\"gluteus_maximus_right\\\":\\\"1\\\",\\\"gluteus_maximus_left\\\":\\\"1\\\",\\\"wrist_extensor_right\\\":\\\"2\\\",\\\"wrist_extensor_left\\\":\\\"2\\\",\\\"ankle_dorsiflexion_right\\\":\\\"1\\\",\\\"ankle_dorsiflexion_left\\\":\\\"2\\\",\\\"total_scoring_value\\\":\\\"21\\\",\\\"max_scoring_right\\\":\\\"70\\\",\\\"max_scoring_left\\\":\\\"70\\\",\\\"max_scoring_axial\\\":\\\"10\\\",\\\"maximum_score\\\":\\\"150\\\",\\\"total_individual_right\\\":\\\"8\\\",\\\"total_individual_left\\\":\\\"8\\\",\\\"total_individual_axial\\\":\\\"5\\\"}}\"', '2025-04-25 19:23:33', '2025-04-25 19:23:33', '2025-04-25 19:23:33'),
(4, 38, 1, '\"{\\\"scores\\\":{\\\"neck_flexor_axial\\\":\\\"3\\\",\\\"deltoid_right\\\":\\\"2\\\",\\\"deltoid_left\\\":\\\"3\\\",\\\"biceps_right\\\":\\\"6\\\",\\\"biceps_left\\\":\\\"1\\\",\\\"quadriceps_right\\\":\\\"NA\\\",\\\"quadriceps_left\\\":\\\"0\\\",\\\"gluteus_medius_right\\\":\\\"8\\\",\\\"gluteus_medius_left\\\":\\\"6\\\",\\\"gluteus_maximus_right\\\":\\\"6\\\",\\\"gluteus_maximus_left\\\":\\\"7\\\",\\\"wrist_extensor_right\\\":\\\"4\\\",\\\"wrist_extensor_left\\\":\\\"5\\\",\\\"ankle_dorsiflexion_right\\\":\\\"1\\\",\\\"ankle_dorsiflexion_left\\\":\\\"4\\\",\\\"total_scoring_value\\\":\\\"56\\\",\\\"max_scoring_right\\\":\\\"60\\\",\\\"max_scoring_left\\\":\\\"70\\\",\\\"max_scoring_axial\\\":\\\"10\\\",\\\"maximum_score\\\":\\\"140\\\",\\\"total_individual_right\\\":\\\"27\\\",\\\"total_individual_left\\\":\\\"26\\\",\\\"total_individual_axial\\\":\\\"3\\\"}}\"', '2025-04-25 19:50:57', '2025-04-25 19:50:57', '2025-04-25 19:50:57'),
(5, 3, 2, '\"{\\\"scores\\\":{\\\"neck_flexor_axial\\\":\\\"2\\\",\\\"deltoid_right\\\":\\\"2\\\",\\\"deltoid_left\\\":\\\"2\\\",\\\"biceps_right\\\":\\\"2\\\",\\\"biceps_left\\\":\\\"2\\\",\\\"quadriceps_right\\\":\\\"2\\\",\\\"quadriceps_left\\\":\\\"2\\\",\\\"gluteus_medius_right\\\":\\\"2\\\",\\\"gluteus_medius_left\\\":\\\"2\\\",\\\"gluteus_maximus_right\\\":\\\"2\\\",\\\"gluteus_maximus_left\\\":\\\"2\\\",\\\"wrist_extensor_right\\\":\\\"2\\\",\\\"wrist_extensor_left\\\":\\\"2\\\",\\\"ankle_dorsiflexion_right\\\":\\\"2\\\",\\\"ankle_dorsiflexion_left\\\":\\\"2\\\",\\\"total_scoring_value\\\":\\\"30\\\",\\\"max_scoring_right\\\":\\\"70\\\",\\\"max_scoring_left\\\":\\\"70\\\",\\\"max_scoring_axial\\\":\\\"10\\\",\\\"maximum_score\\\":\\\"150\\\",\\\"total_individual_right\\\":\\\"14\\\",\\\"total_individual_left\\\":\\\"14\\\",\\\"total_individual_axial\\\":\\\"2\\\"}}\"', '2025-04-26 12:19:20', '2025-04-26 12:19:20', '2025-04-26 12:19:20');

-- --------------------------------------------------------

--
-- Table structure for table `form3_cdasi_data`
--

CREATE TABLE `form3_cdasi_data` (
  `id` bigint(20) UNSIGNED NOT NULL,
  `user_id` bigint(20) UNSIGNED NOT NULL,
  `case_id` bigint(20) UNSIGNED NOT NULL,
  `form_data` longtext CHARACTER SET utf8mb4 COLLATE utf8mb4_bin NOT NULL CHECK (json_valid(`form_data`)),
  `submitted_at` timestamp NULL DEFAULT NULL,
  `created_at` timestamp NULL DEFAULT NULL,
  `updated_at` timestamp NULL DEFAULT NULL
) ENGINE=InnoDB DEFAULT CHARSET=utf8mb4 COLLATE=utf8mb4_unicode_ci;

--
-- Dumping data for table `form3_cdasi_data`
--

INSERT INTO `form3_cdasi_data` (`id`, `user_id`, `case_id`, `form_data`, `submitted_at`, `created_at`, `updated_at`) VALUES
(1, 33, 1, '\"{\\\"scores\\\":{\\\"activity-radio1\\\":\\\"1\\\",\\\"activity-radio2\\\":\\\"1\\\",\\\"activity-radio3\\\":\\\"1\\\",\\\"activity-radio4\\\":\\\"1\\\",\\\"malar_middle_initia_cdasi\\\":\\\"1\\\",\\\"malar_right_initia_cdasi\\\":\\\"1\\\",\\\"Periorbital_left_initia_cdasi\\\":\\\"1\\\",\\\"Periorbital_middle_initia_cdasi\\\":\\\"1\\\",\\\"Periorbital_right_initia_cdasi\\\":\\\"1\\\",\\\"restofface_left_initia_cdasi\\\":\\\"1\\\",\\\"restofface_middle_initia_cdasi\\\":\\\"1\\\",\\\"restofface_right_initia_cdasi\\\":\\\"1\\\",\\\"vareaneck_left_initia_cdasi\\\":\\\"1\\\",\\\"vareaneck_middle_initia_cdasi\\\":\\\"1\\\",\\\"vareaneck_right_initia_cdasi\\\":\\\"1\\\",\\\"posterior_left_initia_cdasi\\\":\\\"1\\\",\\\"posterior_middle_initia_cdasi\\\":\\\"1\\\",\\\"posterior_right_initia_cdasi\\\":\\\"1\\\",\\\"upperbackshoulder_left_initia_cdasi\\\":\\\"1\\\",\\\"upperbackshoulder_middle_initia_cdasi\\\":\\\"1\\\",\\\"upperbackshoulder_right_initia_cdasi\\\":\\\"1\\\",\\\"restofbackbuttocks_left_initia_cdasi\\\":\\\"1\\\",\\\"restofbackbuttocks_middle_initia_cdasi\\\":\\\"1\\\",\\\"restofbackbuttocks_ritgh_initia_cdasi\\\":\\\"1\\\",\\\"abdomen_left_initia_cdasi\\\":\\\"1\\\",\\\"abdomen_middle_initia_cdasi\\\":\\\"1\\\",\\\"abdomen_right_initia_cdasi\\\":\\\"1\\\",\\\"lateralupperthigh_left_initia_cdasi\\\":\\\"1\\\",\\\"lateralupperthigh_middle_initia_cdasi\\\":\\\"1\\\",\\\"lateralupperthigh_right_initia_cdasi\\\":\\\"1\\\",\\\"restoflegfeet_left_initia_cdasi\\\":\\\"1\\\",\\\"restoflegfeet_middle_initia_cdasi\\\":\\\"1\\\",\\\"restoflegfeet_right_initia_cdasi\\\":\\\"1\\\",\\\"arm_left_initia_cdasi\\\":\\\"1\\\",\\\"arm_middle_initia_cdasi\\\":\\\"1\\\",\\\"arm_right_initia_cdasi\\\":\\\"1\\\",\\\"mechanichand_left_initia_cdasi\\\":\\\"1\\\",\\\"mechanichand_middle_initia_cdasi\\\":\\\"1\\\",\\\"mechanichand_right_initia_cdasi\\\":\\\"1\\\",\\\"dorsumofhands_left_initia_cdasi\\\":\\\"1\\\",\\\"dorsumofhands_middle_initia_cdasi\\\":\\\"1\\\",\\\"dorsumofhands_right_initia_cdasi\\\":\\\"1\\\",\\\"gottronNotonHands_left_initia_cdasi\\\":\\\"1\\\",\\\"gottronNotonHands_middle_initia_cdasi\\\":\\\"1\\\",\\\"gottronNotonHands_right_initia_cdasi\\\":\\\"1\\\"}}\"', '2025-04-25 13:28:23', '2025-04-25 13:28:23', '2025-04-25 13:28:23'),
(3, 42, 1, '\"{\\\"scores\\\":{\\\"activity-radio1\\\":\\\"3\\\",\\\"activity-radio2\\\":\\\"2\\\",\\\"activity-radio3\\\":\\\"1\\\",\\\"activity-radio4\\\":\\\"0\\\",\\\"malar_middle_initia_cdasi\\\":\\\"1\\\",\\\"malar_right_initia_cdasi\\\":\\\"0\\\",\\\"Periorbital_left_initia_cdasi\\\":\\\"3\\\",\\\"Periorbital_middle_initia_cdasi\\\":\\\"2\\\",\\\"Periorbital_right_initia_cdasi\\\":\\\"0\\\",\\\"restofface_left_initia_cdasi\\\":\\\"2\\\",\\\"restofface_middle_initia_cdasi\\\":\\\"0\\\",\\\"restofface_right_initia_cdasi\\\":\\\"0\\\",\\\"vareaneck_left_initia_cdasi\\\":\\\"0\\\",\\\"vareaneck_middle_initia_cdasi\\\":\\\"0\\\",\\\"vareaneck_right_initia_cdasi\\\":\\\"0\\\",\\\"posterior_left_initia_cdasi\\\":\\\"0\\\",\\\"posterior_middle_initia_cdasi\\\":\\\"0\\\",\\\"posterior_right_initia_cdasi\\\":\\\"0\\\",\\\"upperbackshoulder_left_initia_cdasi\\\":\\\"3\\\",\\\"upperbackshoulder_middle_initia_cdasi\\\":\\\"0\\\",\\\"upperbackshoulder_right_initia_cdasi\\\":\\\"0\\\",\\\"restofbackbuttocks_left_initia_cdasi\\\":\\\"3\\\",\\\"restofbackbuttocks_middle_initia_cdasi\\\":\\\"1\\\",\\\"restofbackbuttocks_ritgh_initia_cdasi\\\":\\\"0\\\",\\\"abdomen_left_initia_cdasi\\\":\\\"3\\\",\\\"abdomen_middle_initia_cdasi\\\":\\\"1\\\",\\\"abdomen_right_initia_cdasi\\\":\\\"0\\\",\\\"lateralupperthigh_left_initia_cdasi\\\":\\\"3\\\",\\\"lateralupperthigh_middle_initia_cdasi\\\":\\\"1\\\",\\\"lateralupperthigh_right_initia_cdasi\\\":\\\"0\\\",\\\"restoflegfeet_left_initia_cdasi\\\":\\\"1\\\",\\\"restoflegfeet_middle_initia_cdasi\\\":\\\"1\\\",\\\"restoflegfeet_right_initia_cdasi\\\":\\\"0\\\",\\\"arm_left_initia_cdasi\\\":\\\"1\\\",\\\"arm_middle_initia_cdasi\\\":\\\"1\\\",\\\"arm_right_initia_cdasi\\\":\\\"0\\\",\\\"mechanichand_left_initia_cdasi\\\":\\\"1\\\",\\\"mechanichand_middle_initia_cdasi\\\":\\\"1\\\",\\\"mechanichand_right_initia_cdasi\\\":\\\"0\\\",\\\"dorsumofhands_left_initia_cdasi\\\":\\\"1\\\",\\\"dorsumofhands_middle_initia_cdasi\\\":\\\"1\\\",\\\"dorsumofhands_right_initia_cdasi\\\":\\\"0\\\",\\\"gottronNotonHands_left_initia_cdasi\\\":\\\"1\\\",\\\"gottronNotonHands_middle_initia_cdasi\\\":\\\"1\\\",\\\"gottronNotonHands_right_initia_cdasi\\\":\\\"0\\\"}}\"', '2025-04-25 19:23:33', '2025-04-25 19:23:33', '2025-04-25 19:23:33'),
(4, 38, 1, '\"{\\\"scores\\\":{\\\"activity-radio1\\\":\\\"2\\\",\\\"activity-radio2\\\":\\\"1\\\",\\\"activity-radio3\\\":\\\"0\\\",\\\"activity-radio4\\\":\\\"0\\\",\\\"malar_middle_initia_cdasi\\\":\\\"1\\\",\\\"malar_right_initia_cdasi\\\":\\\"1\\\",\\\"Periorbital_left_initia_cdasi\\\":\\\"2\\\",\\\"Periorbital_middle_initia_cdasi\\\":\\\"1\\\",\\\"Periorbital_right_initia_cdasi\\\":\\\"1\\\",\\\"restofface_left_initia_cdasi\\\":\\\"3\\\",\\\"restofface_middle_initia_cdasi\\\":\\\"1\\\",\\\"restofface_right_initia_cdasi\\\":\\\"1\\\",\\\"vareaneck_left_initia_cdasi\\\":\\\"2\\\",\\\"vareaneck_middle_initia_cdasi\\\":\\\"1\\\",\\\"vareaneck_right_initia_cdasi\\\":\\\"1\\\",\\\"posterior_left_initia_cdasi\\\":\\\"1\\\",\\\"posterior_middle_initia_cdasi\\\":\\\"1\\\",\\\"posterior_right_initia_cdasi\\\":\\\"1\\\",\\\"upperbackshoulder_left_initia_cdasi\\\":\\\"0\\\",\\\"upperbackshoulder_middle_initia_cdasi\\\":\\\"1\\\",\\\"upperbackshoulder_right_initia_cdasi\\\":\\\"1\\\",\\\"restofbackbuttocks_left_initia_cdasi\\\":\\\"1\\\",\\\"restofbackbuttocks_middle_initia_cdasi\\\":\\\"1\\\",\\\"restofbackbuttocks_ritgh_initia_cdasi\\\":\\\"1\\\",\\\"abdomen_left_initia_cdasi\\\":\\\"2\\\",\\\"abdomen_middle_initia_cdasi\\\":\\\"1\\\",\\\"abdomen_right_initia_cdasi\\\":\\\"1\\\",\\\"lateralupperthigh_left_initia_cdasi\\\":\\\"2\\\",\\\"lateralupperthigh_middle_initia_cdasi\\\":\\\"2\\\",\\\"lateralupperthigh_right_initia_cdasi\\\":\\\"1\\\",\\\"restoflegfeet_left_initia_cdasi\\\":\\\"1\\\",\\\"restoflegfeet_middle_initia_cdasi\\\":\\\"1\\\",\\\"restoflegfeet_right_initia_cdasi\\\":\\\"1\\\",\\\"arm_left_initia_cdasi\\\":\\\"1\\\",\\\"arm_middle_initia_cdasi\\\":\\\"1\\\",\\\"arm_right_initia_cdasi\\\":\\\"1\\\",\\\"mechanichand_left_initia_cdasi\\\":\\\"1\\\",\\\"mechanichand_middle_initia_cdasi\\\":\\\"1\\\",\\\"mechanichand_right_initia_cdasi\\\":\\\"1\\\",\\\"dorsumofhands_left_initia_cdasi\\\":\\\"2\\\",\\\"dorsumofhands_middle_initia_cdasi\\\":\\\"2\\\",\\\"dorsumofhands_right_initia_cdasi\\\":\\\"1\\\",\\\"gottronNotonHands_left_initia_cdasi\\\":\\\"2\\\",\\\"gottronNotonHands_middle_initia_cdasi\\\":\\\"1\\\",\\\"gottronNotonHands_right_initia_cdasi\\\":\\\"1\\\"}}\"', '2025-04-25 19:50:57', '2025-04-25 19:50:57', '2025-04-25 19:50:57'),
(5, 3, 2, '\"{\\\"scores\\\":{\\\"activity-radio1\\\":\\\"2\\\",\\\"activity-radio2\\\":\\\"2\\\",\\\"activity-radio3\\\":\\\"1\\\",\\\"activity-radio4\\\":\\\"2\\\",\\\"malar_middle_initia_cdasi\\\":\\\"2\\\",\\\"malar_right_initia_cdasi\\\":\\\"1\\\",\\\"Periorbital_left_initia_cdasi\\\":\\\"2\\\",\\\"Periorbital_middle_initia_cdasi\\\":\\\"2\\\",\\\"Periorbital_right_initia_cdasi\\\":\\\"1\\\",\\\"restofface_left_initia_cdasi\\\":\\\"2\\\",\\\"restofface_middle_initia_cdasi\\\":\\\"2\\\",\\\"restofface_right_initia_cdasi\\\":\\\"1\\\",\\\"vareaneck_left_initia_cdasi\\\":\\\"2\\\",\\\"vareaneck_middle_initia_cdasi\\\":\\\"2\\\",\\\"vareaneck_right_initia_cdasi\\\":\\\"1\\\",\\\"posterior_left_initia_cdasi\\\":\\\"2\\\",\\\"posterior_middle_initia_cdasi\\\":\\\"2\\\",\\\"posterior_right_initia_cdasi\\\":\\\"1\\\",\\\"upperbackshoulder_left_initia_cdasi\\\":\\\"2\\\",\\\"upperbackshoulder_middle_initia_cdasi\\\":\\\"2\\\",\\\"upperbackshoulder_right_initia_cdasi\\\":\\\"1\\\",\\\"restofbackbuttocks_left_initia_cdasi\\\":\\\"2\\\",\\\"restofbackbuttocks_middle_initia_cdasi\\\":\\\"2\\\",\\\"restofbackbuttocks_ritgh_initia_cdasi\\\":\\\"1\\\",\\\"abdomen_left_initia_cdasi\\\":\\\"2\\\",\\\"abdomen_middle_initia_cdasi\\\":\\\"2\\\",\\\"abdomen_right_initia_cdasi\\\":\\\"1\\\",\\\"lateralupperthigh_left_initia_cdasi\\\":\\\"2\\\",\\\"lateralupperthigh_middle_initia_cdasi\\\":\\\"2\\\",\\\"lateralupperthigh_right_initia_cdasi\\\":\\\"1\\\",\\\"restoflegfeet_left_initia_cdasi\\\":\\\"2\\\",\\\"restoflegfeet_middle_initia_cdasi\\\":\\\"2\\\",\\\"restoflegfeet_right_initia_cdasi\\\":\\\"1\\\",\\\"arm_left_initia_cdasi\\\":\\\"2\\\",\\\"arm_middle_initia_cdasi\\\":\\\"2\\\",\\\"arm_right_initia_cdasi\\\":\\\"1\\\",\\\"mechanichand_left_initia_cdasi\\\":\\\"2\\\",\\\"mechanichand_middle_initia_cdasi\\\":\\\"2\\\",\\\"mechanichand_right_initia_cdasi\\\":\\\"1\\\",\\\"dorsumofhands_left_initia_cdasi\\\":\\\"2\\\",\\\"dorsumofhands_middle_initia_cdasi\\\":\\\"2\\\",\\\"dorsumofhands_right_initia_cdasi\\\":\\\"1\\\",\\\"gottronNotonHands_left_initia_cdasi\\\":\\\"2\\\",\\\"gottronNotonHands_middle_initia_cdasi\\\":\\\"2\\\",\\\"gottronNotonHands_right_initia_cdasi\\\":\\\"1\\\"}}\"', '2025-04-26 12:19:20', '2025-04-26 12:19:20', '2025-04-26 12:19:20');

-- --------------------------------------------------------

--
-- Table structure for table `form4_cdasi_damage_data`
--

CREATE TABLE `form4_cdasi_damage_data` (
  `id` bigint(20) UNSIGNED NOT NULL,
  `user_id` bigint(20) UNSIGNED NOT NULL,
  `case_id` bigint(20) UNSIGNED NOT NULL,
  `form_data` longtext CHARACTER SET utf8mb4 COLLATE utf8mb4_bin NOT NULL CHECK (json_valid(`form_data`)),
  `submitted_at` timestamp NULL DEFAULT NULL,
  `created_at` timestamp NULL DEFAULT NULL,
  `updated_at` timestamp NULL DEFAULT NULL
) ENGINE=InnoDB DEFAULT CHARSET=utf8mb4 COLLATE=utf8mb4_unicode_ci;

--
-- Dumping data for table `form4_cdasi_damage_data`
--

INSERT INTO `form4_cdasi_damage_data` (`id`, `user_id`, `case_id`, `form_data`, `submitted_at`, `created_at`, `updated_at`) VALUES
(1, 33, 1, '\"{\\\"scores\\\":{\\\"cdasi_damange_scalp_1\\\":\\\"1\\\",\\\"cdasi_damange_scalp_2\\\":\\\"1\\\",\\\"cdasi_damange_malar_area_1\\\":\\\"1\\\",\\\"cdasi_damange_malar_area_2\\\":\\\"1\\\",\\\"cdasi_damange_Periorbital_1\\\":\\\"1\\\",\\\"cdasi_damange_Periorbital_2\\\":\\\"1\\\",\\\"cdasi_damange_Rest_of_the_face_1\\\":\\\"1\\\",\\\"cdasi_damange_Rest_of_the_face_2\\\":\\\"1\\\",\\\"cdasi_damange_v_area_neck_1\\\":\\\"1\\\",\\\"cdasi_damange_v_area_neck_2\\\":\\\"1\\\",\\\"cdasi_damange_posterior_neck_1\\\":\\\"1\\\",\\\"cdasi_damange_posterior_neck_2\\\":\\\"1\\\",\\\"cdasi_damange_upper_back_shoulders_1\\\":\\\"1\\\",\\\"cdasi_damange_upper_back_shoulders_2\\\":\\\"1\\\",\\\"cdasi_damange_Rest_of_back_shoulder_1\\\":\\\"1\\\",\\\"cdasi_damange_Rest_of_back_shoulder_2\\\":\\\"1\\\",\\\"cdasi_damange_Abdomen_1\\\":\\\"1\\\",\\\"cdasi_damange_Abdomen_2\\\":\\\"1\\\",\\\"cdasi_damange_Lateral_upper_thigh_1\\\":\\\"1\\\",\\\"cdasi_damange_Lateral_upper_thigh_2\\\":\\\"1\\\",\\\"cdasi_damange_Rest_of_leg_and_feet_1\\\":\\\"1\\\",\\\"cdasi_damange_Rest_of_leg_and_feet_2\\\":\\\"1\\\",\\\"cdasi_damange_Arm_1\\\":\\\"1\\\",\\\"cdasi_damange_Arm_2\\\":\\\"1\\\",\\\"cdasi_damange_Mechanic_hand_1\\\":\\\"1\\\",\\\"cdasi_damange_Mechanic_hand_2\\\":\\\"1\\\",\\\"cdasi_damange_Dorums_of_hands_1\\\":\\\"1\\\",\\\"cdasi_damange_Dorums_of_hands_2\\\":\\\"1\\\",\\\"cdasi_damange_Gottrons_not_on_hand_1\\\":\\\"1\\\",\\\"cdasi_damange_Gottrons_not_on_hand_2\\\":\\\"1\\\"}}\"', '2025-04-25 13:28:23', '2025-04-25 13:28:23', '2025-04-25 13:28:23'),
(3, 42, 1, '\"{\\\"scores\\\":{\\\"cdasi_damange_scalp_1\\\":\\\"1\\\",\\\"cdasi_damange_scalp_2\\\":\\\"1\\\",\\\"cdasi_damange_malar_area_1\\\":\\\"1\\\",\\\"cdasi_damange_malar_area_2\\\":\\\"0\\\",\\\"cdasi_damange_Periorbital_1\\\":\\\"1\\\",\\\"cdasi_damange_Periorbital_2\\\":\\\"1\\\",\\\"cdasi_damange_Rest_of_the_face_1\\\":\\\"1\\\",\\\"cdasi_damange_Rest_of_the_face_2\\\":\\\"1\\\",\\\"cdasi_damange_v_area_neck_1\\\":\\\"1\\\",\\\"cdasi_damange_v_area_neck_2\\\":\\\"1\\\",\\\"cdasi_damange_posterior_neck_1\\\":\\\"1\\\",\\\"cdasi_damange_posterior_neck_2\\\":\\\"0\\\",\\\"cdasi_damange_upper_back_shoulders_1\\\":\\\"0\\\",\\\"cdasi_damange_upper_back_shoulders_2\\\":\\\"0\\\",\\\"cdasi_damange_Rest_of_back_shoulder_1\\\":\\\"1\\\",\\\"cdasi_damange_Rest_of_back_shoulder_2\\\":\\\"1\\\",\\\"cdasi_damange_Abdomen_1\\\":\\\"1\\\",\\\"cdasi_damange_Abdomen_2\\\":\\\"0\\\",\\\"cdasi_damange_Lateral_upper_thigh_1\\\":\\\"1\\\",\\\"cdasi_damange_Lateral_upper_thigh_2\\\":\\\"1\\\",\\\"cdasi_damange_Rest_of_leg_and_feet_1\\\":\\\"1\\\",\\\"cdasi_damange_Rest_of_leg_and_feet_2\\\":\\\"1\\\",\\\"cdasi_damange_Arm_1\\\":\\\"0\\\",\\\"cdasi_damange_Arm_2\\\":\\\"1\\\",\\\"cdasi_damange_Mechanic_hand_1\\\":\\\"1\\\",\\\"cdasi_damange_Mechanic_hand_2\\\":\\\"0\\\",\\\"cdasi_damange_Dorums_of_hands_1\\\":\\\"0\\\",\\\"cdasi_damange_Dorums_of_hands_2\\\":\\\"1\\\",\\\"cdasi_damange_Gottrons_not_on_hand_1\\\":\\\"1\\\",\\\"cdasi_damange_Gottrons_not_on_hand_2\\\":\\\"0\\\"}}\"', '2025-04-25 19:23:33', '2025-04-25 19:23:33', '2025-04-25 19:23:33'),
(4, 38, 1, '\"{\\\"scores\\\":{\\\"cdasi_damange_scalp_1\\\":\\\"1\\\",\\\"cdasi_damange_scalp_2\\\":\\\"1\\\",\\\"cdasi_damange_malar_area_1\\\":\\\"1\\\",\\\"cdasi_damange_malar_area_2\\\":\\\"0\\\",\\\"cdasi_damange_Periorbital_1\\\":\\\"1\\\",\\\"cdasi_damange_Periorbital_2\\\":\\\"1\\\",\\\"cdasi_damange_Rest_of_the_face_1\\\":\\\"1\\\",\\\"cdasi_damange_Rest_of_the_face_2\\\":\\\"1\\\",\\\"cdasi_damange_v_area_neck_1\\\":\\\"1\\\",\\\"cdasi_damange_v_area_neck_2\\\":\\\"0\\\",\\\"cdasi_damange_posterior_neck_1\\\":\\\"1\\\",\\\"cdasi_damange_posterior_neck_2\\\":\\\"1\\\",\\\"cdasi_damange_upper_back_shoulders_1\\\":\\\"1\\\",\\\"cdasi_damange_upper_back_shoulders_2\\\":\\\"0\\\",\\\"cdasi_damange_Rest_of_back_shoulder_1\\\":\\\"1\\\",\\\"cdasi_damange_Rest_of_back_shoulder_2\\\":\\\"0\\\",\\\"cdasi_damange_Abdomen_1\\\":\\\"0\\\",\\\"cdasi_damange_Abdomen_2\\\":\\\"1\\\",\\\"cdasi_damange_Lateral_upper_thigh_1\\\":\\\"0\\\",\\\"cdasi_damange_Lateral_upper_thigh_2\\\":\\\"0\\\",\\\"cdasi_damange_Rest_of_leg_and_feet_1\\\":\\\"1\\\",\\\"cdasi_damange_Rest_of_leg_and_feet_2\\\":\\\"1\\\",\\\"cdasi_damange_Arm_1\\\":\\\"0\\\",\\\"cdasi_damange_Arm_2\\\":\\\"0\\\",\\\"cdasi_damange_Mechanic_hand_1\\\":\\\"1\\\",\\\"cdasi_damange_Mechanic_hand_2\\\":\\\"1\\\",\\\"cdasi_damange_Dorums_of_hands_1\\\":\\\"0\\\",\\\"cdasi_damange_Dorums_of_hands_2\\\":\\\"1\\\",\\\"cdasi_damange_Gottrons_not_on_hand_1\\\":\\\"0\\\",\\\"cdasi_damange_Gottrons_not_on_hand_2\\\":\\\"1\\\"}}\"', '2025-04-25 19:50:57', '2025-04-25 19:50:57', '2025-04-25 19:50:57'),
(5, 3, 2, '\"{\\\"scores\\\":{\\\"cdasi_damange_scalp_1\\\":\\\"1\\\",\\\"cdasi_damange_scalp_2\\\":\\\"1\\\",\\\"cdasi_damange_malar_area_1\\\":\\\"1\\\",\\\"cdasi_damange_malar_area_2\\\":\\\"1\\\",\\\"cdasi_damange_Periorbital_1\\\":\\\"1\\\",\\\"cdasi_damange_Periorbital_2\\\":\\\"1\\\",\\\"cdasi_damange_Rest_of_the_face_1\\\":\\\"1\\\",\\\"cdasi_damange_Rest_of_the_face_2\\\":\\\"1\\\",\\\"cdasi_damange_v_area_neck_1\\\":\\\"1\\\",\\\"cdasi_damange_v_area_neck_2\\\":\\\"1\\\",\\\"cdasi_damange_posterior_neck_1\\\":\\\"1\\\",\\\"cdasi_damange_posterior_neck_2\\\":\\\"1\\\",\\\"cdasi_damange_upper_back_shoulders_1\\\":\\\"1\\\",\\\"cdasi_damange_upper_back_shoulders_2\\\":\\\"1\\\",\\\"cdasi_damange_Rest_of_back_shoulder_1\\\":\\\"1\\\",\\\"cdasi_damange_Rest_of_back_shoulder_2\\\":\\\"1\\\",\\\"cdasi_damange_Abdomen_1\\\":\\\"1\\\",\\\"cdasi_damange_Abdomen_2\\\":\\\"1\\\",\\\"cdasi_damange_Lateral_upper_thigh_1\\\":\\\"1\\\",\\\"cdasi_damange_Lateral_upper_thigh_2\\\":\\\"1\\\",\\\"cdasi_damange_Rest_of_leg_and_feet_1\\\":\\\"1\\\",\\\"cdasi_damange_Rest_of_leg_and_feet_2\\\":\\\"1\\\",\\\"cdasi_damange_Arm_1\\\":\\\"1\\\",\\\"cdasi_damange_Arm_2\\\":\\\"1\\\",\\\"cdasi_damange_Mechanic_hand_1\\\":\\\"1\\\",\\\"cdasi_damange_Mechanic_hand_2\\\":\\\"1\\\",\\\"cdasi_damange_Dorums_of_hands_1\\\":\\\"1\\\",\\\"cdasi_damange_Dorums_of_hands_2\\\":\\\"1\\\",\\\"cdasi_damange_Gottrons_not_on_hand_1\\\":\\\"1\\\",\\\"cdasi_damange_Gottrons_not_on_hand_2\\\":\\\"1\\\"}}\"', '2025-04-26 12:19:20', '2025-04-26 12:19:20', '2025-04-26 12:19:20');

-- --------------------------------------------------------

--
-- Table structure for table `form5_data`
--

CREATE TABLE `form5_data` (
  `id` bigint(20) UNSIGNED NOT NULL,
  `user_id` bigint(20) UNSIGNED NOT NULL,
  `case_id` bigint(20) UNSIGNED NOT NULL,
  `form_data` longtext CHARACTER SET utf8mb4 COLLATE utf8mb4_bin NOT NULL CHECK (json_valid(`form_data`)),
  `submitted_at` timestamp NULL DEFAULT NULL,
  `created_at` timestamp NULL DEFAULT NULL,
  `updated_at` timestamp NULL DEFAULT NULL
) ENGINE=InnoDB DEFAULT CHARSET=utf8mb4 COLLATE=utf8mb4_unicode_ci;

--
-- Dumping data for table `form5_data`
--

INSERT INTO `form5_data` (`id`, `user_id`, `case_id`, `form_data`, `submitted_at`, `created_at`, `updated_at`) VALUES
(1, 33, 1, '\"{\\\"scores\\\":{\\\"total_activity_score\\\":\\\"49\\\",\\\"total_damage_score\\\":\\\"30\\\",\\\"erythema\\\":\\\"1\\\",\\\"erythema_final_score\\\":\\\"1\\\",\\\"damage\\\":\\\"1\\\",\\\"papule_present\\\":\\\"no\\\",\\\"periunguals\\\":\\\"1\\\",\\\"alopecias\\\":\\\"1\\\"}}\"', '2025-04-25 13:28:23', '2025-04-25 13:28:23', '2025-04-25 13:28:23'),
(3, 42, 1, '\"{\\\"scores\\\":{\\\"total_activity_score\\\":\\\"39\\\",\\\"total_damage_score\\\":\\\"21\\\",\\\"erythema\\\":\\\"0\\\",\\\"erythema_final_score\\\":\\\"0\\\",\\\"damage\\\":\\\"0\\\",\\\"papule_present\\\":\\\"yes\\\",\\\"periunguals\\\":\\\"0\\\",\\\"alopecias\\\":\\\"0\\\"}}\"', '2025-04-25 19:23:33', '2025-04-25 19:23:33', '2025-04-25 19:23:33'),
(4, 38, 1, '\"{\\\"scores\\\":{\\\"total_activity_score\\\":\\\"60\\\",\\\"total_damage_score\\\":\\\"10\\\",\\\"erythema\\\":\\\"2\\\",\\\"erythema_final_score\\\":\\\"4\\\",\\\"damage\\\":\\\"1\\\",\\\"papule_present\\\":\\\"yes\\\",\\\"periunguals\\\":\\\"1\\\",\\\"alopecias\\\":\\\"1\\\"}}\"', '2025-04-25 19:50:57', '2025-04-25 19:50:57', '2025-04-25 19:50:57'),
(5, 3, 2, '\"{\\\"scores\\\":{\\\"total_activity_score\\\":\\\"80\\\",\\\"total_damage_score\\\":\\\"30\\\",\\\"erythema\\\":\\\"1\\\",\\\"erythema_final_score\\\":\\\"2\\\",\\\"damage\\\":\\\"1\\\",\\\"papule_present\\\":\\\"yes\\\",\\\"periunguals\\\":\\\"1\\\",\\\"alopecias\\\":\\\"1\\\"}}\"', '2025-04-26 12:19:20', '2025-04-26 12:19:20', '2025-04-26 12:19:20');

-- --------------------------------------------------------

--
-- Table structure for table `form6_pgda_data`
--

CREATE TABLE `form6_pgda_data` (
  `id` bigint(20) UNSIGNED NOT NULL,
  `user_id` bigint(20) UNSIGNED NOT NULL,
  `case_id` bigint(20) UNSIGNED NOT NULL,
  `form_data` longtext CHARACTER SET utf8mb4 COLLATE utf8mb4_bin NOT NULL CHECK (json_valid(`form_data`)),
  `submitted_at` timestamp NULL DEFAULT NULL,
  `created_at` timestamp NULL DEFAULT NULL,
  `updated_at` timestamp NULL DEFAULT NULL
) ENGINE=InnoDB DEFAULT CHARSET=utf8mb4 COLLATE=utf8mb4_unicode_ci;

--
-- Dumping data for table `form6_pgda_data`
--

INSERT INTO `form6_pgda_data` (`id`, `user_id`, `case_id`, `form_data`, `submitted_at`, `created_at`, `updated_at`) VALUES
(1, 33, 1, '\"{\\\"scores\\\":{\\\"physician_global_activity\\\":\\\"4\\\"}}\"', '2025-04-25 13:28:23', '2025-04-25 13:28:23', '2025-04-25 13:28:23'),
(3, 42, 1, '\"{\\\"scores\\\":{\\\"physician_global_activity\\\":\\\"2\\\"}}\"', '2025-04-25 19:23:33', '2025-04-25 19:23:33', '2025-04-25 19:23:33'),
(4, 38, 1, '\"{\\\"scores\\\":{\\\"physician_global_activity\\\":\\\"5\\\"}}\"', '2025-04-25 19:50:57', '2025-04-25 19:50:57', '2025-04-25 19:50:57'),
(5, 3, 2, '\"{\\\"scores\\\":{\\\"physician_global_activity\\\":\\\"2\\\"}}\"', '2025-04-26 12:19:20', '2025-04-26 12:19:20', '2025-04-26 12:19:20');

-- --------------------------------------------------------

--
-- Table structure for table `form7_mdaat_followup_data`
--

CREATE TABLE `form7_mdaat_followup_data` (
  `id` bigint(20) UNSIGNED NOT NULL,
  `user_id` bigint(20) UNSIGNED NOT NULL,
  `case_id` bigint(20) UNSIGNED NOT NULL,
  `form_data` longtext CHARACTER SET utf8mb4 COLLATE utf8mb4_bin NOT NULL CHECK (json_valid(`form_data`)),
  `submitted_at` timestamp NULL DEFAULT NULL,
  `created_at` timestamp NULL DEFAULT NULL,
  `updated_at` timestamp NULL DEFAULT NULL
) ENGINE=InnoDB DEFAULT CHARSET=utf8mb4 COLLATE=utf8mb4_unicode_ci;

--
-- Dumping data for table `form7_mdaat_followup_data`
--

INSERT INTO `form7_mdaat_followup_data` (`id`, `user_id`, `case_id`, `form_data`, `submitted_at`, `created_at`, `updated_at`) VALUES
(1, 33, 1, '\"{\\\"scores\\\":{\\\"disease_activity_1_followup\\\":\\\"3\\\",\\\"clinical_features_1_1_followup\\\":\\\"1\\\",\\\"clinical_features_1_2_followup\\\":\\\"1\\\",\\\"clinical_features_1_3_followup\\\":\\\"1\\\",\\\"disease_activity_2_followup\\\":\\\"4\\\",\\\"clinical_features_2_1_followup\\\":\\\"1\\\",\\\"clinical_features_2_2_followup\\\":\\\"1\\\",\\\"clinical_features_2_3_followup\\\":\\\"1\\\",\\\"clinical_features_2_4a_followup\\\":\\\"1\\\",\\\"clinical_features_2_4b_followup\\\":\\\"1\\\",\\\"clinical_features_2_5_followup\\\":\\\"1\\\",\\\"clinical_features_2_6_followup\\\":\\\"1\\\",\\\"clinical_features_2_7_followup\\\":\\\"1\\\",\\\"clinical_features_2_8a_followup\\\":\\\"1\\\",\\\"clinical_features_2_8b_followup\\\":\\\"1\\\",\\\"clinical_features_2_9_followup\\\":\\\"1\\\",\\\"disease_activity_3_followup\\\":\\\"4\\\",\\\"clinical_features_3_1a_followup\\\":\\\"1\\\",\\\"clinical_features_3_1b_followup\\\":\\\"1\\\",\\\"clinical_features_3_1c_followup\\\":\\\"1\\\",\\\"clinical_features_3_2_followup\\\":\\\"1\\\",\\\"disease_activity_4_followup\\\":\\\"4\\\",\\\"clinical_features_4_1a_followup\\\":\\\"1\\\",\\\"clinical_features_4_1b_followup\\\":\\\"1\\\",\\\"clinical_features_4_2a_followup\\\":\\\"1\\\",\\\"clinical_features_4_2b_followup\\\":\\\"1\\\",\\\"clinical_features_4_2c_followup\\\":\\\"1\\\",\\\"disease_activity_5_followup\\\":\\\"4\\\",\\\"clinical_features_5_1a_followup\\\":\\\"1\\\",\\\"clinical_features_5_1b_followup\\\":\\\"1\\\",\\\"clinical_features_5_2a_followup\\\":\\\"1\\\",\\\"clinical_features_5_2b_followup\\\":\\\"1\\\",\\\"clinical_features_5_2c_followup\\\":\\\"1\\\",\\\"clinical_features_5_3a_followup\\\":\\\"1\\\",\\\"clinical_features_5_3b_followup\\\":\\\"1\\\",\\\"disease_activity_6_followup\\\":\\\"4\\\",\\\"clinical_features_6_1_followup\\\":\\\"1\\\",\\\"clinical_features_6_2_followup\\\":\\\"1\\\",\\\"clinical_features_6_3a_followup\\\":\\\"1\\\",\\\"clinical_features_6_3b_followup\\\":\\\"1\\\",\\\"clinical_features_6_4_followup\\\":\\\"1\\\",\\\"other_disease_specification\\\":\\\"mddat2\\\",\\\"disease_activity_7_followup\\\":\\\"4\\\",\\\"clinical_features_7_followup\\\":\\\"1\\\",\\\"disease_activity_8_followup\\\":\\\"3\\\",\\\"disease_activity_9_followup\\\":\\\"4\\\",\\\"clinical_features_10a_followup\\\":\\\"1\\\",\\\"clinical_features_10b_followup\\\":\\\"1\\\",\\\"clinical_features_10c_followup\\\":\\\"1\\\",\\\"clinical_features_11_followup\\\":\\\"1\\\",\\\"global_disease_activity_followup\\\":\\\"4\\\"}}\"', '2025-04-25 13:28:23', '2025-04-25 13:28:23', '2025-04-25 13:28:23'),
(3, 42, 1, '\"{\\\"scores\\\":{\\\"disease_activity_1_followup\\\":\\\"5\\\",\\\"clinical_features_1_1_followup\\\":\\\"0\\\",\\\"clinical_features_1_2_followup\\\":\\\"1\\\",\\\"clinical_features_1_3_followup\\\":\\\"0\\\",\\\"disease_activity_2_followup\\\":\\\"3\\\",\\\"clinical_features_2_1_followup\\\":\\\"0\\\",\\\"clinical_features_2_2_followup\\\":\\\"0\\\",\\\"clinical_features_2_3_followup\\\":\\\"0\\\",\\\"clinical_features_2_4a_followup\\\":\\\"0\\\",\\\"clinical_features_2_4b_followup\\\":\\\"0\\\",\\\"clinical_features_2_5_followup\\\":\\\"0\\\",\\\"clinical_features_2_6_followup\\\":\\\"1\\\",\\\"clinical_features_2_7_followup\\\":\\\"1\\\",\\\"clinical_features_2_8a_followup\\\":\\\"1\\\",\\\"clinical_features_2_8b_followup\\\":\\\"1\\\",\\\"clinical_features_2_9_followup\\\":\\\"1\\\",\\\"disease_activity_3_followup\\\":\\\"4\\\",\\\"clinical_features_3_1a_followup\\\":\\\"0\\\",\\\"clinical_features_3_1b_followup\\\":\\\"0\\\",\\\"clinical_features_3_1c_followup\\\":\\\"0\\\",\\\"clinical_features_3_2_followup\\\":\\\"0\\\",\\\"disease_activity_4_followup\\\":\\\"2\\\",\\\"clinical_features_4_1a_followup\\\":\\\"1\\\",\\\"clinical_features_4_1b_followup\\\":\\\"0\\\",\\\"clinical_features_4_2a_followup\\\":\\\"0\\\",\\\"clinical_features_4_2b_followup\\\":\\\"0\\\",\\\"clinical_features_4_2c_followup\\\":\\\"0\\\",\\\"disease_activity_5_followup\\\":\\\"0\\\",\\\"clinical_features_5_1a_followup\\\":\\\"1\\\",\\\"clinical_features_5_1b_followup\\\":\\\"0\\\",\\\"clinical_features_5_2a_followup\\\":\\\"0\\\",\\\"clinical_features_5_2b_followup\\\":\\\"0\\\",\\\"clinical_features_5_2c_followup\\\":\\\"0\\\",\\\"clinical_features_5_3a_followup\\\":\\\"0\\\",\\\"clinical_features_5_3b_followup\\\":\\\"0\\\",\\\"disease_activity_6_followup\\\":\\\"2\\\",\\\"clinical_features_6_1_followup\\\":\\\"0\\\",\\\"clinical_features_6_2_followup\\\":\\\"0\\\",\\\"clinical_features_6_3a_followup\\\":\\\"0\\\",\\\"clinical_features_6_3b_followup\\\":\\\"0\\\",\\\"clinical_features_6_4_followup\\\":\\\"0\\\",\\\"other_disease_specification\\\":\\\"hghghgh\\\",\\\"disease_activity_7_followup\\\":\\\"3\\\",\\\"clinical_features_7_followup\\\":\\\"0\\\",\\\"disease_activity_8_followup\\\":\\\"2\\\",\\\"disease_activity_9_followup\\\":\\\"3\\\",\\\"clinical_features_10a_followup\\\":\\\"1\\\",\\\"clinical_features_10b_followup\\\":\\\"0\\\",\\\"clinical_features_10c_followup\\\":\\\"0\\\",\\\"clinical_features_11_followup\\\":\\\"0\\\",\\\"global_disease_activity_followup\\\":\\\"2\\\"}}\"', '2025-04-25 19:23:33', '2025-04-25 19:23:33', '2025-04-25 19:23:33'),
(4, 38, 1, '\"{\\\"scores\\\":{\\\"disease_activity_1_followup\\\":\\\"6\\\",\\\"clinical_features_1_1_followup\\\":\\\"3\\\",\\\"clinical_features_1_2_followup\\\":\\\"2\\\",\\\"clinical_features_1_3_followup\\\":\\\"3\\\",\\\"disease_activity_2_followup\\\":\\\"6\\\",\\\"clinical_features_2_1_followup\\\":\\\"3\\\",\\\"clinical_features_2_2_followup\\\":\\\"3\\\",\\\"clinical_features_2_3_followup\\\":\\\"2\\\",\\\"clinical_features_2_4a_followup\\\":\\\"2\\\",\\\"clinical_features_2_4b_followup\\\":\\\"2\\\",\\\"clinical_features_2_5_followup\\\":\\\"3\\\",\\\"clinical_features_2_6_followup\\\":\\\"2\\\",\\\"clinical_features_2_7_followup\\\":\\\"2\\\",\\\"clinical_features_2_8a_followup\\\":\\\"3\\\",\\\"clinical_features_2_8b_followup\\\":\\\"2\\\",\\\"clinical_features_2_9_followup\\\":\\\"3\\\",\\\"disease_activity_3_followup\\\":\\\"7\\\",\\\"clinical_features_3_1a_followup\\\":\\\"3\\\",\\\"clinical_features_3_1b_followup\\\":\\\"1\\\",\\\"clinical_features_3_1c_followup\\\":\\\"2\\\",\\\"clinical_features_3_2_followup\\\":\\\"4\\\",\\\"disease_activity_4_followup\\\":\\\"5\\\",\\\"clinical_features_4_1a_followup\\\":\\\"2\\\",\\\"clinical_features_4_1b_followup\\\":\\\"3\\\",\\\"clinical_features_4_2a_followup\\\":\\\"2\\\",\\\"clinical_features_4_2b_followup\\\":\\\"3\\\",\\\"clinical_features_4_2c_followup\\\":\\\"2\\\",\\\"disease_activity_5_followup\\\":\\\"5\\\",\\\"clinical_features_5_1a_followup\\\":\\\"2\\\",\\\"clinical_features_5_1b_followup\\\":\\\"3\\\",\\\"clinical_features_5_2a_followup\\\":\\\"2\\\",\\\"clinical_features_5_2b_followup\\\":\\\"3\\\",\\\"clinical_features_5_2c_followup\\\":\\\"2\\\",\\\"clinical_features_5_3a_followup\\\":\\\"4\\\",\\\"clinical_features_5_3b_followup\\\":\\\"2\\\",\\\"disease_activity_6_followup\\\":\\\"8\\\",\\\"clinical_features_6_1_followup\\\":\\\"2\\\",\\\"clinical_features_6_2_followup\\\":\\\"4\\\",\\\"clinical_features_6_3a_followup\\\":\\\"2\\\",\\\"clinical_features_6_3b_followup\\\":\\\"2\\\",\\\"clinical_features_6_4_followup\\\":\\\"2\\\",\\\"other_disease_specification\\\":\\\"Disease\\\",\\\"disease_activity_7_followup\\\":\\\"6\\\",\\\"clinical_features_7_followup\\\":\\\"4\\\",\\\"disease_activity_8_followup\\\":\\\"7\\\",\\\"disease_activity_9_followup\\\":\\\"7\\\",\\\"clinical_features_10a_followup\\\":\\\"2\\\",\\\"clinical_features_10b_followup\\\":\\\"4\\\",\\\"clinical_features_10c_followup\\\":\\\"2\\\",\\\"clinical_features_11_followup\\\":\\\"4\\\",\\\"global_disease_activity_followup\\\":\\\"7\\\"}}\"', '2025-04-25 19:50:57', '2025-04-25 19:50:57', '2025-04-25 19:50:57'),
(5, 3, 2, '\"{\\\"scores\\\":{\\\"disease_activity_1_followup\\\":\\\"10\\\",\\\"clinical_features_1_1_followup\\\":\\\"4\\\",\\\"clinical_features_1_2_followup\\\":\\\"4\\\",\\\"clinical_features_1_3_followup\\\":\\\"4\\\",\\\"disease_activity_2_followup\\\":\\\"10\\\",\\\"clinical_features_2_1_followup\\\":\\\"4\\\",\\\"clinical_features_2_2_followup\\\":\\\"4\\\",\\\"clinical_features_2_3_followup\\\":\\\"4\\\",\\\"clinical_features_2_4a_followup\\\":\\\"4\\\",\\\"clinical_features_2_4b_followup\\\":\\\"4\\\",\\\"clinical_features_2_5_followup\\\":\\\"4\\\",\\\"clinical_features_2_6_followup\\\":\\\"4\\\",\\\"clinical_features_2_7_followup\\\":\\\"4\\\",\\\"clinical_features_2_8a_followup\\\":\\\"4\\\",\\\"clinical_features_2_8b_followup\\\":\\\"4\\\",\\\"clinical_features_2_9_followup\\\":\\\"4\\\",\\\"disease_activity_3_followup\\\":\\\"10\\\",\\\"clinical_features_3_1a_followup\\\":\\\"4\\\",\\\"clinical_features_3_1b_followup\\\":\\\"4\\\",\\\"clinical_features_3_1c_followup\\\":\\\"4\\\",\\\"clinical_features_3_2_followup\\\":\\\"4\\\",\\\"disease_activity_4_followup\\\":\\\"10\\\",\\\"clinical_features_4_1a_followup\\\":\\\"4\\\",\\\"clinical_features_4_1b_followup\\\":\\\"4\\\",\\\"clinical_features_4_2a_followup\\\":\\\"4\\\",\\\"clinical_features_4_2b_followup\\\":\\\"4\\\",\\\"clinical_features_4_2c_followup\\\":\\\"4\\\",\\\"disease_activity_5_followup\\\":\\\"10\\\",\\\"clinical_features_5_1a_followup\\\":\\\"4\\\",\\\"clinical_features_5_1b_followup\\\":\\\"4\\\",\\\"clinical_features_5_2a_followup\\\":\\\"4\\\",\\\"clinical_features_5_2b_followup\\\":\\\"4\\\",\\\"clinical_features_5_2c_followup\\\":\\\"4\\\",\\\"clinical_features_5_3a_followup\\\":\\\"4\\\",\\\"clinical_features_5_3b_followup\\\":\\\"4\\\",\\\"disease_activity_6_followup\\\":\\\"10\\\",\\\"clinical_features_6_1_followup\\\":\\\"4\\\",\\\"clinical_features_6_2_followup\\\":\\\"4\\\",\\\"clinical_features_6_3a_followup\\\":\\\"4\\\",\\\"clinical_features_6_3b_followup\\\":\\\"4\\\",\\\"clinical_features_6_4_followup\\\":\\\"4\\\",\\\"other_disease_specification\\\":\\\"mdaat2\\\",\\\"disease_activity_7_followup\\\":\\\"10\\\",\\\"clinical_features_7_followup\\\":\\\"4\\\",\\\"disease_activity_8_followup\\\":\\\"10\\\",\\\"disease_activity_9_followup\\\":\\\"10\\\",\\\"clinical_features_10a_followup\\\":\\\"4\\\",\\\"clinical_features_10b_followup\\\":\\\"4\\\",\\\"clinical_features_10c_followup\\\":\\\"4\\\",\\\"clinical_features_11_followup\\\":\\\"4\\\",\\\"global_disease_activity_followup\\\":\\\"10\\\"}}\"', '2025-04-26 12:19:20', '2025-04-26 12:19:20', '2025-04-26 12:19:20');

-- --------------------------------------------------------

--
-- Table structure for table `form8_followup_mmt8_data`
--

CREATE TABLE `form8_followup_mmt8_data` (
  `id` bigint(20) UNSIGNED NOT NULL,
  `user_id` bigint(20) UNSIGNED NOT NULL,
  `case_id` bigint(20) UNSIGNED NOT NULL,
  `form_data` longtext CHARACTER SET utf8mb4 COLLATE utf8mb4_bin NOT NULL CHECK (json_valid(`form_data`)),
  `submitted_at` timestamp NULL DEFAULT NULL,
  `created_at` timestamp NULL DEFAULT NULL,
  `updated_at` timestamp NULL DEFAULT NULL
) ENGINE=InnoDB DEFAULT CHARSET=utf8mb4 COLLATE=utf8mb4_unicode_ci;

--
-- Dumping data for table `form8_followup_mmt8_data`
--

INSERT INTO `form8_followup_mmt8_data` (`id`, `user_id`, `case_id`, `form_data`, `submitted_at`, `created_at`, `updated_at`) VALUES
(1, 33, 1, '\"{\\\"scores\\\":{\\\"neck_flexor_axial_followup\\\":\\\"1\\\",\\\"deltoid_right_followup\\\":\\\"1\\\",\\\"deltoid_left_followup\\\":\\\"1\\\",\\\"biceps_right_followup\\\":\\\"1\\\",\\\"biceps_left_followup\\\":\\\"1\\\",\\\"quadriceps_right_followup\\\":\\\"1\\\",\\\"quadriceps_left_followup\\\":\\\"1\\\",\\\"gluteus_medius_right_followup\\\":\\\"1\\\",\\\"gluteus_medius_left_followup\\\":\\\"1\\\",\\\"gluteus_maximus_right_followup\\\":\\\"1\\\",\\\"gluteus_maximus_left_followup\\\":\\\"1\\\",\\\"wrist_extensor_right_followup\\\":\\\"1\\\",\\\"wrist_extensor_left_followup\\\":\\\"1\\\",\\\"ankle_dorsiflexion_right_followup\\\":\\\"1\\\",\\\"ankle_dorsiflexion_left_followup\\\":\\\"1\\\",\\\"total_scoring_value_followup\\\":\\\"15\\\",\\\"max_scoring_right_followup\\\":\\\"70\\\",\\\"max_scoring_left_followup\\\":\\\"70\\\",\\\"max_scoring_axial_followup\\\":\\\"10\\\",\\\"maximum_score_followup\\\":\\\"150\\\",\\\"total_individual_right_followup\\\":\\\"7\\\",\\\"total_individual_left_followup\\\":\\\"7\\\",\\\"total_individual_axial_followup\\\":\\\"1\\\"}}\"', '2025-04-25 13:28:23', '2025-04-25 13:28:23', '2025-04-25 13:28:23'),
(3, 42, 1, '\"{\\\"scores\\\":{\\\"neck_flexor_axial_followup\\\":\\\"8\\\",\\\"deltoid_right_followup\\\":\\\"4\\\",\\\"deltoid_left_followup\\\":\\\"4\\\",\\\"biceps_right_followup\\\":\\\"5\\\",\\\"biceps_left_followup\\\":\\\"3\\\",\\\"quadriceps_right_followup\\\":\\\"3\\\",\\\"quadriceps_left_followup\\\":\\\"2\\\",\\\"gluteus_medius_right_followup\\\":\\\"2\\\",\\\"gluteus_medius_left_followup\\\":\\\"2\\\",\\\"gluteus_maximus_right_followup\\\":\\\"3\\\",\\\"gluteus_maximus_left_followup\\\":\\\"2\\\",\\\"wrist_extensor_right_followup\\\":\\\"2\\\",\\\"wrist_extensor_left_followup\\\":\\\"2\\\",\\\"ankle_dorsiflexion_right_followup\\\":\\\"3\\\",\\\"ankle_dorsiflexion_left_followup\\\":\\\"2\\\",\\\"total_scoring_value_followup\\\":\\\"47\\\",\\\"max_scoring_right_followup\\\":\\\"70\\\",\\\"max_scoring_left_followup\\\":\\\"70\\\",\\\"max_scoring_axial_followup\\\":\\\"10\\\",\\\"maximum_score_followup\\\":\\\"150\\\",\\\"total_individual_right_followup\\\":\\\"22\\\",\\\"total_individual_left_followup\\\":\\\"17\\\",\\\"total_individual_axial_followup\\\":\\\"8\\\"}}\"', '2025-04-25 19:23:33', '2025-04-25 19:23:33', '2025-04-25 19:23:33'),
(4, 38, 1, '\"{\\\"scores\\\":{\\\"neck_flexor_axial_followup\\\":\\\"3\\\",\\\"deltoid_right_followup\\\":\\\"4\\\",\\\"deltoid_left_followup\\\":\\\"9\\\",\\\"biceps_right_followup\\\":\\\"8\\\",\\\"biceps_left_followup\\\":\\\"2\\\",\\\"quadriceps_right_followup\\\":\\\"2\\\",\\\"quadriceps_left_followup\\\":\\\"3\\\",\\\"gluteus_medius_right_followup\\\":\\\"10\\\",\\\"gluteus_medius_left_followup\\\":\\\"7\\\",\\\"gluteus_maximus_right_followup\\\":\\\"7\\\",\\\"gluteus_maximus_left_followup\\\":\\\"5\\\",\\\"wrist_extensor_right_followup\\\":\\\"7\\\",\\\"wrist_extensor_left_followup\\\":\\\"7\\\",\\\"ankle_dorsiflexion_right_followup\\\":\\\"6\\\",\\\"ankle_dorsiflexion_left_followup\\\":\\\"1\\\",\\\"total_scoring_value_followup\\\":\\\"81\\\",\\\"max_scoring_right_followup\\\":\\\"70\\\",\\\"max_scoring_left_followup\\\":\\\"70\\\",\\\"max_scoring_axial_followup\\\":\\\"10\\\",\\\"maximum_score_followup\\\":\\\"150\\\",\\\"total_individual_right_followup\\\":\\\"44\\\",\\\"total_individual_left_followup\\\":\\\"34\\\",\\\"total_individual_axial_followup\\\":\\\"3\\\"}}\"', '2025-04-25 19:50:57', '2025-04-25 19:50:57', '2025-04-25 19:50:57'),
(5, 3, 2, '\"{\\\"scores\\\":{\\\"neck_flexor_axial_followup\\\":\\\"3\\\",\\\"deltoid_right_followup\\\":\\\"3\\\",\\\"deltoid_left_followup\\\":\\\"3\\\",\\\"biceps_right_followup\\\":\\\"3\\\",\\\"biceps_left_followup\\\":\\\"3\\\",\\\"quadriceps_right_followup\\\":\\\"3\\\",\\\"quadriceps_left_followup\\\":\\\"3\\\",\\\"gluteus_medius_right_followup\\\":\\\"3\\\",\\\"gluteus_medius_left_followup\\\":\\\"3\\\",\\\"gluteus_maximus_right_followup\\\":\\\"3\\\",\\\"gluteus_maximus_left_followup\\\":\\\"3\\\",\\\"wrist_extensor_right_followup\\\":\\\"3\\\",\\\"wrist_extensor_left_followup\\\":\\\"3\\\",\\\"ankle_dorsiflexion_right_followup\\\":\\\"3\\\",\\\"ankle_dorsiflexion_left_followup\\\":\\\"3\\\",\\\"total_scoring_value_followup\\\":\\\"45\\\",\\\"max_scoring_right_followup\\\":\\\"70\\\",\\\"max_scoring_left_followup\\\":\\\"70\\\",\\\"max_scoring_axial_followup\\\":\\\"10\\\",\\\"maximum_score_followup\\\":\\\"150\\\",\\\"total_individual_right_followup\\\":\\\"21\\\",\\\"total_individual_left_followup\\\":\\\"21\\\",\\\"total_individual_axial_followup\\\":\\\"3\\\"}}\"', '2025-04-26 12:19:20', '2025-04-26 12:19:20', '2025-04-26 12:19:20');

-- --------------------------------------------------------

--
-- Table structure for table `form9_cdasi_activity_data`
--

CREATE TABLE `form9_cdasi_activity_data` (
  `id` bigint(20) UNSIGNED NOT NULL,
  `user_id` bigint(20) UNSIGNED NOT NULL,
  `case_id` bigint(20) UNSIGNED NOT NULL,
  `form_data` longtext CHARACTER SET utf8mb4 COLLATE utf8mb4_bin NOT NULL CHECK (json_valid(`form_data`)),
  `submitted_at` timestamp NULL DEFAULT NULL,
  `created_at` timestamp NULL DEFAULT NULL,
  `updated_at` timestamp NULL DEFAULT NULL
) ENGINE=InnoDB DEFAULT CHARSET=utf8mb4 COLLATE=utf8mb4_unicode_ci;

--
-- Dumping data for table `form9_cdasi_activity_data`
--

INSERT INTO `form9_cdasi_activity_data` (`id`, `user_id`, `case_id`, `form_data`, `submitted_at`, `created_at`, `updated_at`) VALUES
(1, 33, 1, '\"{\\\"scores\\\":{\\\"cdasi_activity_scalp_1\\\":\\\"1\\\",\\\"cdasi_activity_scalp_2\\\":\\\"1\\\",\\\"cdasi_activity_scalp_3\\\":\\\"1\\\",\\\"cdasi_activity_malar_area_1\\\":\\\"1\\\",\\\"cdasi_activity_malar_area_2\\\":\\\"1\\\",\\\"cdasi_activity_malar_area_3\\\":\\\"1\\\",\\\"cdasi_activity_Periorbital_1\\\":\\\"1\\\",\\\"cdasi_activity_Periorbital_2\\\":\\\"1\\\",\\\"cdasi_activity_Periorbital_3\\\":\\\"1\\\",\\\"cdasi_activity_Rest_of_the_face_1\\\":\\\"1\\\",\\\"cdasi_activity_Rest_of_the_face_2\\\":\\\"1\\\",\\\"cdasi_activity_Rest_of_the_face_3\\\":\\\"1\\\",\\\"cdasi_activity_v-neck_frontal_1\\\":\\\"1\\\",\\\"cdasi_activity_v-neck_frontal_2\\\":\\\"1\\\",\\\"cdasi_activity_v-neck_frontal_3\\\":\\\"1\\\",\\\"cdasi_activity_posterior_neck_1\\\":\\\"1\\\",\\\"cdasi_activity_posterior_neck_2\\\":\\\"1\\\",\\\"cdasi_activity_posterior_neck_3\\\":\\\"1\\\",\\\"cdasi_activity_upper_back_shoulder_1\\\":\\\"1\\\",\\\"cdasi_activity_upper_back_shoulder_2\\\":\\\"1\\\",\\\"cdasi_activity_upper_back_shoulder_3\\\":\\\"1\\\",\\\"cdasi_activity_Rest_of_back_buttocks_1\\\":\\\"1\\\",\\\"cdasi_activity_Rest_of_back_buttocks_2\\\":\\\"1\\\",\\\"cdasi_activity_Rest_of_back_buttocks_3\\\":\\\"1\\\",\\\"cdasi_activity_Abdomen_1\\\":\\\"1\\\",\\\"cdasi_activity_Abdomen_2\\\":\\\"1\\\",\\\"cdasi_activity_Abdomen_3\\\":\\\"1\\\",\\\"cdasi_activity_Lateral_upper_thigh_1\\\":\\\"1\\\",\\\"cdasi_activity_Lateral_upper_thigh_2\\\":\\\"1\\\",\\\"cdasi_activity_Lateral_upper_thigh_3\\\":\\\"1\\\",\\\"cdasi_activity_Rest_of_leg_feet_1\\\":\\\"1\\\",\\\"cdasi_activity_Rest_of_leg_feet_2\\\":\\\"1\\\",\\\"cdasi_activity_Rest_of_leg_feet_3\\\":\\\"1\\\",\\\"cdasi_activity_Arm_1\\\":\\\"1\\\",\\\"cdasi_activity_Arm_2\\\":\\\"1\\\",\\\"cdasi_activity_Arm_3\\\":\\\"1\\\",\\\"cdasi_activity_Mechanic_hand_1\\\":\\\"1\\\",\\\"cdasi_activity_Mechanic_hand_2\\\":\\\"1\\\",\\\"cdasi_activity_Mechanic_hand_3\\\":\\\"1\\\",\\\"cdasi_activity_Dorsum_of_hand_1\\\":\\\"1\\\",\\\"cdasi_activity_Dorsum_of_hand_2\\\":\\\"1\\\",\\\"cdasi_activity_Dorsum_of_hand_3\\\":\\\"1\\\",\\\"cdasi_activity_Gottrons_not_on_hand_1\\\":\\\"1\\\",\\\"cdasi_activity_Gottrons_not_on_hand_2\\\":\\\"1\\\",\\\"cdasi_activity_Gottrons_not_on_hand_3\\\":\\\"1\\\"}}\"', '2025-04-25 13:28:23', '2025-04-25 13:28:23', '2025-04-25 13:28:23'),
(3, 42, 1, '\"{\\\"scores\\\":{\\\"cdasi_activity_scalp_1\\\":\\\"1\\\",\\\"cdasi_activity_scalp_2\\\":\\\"0\\\",\\\"cdasi_activity_scalp_3\\\":\\\"0\\\",\\\"cdasi_activity_malar_area_1\\\":\\\"2\\\",\\\"cdasi_activity_malar_area_2\\\":\\\"1\\\",\\\"cdasi_activity_malar_area_3\\\":\\\"0\\\",\\\"cdasi_activity_Periorbital_1\\\":\\\"1\\\",\\\"cdasi_activity_Periorbital_2\\\":\\\"0\\\",\\\"cdasi_activity_Periorbital_3\\\":\\\"0\\\",\\\"cdasi_activity_Rest_of_the_face_1\\\":\\\"0\\\",\\\"cdasi_activity_Rest_of_the_face_2\\\":\\\"0\\\",\\\"cdasi_activity_Rest_of_the_face_3\\\":\\\"0\\\",\\\"cdasi_activity_v-neck_frontal_1\\\":\\\"0\\\",\\\"cdasi_activity_v-neck_frontal_2\\\":\\\"0\\\",\\\"cdasi_activity_v-neck_frontal_3\\\":\\\"0\\\",\\\"cdasi_activity_posterior_neck_1\\\":\\\"0\\\",\\\"cdasi_activity_posterior_neck_2\\\":\\\"0\\\",\\\"cdasi_activity_posterior_neck_3\\\":\\\"0\\\",\\\"cdasi_activity_upper_back_shoulder_1\\\":\\\"0\\\",\\\"cdasi_activity_upper_back_shoulder_2\\\":\\\"0\\\",\\\"cdasi_activity_upper_back_shoulder_3\\\":\\\"0\\\",\\\"cdasi_activity_Rest_of_back_buttocks_1\\\":\\\"0\\\",\\\"cdasi_activity_Rest_of_back_buttocks_2\\\":\\\"0\\\",\\\"cdasi_activity_Rest_of_back_buttocks_3\\\":\\\"0\\\",\\\"cdasi_activity_Abdomen_1\\\":\\\"0\\\",\\\"cdasi_activity_Abdomen_2\\\":\\\"0\\\",\\\"cdasi_activity_Abdomen_3\\\":\\\"0\\\",\\\"cdasi_activity_Lateral_upper_thigh_1\\\":\\\"0\\\",\\\"cdasi_activity_Lateral_upper_thigh_2\\\":\\\"0\\\",\\\"cdasi_activity_Lateral_upper_thigh_3\\\":\\\"0\\\",\\\"cdasi_activity_Rest_of_leg_feet_1\\\":\\\"0\\\",\\\"cdasi_activity_Rest_of_leg_feet_2\\\":\\\"0\\\",\\\"cdasi_activity_Rest_of_leg_feet_3\\\":\\\"0\\\",\\\"cdasi_activity_Arm_1\\\":\\\"0\\\",\\\"cdasi_activity_Arm_2\\\":\\\"0\\\",\\\"cdasi_activity_Arm_3\\\":\\\"0\\\",\\\"cdasi_activity_Mechanic_hand_1\\\":\\\"0\\\",\\\"cdasi_activity_Mechanic_hand_2\\\":\\\"0\\\",\\\"cdasi_activity_Mechanic_hand_3\\\":\\\"0\\\",\\\"cdasi_activity_Dorsum_of_hand_1\\\":\\\"0\\\",\\\"cdasi_activity_Dorsum_of_hand_2\\\":\\\"0\\\",\\\"cdasi_activity_Dorsum_of_hand_3\\\":\\\"0\\\",\\\"cdasi_activity_Gottrons_not_on_hand_1\\\":\\\"0\\\",\\\"cdasi_activity_Gottrons_not_on_hand_2\\\":\\\"0\\\",\\\"cdasi_activity_Gottrons_not_on_hand_3\\\":\\\"0\\\"}}\"', '2025-04-25 19:23:33', '2025-04-25 19:23:33', '2025-04-25 19:23:33'),
(4, 38, 1, '\"{\\\"scores\\\":{\\\"cdasi_activity_scalp_1\\\":\\\"1\\\",\\\"cdasi_activity_scalp_2\\\":\\\"1\\\",\\\"cdasi_activity_scalp_3\\\":\\\"0\\\",\\\"cdasi_activity_malar_area_1\\\":\\\"2\\\",\\\"cdasi_activity_malar_area_2\\\":\\\"1\\\",\\\"cdasi_activity_malar_area_3\\\":\\\"1\\\",\\\"cdasi_activity_Periorbital_1\\\":\\\"0\\\",\\\"cdasi_activity_Periorbital_2\\\":\\\"0\\\",\\\"cdasi_activity_Periorbital_3\\\":\\\"0\\\",\\\"cdasi_activity_Rest_of_the_face_1\\\":\\\"2\\\",\\\"cdasi_activity_Rest_of_the_face_2\\\":\\\"2\\\",\\\"cdasi_activity_Rest_of_the_face_3\\\":\\\"1\\\",\\\"cdasi_activity_v-neck_frontal_1\\\":\\\"2\\\",\\\"cdasi_activity_v-neck_frontal_2\\\":\\\"0\\\",\\\"cdasi_activity_v-neck_frontal_3\\\":\\\"1\\\",\\\"cdasi_activity_posterior_neck_1\\\":\\\"3\\\",\\\"cdasi_activity_posterior_neck_2\\\":\\\"1\\\",\\\"cdasi_activity_posterior_neck_3\\\":\\\"1\\\",\\\"cdasi_activity_upper_back_shoulder_1\\\":\\\"1\\\",\\\"cdasi_activity_upper_back_shoulder_2\\\":\\\"0\\\",\\\"cdasi_activity_upper_back_shoulder_3\\\":\\\"1\\\",\\\"cdasi_activity_Rest_of_back_buttocks_1\\\":\\\"2\\\",\\\"cdasi_activity_Rest_of_back_buttocks_2\\\":\\\"2\\\",\\\"cdasi_activity_Rest_of_back_buttocks_3\\\":\\\"1\\\",\\\"cdasi_activity_Abdomen_1\\\":\\\"2\\\",\\\"cdasi_activity_Abdomen_2\\\":\\\"0\\\",\\\"cdasi_activity_Abdomen_3\\\":\\\"1\\\",\\\"cdasi_activity_Lateral_upper_thigh_1\\\":\\\"1\\\",\\\"cdasi_activity_Lateral_upper_thigh_2\\\":\\\"1\\\",\\\"cdasi_activity_Lateral_upper_thigh_3\\\":\\\"1\\\",\\\"cdasi_activity_Rest_of_leg_feet_1\\\":\\\"2\\\",\\\"cdasi_activity_Rest_of_leg_feet_2\\\":\\\"0\\\",\\\"cdasi_activity_Rest_of_leg_feet_3\\\":\\\"0\\\",\\\"cdasi_activity_Arm_1\\\":\\\"1\\\",\\\"cdasi_activity_Arm_2\\\":\\\"1\\\",\\\"cdasi_activity_Arm_3\\\":\\\"1\\\",\\\"cdasi_activity_Mechanic_hand_1\\\":\\\"0\\\",\\\"cdasi_activity_Mechanic_hand_2\\\":\\\"0\\\",\\\"cdasi_activity_Mechanic_hand_3\\\":\\\"0\\\",\\\"cdasi_activity_Dorsum_of_hand_1\\\":\\\"2\\\",\\\"cdasi_activity_Dorsum_of_hand_2\\\":\\\"1\\\",\\\"cdasi_activity_Dorsum_of_hand_3\\\":\\\"1\\\",\\\"cdasi_activity_Gottrons_not_on_hand_1\\\":\\\"3\\\",\\\"cdasi_activity_Gottrons_not_on_hand_2\\\":\\\"0\\\",\\\"cdasi_activity_Gottrons_not_on_hand_3\\\":\\\"0\\\"}}\"', '2025-04-25 19:50:57', '2025-04-25 19:50:57', '2025-04-25 19:50:57'),
(5, 3, 2, '\"{\\\"scores\\\":{\\\"cdasi_activity_scalp_1\\\":\\\"3\\\",\\\"cdasi_activity_scalp_2\\\":\\\"2\\\",\\\"cdasi_activity_scalp_3\\\":\\\"1\\\",\\\"cdasi_activity_malar_area_1\\\":\\\"3\\\",\\\"cdasi_activity_malar_area_2\\\":\\\"2\\\",\\\"cdasi_activity_malar_area_3\\\":\\\"1\\\",\\\"cdasi_activity_Periorbital_1\\\":\\\"3\\\",\\\"cdasi_activity_Periorbital_2\\\":\\\"2\\\",\\\"cdasi_activity_Periorbital_3\\\":\\\"1\\\",\\\"cdasi_activity_Rest_of_the_face_1\\\":\\\"3\\\",\\\"cdasi_activity_Rest_of_the_face_2\\\":\\\"2\\\",\\\"cdasi_activity_Rest_of_the_face_3\\\":\\\"1\\\",\\\"cdasi_activity_v-neck_frontal_1\\\":\\\"3\\\",\\\"cdasi_activity_v-neck_frontal_2\\\":\\\"2\\\",\\\"cdasi_activity_v-neck_frontal_3\\\":\\\"1\\\",\\\"cdasi_activity_posterior_neck_1\\\":\\\"3\\\",\\\"cdasi_activity_posterior_neck_2\\\":\\\"2\\\",\\\"cdasi_activity_posterior_neck_3\\\":\\\"1\\\",\\\"cdasi_activity_upper_back_shoulder_1\\\":\\\"3\\\",\\\"cdasi_activity_upper_back_shoulder_2\\\":\\\"2\\\",\\\"cdasi_activity_upper_back_shoulder_3\\\":\\\"1\\\",\\\"cdasi_activity_Rest_of_back_buttocks_1\\\":\\\"3\\\",\\\"cdasi_activity_Rest_of_back_buttocks_2\\\":\\\"2\\\",\\\"cdasi_activity_Rest_of_back_buttocks_3\\\":\\\"1\\\",\\\"cdasi_activity_Abdomen_1\\\":\\\"3\\\",\\\"cdasi_activity_Abdomen_2\\\":\\\"2\\\",\\\"cdasi_activity_Abdomen_3\\\":\\\"1\\\",\\\"cdasi_activity_Lateral_upper_thigh_1\\\":\\\"3\\\",\\\"cdasi_activity_Lateral_upper_thigh_2\\\":\\\"2\\\",\\\"cdasi_activity_Lateral_upper_thigh_3\\\":\\\"1\\\",\\\"cdasi_activity_Rest_of_leg_feet_1\\\":\\\"3\\\",\\\"cdasi_activity_Rest_of_leg_feet_2\\\":\\\"2\\\",\\\"cdasi_activity_Rest_of_leg_feet_3\\\":\\\"1\\\",\\\"cdasi_activity_Arm_1\\\":\\\"3\\\",\\\"cdasi_activity_Arm_2\\\":\\\"2\\\",\\\"cdasi_activity_Arm_3\\\":\\\"1\\\",\\\"cdasi_activity_Mechanic_hand_1\\\":\\\"3\\\",\\\"cdasi_activity_Mechanic_hand_2\\\":\\\"2\\\",\\\"cdasi_activity_Mechanic_hand_3\\\":\\\"1\\\",\\\"cdasi_activity_Dorsum_of_hand_1\\\":\\\"3\\\",\\\"cdasi_activity_Dorsum_of_hand_2\\\":\\\"2\\\",\\\"cdasi_activity_Dorsum_of_hand_3\\\":\\\"1\\\",\\\"cdasi_activity_Gottrons_not_on_hand_1\\\":\\\"3\\\",\\\"cdasi_activity_Gottrons_not_on_hand_2\\\":\\\"2\\\",\\\"cdasi_activity_Gottrons_not_on_hand_3\\\":\\\"1\\\"}}\"', '2025-04-26 12:19:20', '2025-04-26 12:19:20', '2025-04-26 12:19:20');

-- --------------------------------------------------------

--
-- Table structure for table `form10_cdasi_damage_data`
--

CREATE TABLE `form10_cdasi_damage_data` (
  `id` bigint(20) UNSIGNED NOT NULL,
  `user_id` bigint(20) UNSIGNED NOT NULL,
  `case_id` bigint(20) UNSIGNED NOT NULL,
  `form_data` longtext CHARACTER SET utf8mb4 COLLATE utf8mb4_bin NOT NULL CHECK (json_valid(`form_data`)),
  `submitted_at` timestamp NULL DEFAULT NULL,
  `created_at` timestamp NULL DEFAULT NULL,
  `updated_at` timestamp NULL DEFAULT NULL
) ENGINE=InnoDB DEFAULT CHARSET=utf8mb4 COLLATE=utf8mb4_unicode_ci;

--
-- Dumping data for table `form10_cdasi_damage_data`
--

INSERT INTO `form10_cdasi_damage_data` (`id`, `user_id`, `case_id`, `form_data`, `submitted_at`, `created_at`, `updated_at`) VALUES
(1, 33, 1, '\"{\\\"scores\\\":{\\\"cdasi_damange_scalp_left_1\\\":\\\"1\\\",\\\"cdasi_damange_scalp_right_1\\\":\\\"1\\\",\\\"cdasi_damange_malar_left_1\\\":\\\"1\\\",\\\"cdasi_damange_malar_right_1\\\":\\\"1\\\",\\\"cdasi_damange_Periorbital_left_1\\\":\\\"1\\\",\\\"cdasi_damange_Periorbital_right_1\\\":\\\"1\\\",\\\"cdasi_damange_restofface_left_1\\\":\\\"1\\\",\\\"cdasi_damange_restofface_right_1\\\":\\\"1\\\",\\\"cdasi_damange_vareaneck_left_1\\\":\\\"1\\\",\\\"cdasi_damange_vareaneck_right_1\\\":\\\"1\\\",\\\"cdasi_damange_Posterior_left_1\\\":\\\"1\\\",\\\"cdasi_damange_Posterior_right_1\\\":\\\"1\\\",\\\"cdasi_damange_upperback_shoulder_left_1\\\":\\\"1\\\",\\\"cdasi_damange_upperback_shoulder_right_1\\\":\\\"1\\\",\\\"cdasi_damange_restofback_buttocks_left_1\\\":\\\"1\\\",\\\"cdasi_damange_restofback_buttocks_right_1\\\":\\\"1\\\",\\\"cdasi_damange_Abdomen_left_1\\\":\\\"1\\\",\\\"cdasi_damange_Abdomen_right_1\\\":\\\"1\\\",\\\"cdasi_damange_Lateralupperthigh_left_1\\\":\\\"1\\\",\\\"cdasi_damange_Lateralupperthigh_right_1\\\":\\\"1\\\",\\\"cdasi_damange_restofleg_feet_left_1\\\":\\\"1\\\",\\\"cdasi_damange_restofleg_feet_right_1\\\":\\\"1\\\",\\\"cdasi_damange_Arm_left_1\\\":\\\"1\\\",\\\"cdasi_damange_Arm_right_1\\\":\\\"1\\\",\\\"cdasi_damange_mechanicshand_left_1\\\":\\\"1\\\",\\\"cdasi_damange_mechanicshand_right_1\\\":\\\"1\\\",\\\"cdasi_damange_dursumofhand_left_1\\\":\\\"1\\\",\\\"cdasi_damange_dursumofhand_right_1\\\":\\\"1\\\",\\\"cdasi_damange_gottronsnotonhands_left_1\\\":\\\"1\\\",\\\"cdasi_damange_gottronsnotonhands_right_1\\\":\\\"1\\\"}}\"', '2025-04-25 13:28:23', '2025-04-25 13:28:23', '2025-04-25 13:28:23'),
(3, 42, 1, '\"{\\\"scores\\\":{\\\"cdasi_damange_scalp_left_1\\\":\\\"1\\\",\\\"cdasi_damange_scalp_right_1\\\":\\\"0\\\",\\\"cdasi_damange_malar_left_1\\\":\\\"1\\\",\\\"cdasi_damange_malar_right_1\\\":\\\"1\\\",\\\"cdasi_damange_Periorbital_left_1\\\":\\\"1\\\",\\\"cdasi_damange_Periorbital_right_1\\\":\\\"0\\\",\\\"cdasi_damange_restofface_left_1\\\":\\\"1\\\",\\\"cdasi_damange_restofface_right_1\\\":\\\"0\\\",\\\"cdasi_damange_vareaneck_left_1\\\":\\\"1\\\",\\\"cdasi_damange_vareaneck_right_1\\\":\\\"0\\\",\\\"cdasi_damange_Posterior_left_1\\\":\\\"1\\\",\\\"cdasi_damange_Posterior_right_1\\\":\\\"0\\\",\\\"cdasi_damange_upperback_shoulder_left_1\\\":\\\"1\\\",\\\"cdasi_damange_upperback_shoulder_right_1\\\":\\\"0\\\",\\\"cdasi_damange_restofback_buttocks_left_1\\\":\\\"1\\\",\\\"cdasi_damange_restofback_buttocks_right_1\\\":\\\"0\\\",\\\"cdasi_damange_Abdomen_left_1\\\":\\\"1\\\",\\\"cdasi_damange_Abdomen_right_1\\\":\\\"0\\\",\\\"cdasi_damange_Lateralupperthigh_left_1\\\":\\\"0\\\",\\\"cdasi_damange_Lateralupperthigh_right_1\\\":\\\"0\\\",\\\"cdasi_damange_restofleg_feet_left_1\\\":\\\"0\\\",\\\"cdasi_damange_restofleg_feet_right_1\\\":\\\"0\\\",\\\"cdasi_damange_Arm_left_1\\\":\\\"1\\\",\\\"cdasi_damange_Arm_right_1\\\":\\\"0\\\",\\\"cdasi_damange_mechanicshand_left_1\\\":\\\"1\\\",\\\"cdasi_damange_mechanicshand_right_1\\\":\\\"0\\\",\\\"cdasi_damange_dursumofhand_left_1\\\":\\\"1\\\",\\\"cdasi_damange_dursumofhand_right_1\\\":\\\"0\\\",\\\"cdasi_damange_gottronsnotonhands_left_1\\\":\\\"1\\\",\\\"cdasi_damange_gottronsnotonhands_right_1\\\":\\\"0\\\"}}\"', '2025-04-25 19:23:33', '2025-04-25 19:23:33', '2025-04-25 19:23:33'),
(4, 38, 1, '\"{\\\"scores\\\":{\\\"cdasi_damange_scalp_left_1\\\":\\\"1\\\",\\\"cdasi_damange_scalp_right_1\\\":\\\"0\\\",\\\"cdasi_damange_malar_left_1\\\":\\\"0\\\",\\\"cdasi_damange_malar_right_1\\\":\\\"1\\\",\\\"cdasi_damange_Periorbital_left_1\\\":\\\"1\\\",\\\"cdasi_damange_Periorbital_right_1\\\":\\\"0\\\",\\\"cdasi_damange_restofface_left_1\\\":\\\"0\\\",\\\"cdasi_damange_restofface_right_1\\\":\\\"1\\\",\\\"cdasi_damange_vareaneck_left_1\\\":\\\"0\\\",\\\"cdasi_damange_vareaneck_right_1\\\":\\\"0\\\",\\\"cdasi_damange_Posterior_left_1\\\":\\\"1\\\",\\\"cdasi_damange_Posterior_right_1\\\":\\\"0\\\",\\\"cdasi_damange_upperback_shoulder_left_1\\\":\\\"0\\\",\\\"cdasi_damange_upperback_shoulder_right_1\\\":\\\"1\\\",\\\"cdasi_damange_restofback_buttocks_left_1\\\":\\\"1\\\",\\\"cdasi_damange_restofback_buttocks_right_1\\\":\\\"0\\\",\\\"cdasi_damange_Abdomen_left_1\\\":\\\"0\\\",\\\"cdasi_damange_Abdomen_right_1\\\":\\\"1\\\",\\\"cdasi_damange_Lateralupperthigh_left_1\\\":\\\"0\\\",\\\"cdasi_damange_Lateralupperthigh_right_1\\\":\\\"0\\\",\\\"cdasi_damange_restofleg_feet_left_1\\\":\\\"1\\\",\\\"cdasi_damange_restofleg_feet_right_1\\\":\\\"0\\\",\\\"cdasi_damange_Arm_left_1\\\":\\\"0\\\",\\\"cdasi_damange_Arm_right_1\\\":\\\"1\\\",\\\"cdasi_damange_mechanicshand_left_1\\\":\\\"1\\\",\\\"cdasi_damange_mechanicshand_right_1\\\":\\\"0\\\",\\\"cdasi_damange_dursumofhand_left_1\\\":\\\"0\\\",\\\"cdasi_damange_dursumofhand_right_1\\\":\\\"1\\\",\\\"cdasi_damange_gottronsnotonhands_left_1\\\":\\\"1\\\",\\\"cdasi_damange_gottronsnotonhands_right_1\\\":\\\"0\\\"}}\"', '2025-04-25 19:50:57', '2025-04-25 19:50:57', '2025-04-25 19:50:57'),
(5, 3, 2, '\"{\\\"scores\\\":{\\\"cdasi_damange_scalp_left_1\\\":\\\"1\\\",\\\"cdasi_damange_scalp_right_1\\\":\\\"1\\\",\\\"cdasi_damange_malar_left_1\\\":\\\"1\\\",\\\"cdasi_damange_malar_right_1\\\":\\\"1\\\",\\\"cdasi_damange_Periorbital_left_1\\\":\\\"1\\\",\\\"cdasi_damange_Periorbital_right_1\\\":\\\"1\\\",\\\"cdasi_damange_restofface_left_1\\\":\\\"1\\\",\\\"cdasi_damange_restofface_right_1\\\":\\\"1\\\",\\\"cdasi_damange_vareaneck_left_1\\\":\\\"1\\\",\\\"cdasi_damange_vareaneck_right_1\\\":\\\"1\\\",\\\"cdasi_damange_Posterior_left_1\\\":\\\"1\\\",\\\"cdasi_damange_Posterior_right_1\\\":\\\"1\\\",\\\"cdasi_damange_upperback_shoulder_left_1\\\":\\\"1\\\",\\\"cdasi_damange_upperback_shoulder_right_1\\\":\\\"1\\\",\\\"cdasi_damange_restofback_buttocks_left_1\\\":\\\"1\\\",\\\"cdasi_damange_restofback_buttocks_right_1\\\":\\\"1\\\",\\\"cdasi_damange_Abdomen_left_1\\\":\\\"1\\\",\\\"cdasi_damange_Abdomen_right_1\\\":\\\"1\\\",\\\"cdasi_damange_Lateralupperthigh_left_1\\\":\\\"1\\\",\\\"cdasi_damange_Lateralupperthigh_right_1\\\":\\\"1\\\",\\\"cdasi_damange_restofleg_feet_left_1\\\":\\\"1\\\",\\\"cdasi_damange_restofleg_feet_right_1\\\":\\\"1\\\",\\\"cdasi_damange_Arm_left_1\\\":\\\"1\\\",\\\"cdasi_damange_Arm_right_1\\\":\\\"1\\\",\\\"cdasi_damange_mechanicshand_left_1\\\":\\\"1\\\",\\\"cdasi_damange_mechanicshand_right_1\\\":\\\"1\\\",\\\"cdasi_damange_dursumofhand_left_1\\\":\\\"1\\\",\\\"cdasi_damange_dursumofhand_right_1\\\":\\\"1\\\",\\\"cdasi_damange_gottronsnotonhands_left_1\\\":\\\"1\\\",\\\"cdasi_damange_gottronsnotonhands_right_1\\\":\\\"1\\\"}}\"', '2025-04-26 12:19:20', '2025-04-26 12:19:20', '2025-04-26 12:19:20');

-- --------------------------------------------------------

--
-- Table structure for table `form11_data`
--

CREATE TABLE `form11_data` (
  `id` bigint(20) UNSIGNED NOT NULL,
  `user_id` bigint(20) UNSIGNED NOT NULL,
  `case_id` bigint(20) UNSIGNED NOT NULL,
  `form_data` longtext CHARACTER SET utf8mb4 COLLATE utf8mb4_bin NOT NULL CHECK (json_valid(`form_data`)),
  `submitted_at` timestamp NULL DEFAULT NULL,
  `created_at` timestamp NULL DEFAULT NULL,
  `updated_at` timestamp NULL DEFAULT NULL
) ENGINE=InnoDB DEFAULT CHARSET=utf8mb4 COLLATE=utf8mb4_unicode_ci;

--
-- Dumping data for table `form11_data`
--

INSERT INTO `form11_data` (`id`, `user_id`, `case_id`, `form_data`, `submitted_at`, `created_at`, `updated_at`) VALUES
(1, 33, 1, '\"{\\\"scores\\\":{\\\"total_activity_score\\\":\\\"49\\\",\\\"total_damage_score\\\":\\\"30\\\",\\\"erythema_2\\\":\\\"1\\\",\\\"damage_2\\\":\\\"1\\\",\\\"papule_present_2\\\":\\\"no\\\",\\\"periunguals\\\":\\\"1\\\",\\\"alopecias\\\":\\\"1\\\"}}\"', '2025-04-25 13:28:23', '2025-04-25 13:28:23', '2025-04-25 13:28:23'),
(3, 42, 1, '\"{\\\"scores\\\":{\\\"total_activity_score\\\":\\\"5\\\",\\\"total_damage_score\\\":\\\"14\\\",\\\"erythema_2\\\":\\\"0\\\",\\\"damage_2\\\":\\\"0\\\",\\\"papule_present_2\\\":\\\"yes\\\",\\\"periunguals\\\":\\\"0\\\",\\\"alopecias\\\":\\\"0\\\"}}\"', '2025-04-25 19:23:33', '2025-04-25 19:23:33', '2025-04-25 19:23:33'),
(4, 38, 1, '\"{\\\"scores\\\":{\\\"total_activity_score\\\":\\\"16\\\",\\\"total_damage_score\\\":\\\"0\\\",\\\"erythema_2\\\":\\\"2\\\",\\\"damage_2\\\":\\\"1\\\",\\\"papule_present_2\\\":\\\"yes\\\",\\\"periunguals\\\":\\\"1\\\",\\\"alopecias\\\":\\\"0\\\"}}\"', '2025-04-25 19:50:57', '2025-04-25 19:50:57', '2025-04-25 19:50:57'),
(5, 3, 2, '\"{\\\"scores\\\":{\\\"total_activity_score\\\":\\\"94\\\",\\\"total_damage_score\\\":\\\"30\\\",\\\"erythema_2\\\":\\\"1\\\",\\\"damage_2\\\":\\\"1\\\",\\\"papule_present_2\\\":\\\"no\\\",\\\"periunguals\\\":\\\"1\\\",\\\"alopecias\\\":\\\"1\\\"}}\"', '2025-04-26 12:19:21', '2025-04-26 12:19:21', '2025-04-26 12:19:21');

-- --------------------------------------------------------

--
-- Table structure for table `form12_pgda_data`
--

CREATE TABLE `form12_pgda_data` (
  `id` bigint(20) UNSIGNED NOT NULL,
  `user_id` bigint(20) UNSIGNED NOT NULL,
  `case_id` bigint(20) UNSIGNED NOT NULL,
  `form_data` longtext CHARACTER SET utf8mb4 COLLATE utf8mb4_bin NOT NULL CHECK (json_valid(`form_data`)),
  `submitted_at` timestamp NULL DEFAULT NULL,
  `created_at` timestamp NULL DEFAULT NULL,
  `updated_at` timestamp NULL DEFAULT NULL
) ENGINE=InnoDB DEFAULT CHARSET=utf8mb4 COLLATE=utf8mb4_unicode_ci;

--
-- Dumping data for table `form12_pgda_data`
--

INSERT INTO `form12_pgda_data` (`id`, `user_id`, `case_id`, `form_data`, `submitted_at`, `created_at`, `updated_at`) VALUES
(1, 33, 1, '\"{\\\"scores\\\":{\\\"scale2\\\":\\\"4\\\"}}\"', '2025-04-25 13:28:23', '2025-04-25 13:28:23', '2025-04-25 13:28:23'),
(3, 42, 1, '\"{\\\"scores\\\":{\\\"scale2\\\":\\\"3\\\"}}\"', '2025-04-25 19:23:33', '2025-04-25 19:23:33', '2025-04-25 19:23:33'),
(4, 38, 1, '\"{\\\"scores\\\":{\\\"scale2\\\":\\\"5\\\"}}\"', '2025-04-25 19:50:57', '2025-04-25 19:50:57', '2025-04-25 19:50:57'),
(5, 3, 2, '\"{\\\"scores\\\":{\\\"scale2\\\":\\\"4\\\"}}\"', '2025-04-26 12:19:21', '2025-04-26 12:19:21', '2025-04-26 12:19:21');

-- --------------------------------------------------------

--
-- Table structure for table `form_drafts`
--

CREATE TABLE `form_drafts` (
  `id` bigint(20) UNSIGNED NOT NULL,
  `user_id` bigint(20) UNSIGNED NOT NULL,
  `form_id` varchar(255) NOT NULL,
  `case_id` bigint(20) UNSIGNED NOT NULL,
  `form_data` longtext CHARACTER SET utf8mb4 COLLATE utf8mb4_bin DEFAULT NULL CHECK (json_valid(`form_data`)),
  `status` enum('draft','submitted') NOT NULL DEFAULT 'draft',
  `created_at` timestamp NULL DEFAULT NULL,
  `updated_at` timestamp NULL DEFAULT NULL
) ENGINE=InnoDB DEFAULT CHARSET=utf8mb4 COLLATE=utf8mb4_unicode_ci;

--
-- Dumping data for table `form_drafts`
--

INSERT INTO `form_drafts` (`id`, `user_id`, `form_id`, `case_id`, `form_data`, `status`, `created_at`, `updated_at`) VALUES
(1, 33, 'form2mmt8', 1, '\"{\\\"scores\\\":{\\\"neck_flexor_axial\\\":\\\"1\\\",\\\"deltoid_right\\\":\\\"1\\\",\\\"deltoid_left\\\":\\\"1\\\",\\\"biceps_right\\\":\\\"1\\\",\\\"biceps_left\\\":\\\"1\\\",\\\"quadriceps_right\\\":\\\"1\\\",\\\"quadriceps_left\\\":\\\"1\\\",\\\"gluteus_medius_right\\\":\\\"1\\\",\\\"gluteus_medius_left\\\":\\\"1\\\",\\\"gluteus_maximus_right\\\":\\\"1\\\",\\\"gluteus_maximus_left\\\":\\\"1\\\",\\\"wrist_extensor_right\\\":\\\"1\\\",\\\"wrist_extensor_left\\\":\\\"1\\\",\\\"ankle_dorsiflexion_right\\\":\\\"1\\\",\\\"ankle_dorsiflexion_left\\\":\\\"1\\\",\\\"total_scoring_value\\\":\\\"15\\\",\\\"max_scoring_right\\\":\\\"70\\\",\\\"max_scoring_left\\\":\\\"70\\\",\\\"max_scoring_axial\\\":\\\"10\\\",\\\"maximum_score\\\":\\\"150\\\",\\\"total_individual_right\\\":\\\"7\\\",\\\"total_individual_left\\\":\\\"7\\\",\\\"total_individual_axial\\\":\\\"1\\\"}}\"', 'submitted', '2025-04-25 13:25:04', '2025-04-25 13:28:23'),
(2, 33, 'form3cdasi', 1, '\"{\\\"scores\\\":{\\\"activity-radio1\\\":\\\"1\\\",\\\"activity-radio2\\\":\\\"1\\\",\\\"activity-radio3\\\":\\\"1\\\",\\\"activity-radio4\\\":\\\"1\\\",\\\"malar_middle_initia_cdasi\\\":\\\"1\\\",\\\"malar_right_initia_cdasi\\\":\\\"1\\\",\\\"Periorbital_left_initia_cdasi\\\":\\\"1\\\",\\\"Periorbital_middle_initia_cdasi\\\":\\\"1\\\",\\\"Periorbital_right_initia_cdasi\\\":\\\"1\\\",\\\"restofface_left_initia_cdasi\\\":\\\"1\\\",\\\"restofface_middle_initia_cdasi\\\":\\\"1\\\",\\\"restofface_right_initia_cdasi\\\":\\\"1\\\",\\\"vareaneck_left_initia_cdasi\\\":\\\"1\\\",\\\"vareaneck_middle_initia_cdasi\\\":\\\"1\\\",\\\"vareaneck_right_initia_cdasi\\\":\\\"1\\\",\\\"posterior_left_initia_cdasi\\\":\\\"1\\\",\\\"posterior_middle_initia_cdasi\\\":\\\"1\\\",\\\"posterior_right_initia_cdasi\\\":\\\"1\\\",\\\"upperbackshoulder_left_initia_cdasi\\\":\\\"1\\\",\\\"upperbackshoulder_middle_initia_cdasi\\\":\\\"1\\\",\\\"upperbackshoulder_right_initia_cdasi\\\":\\\"1\\\",\\\"restofbackbuttocks_left_initia_cdasi\\\":\\\"1\\\",\\\"restofbackbuttocks_middle_initia_cdasi\\\":\\\"1\\\",\\\"restofbackbuttocks_ritgh_initia_cdasi\\\":\\\"1\\\",\\\"abdomen_left_initia_cdasi\\\":\\\"1\\\",\\\"abdomen_middle_initia_cdasi\\\":\\\"1\\\",\\\"abdomen_right_initia_cdasi\\\":\\\"1\\\",\\\"lateralupperthigh_left_initia_cdasi\\\":\\\"1\\\",\\\"lateralupperthigh_middle_initia_cdasi\\\":\\\"1\\\",\\\"lateralupperthigh_right_initia_cdasi\\\":\\\"1\\\",\\\"restoflegfeet_left_initia_cdasi\\\":\\\"1\\\",\\\"restoflegfeet_middle_initia_cdasi\\\":\\\"1\\\",\\\"restoflegfeet_right_initia_cdasi\\\":\\\"1\\\",\\\"arm_left_initia_cdasi\\\":\\\"1\\\",\\\"arm_middle_initia_cdasi\\\":\\\"1\\\",\\\"arm_right_initia_cdasi\\\":\\\"1\\\",\\\"mechanichand_left_initia_cdasi\\\":\\\"1\\\",\\\"mechanichand_middle_initia_cdasi\\\":\\\"1\\\",\\\"mechanichand_right_initia_cdasi\\\":\\\"1\\\",\\\"dorsumofhands_left_initia_cdasi\\\":\\\"1\\\",\\\"dorsumofhands_middle_initia_cdasi\\\":\\\"1\\\",\\\"dorsumofhands_right_initia_cdasi\\\":\\\"1\\\",\\\"gottronNotonHands_left_initia_cdasi\\\":\\\"1\\\",\\\"gottronNotonHands_middle_initia_cdasi\\\":\\\"1\\\",\\\"gottronNotonHands_right_initia_cdasi\\\":\\\"1\\\"}}\"', 'submitted', '2025-04-25 13:25:27', '2025-04-25 13:28:23'),
(3, 33, 'form4cdasidamange', 1, '\"{\\\"scores\\\":{\\\"cdasi_damange_scalp_1\\\":\\\"1\\\",\\\"cdasi_damange_scalp_2\\\":\\\"1\\\",\\\"cdasi_damange_malar_area_1\\\":\\\"1\\\",\\\"cdasi_damange_malar_area_2\\\":\\\"1\\\",\\\"cdasi_damange_Periorbital_1\\\":\\\"1\\\",\\\"cdasi_damange_Periorbital_2\\\":\\\"1\\\",\\\"cdasi_damange_Rest_of_the_face_1\\\":\\\"1\\\",\\\"cdasi_damange_Rest_of_the_face_2\\\":\\\"1\\\",\\\"cdasi_damange_v_area_neck_1\\\":\\\"1\\\",\\\"cdasi_damange_v_area_neck_2\\\":\\\"1\\\",\\\"cdasi_damange_posterior_neck_1\\\":\\\"1\\\",\\\"cdasi_damange_posterior_neck_2\\\":\\\"1\\\",\\\"cdasi_damange_upper_back_shoulders_1\\\":\\\"1\\\",\\\"cdasi_damange_upper_back_shoulders_2\\\":\\\"1\\\",\\\"cdasi_damange_Rest_of_back_shoulder_1\\\":\\\"1\\\",\\\"cdasi_damange_Rest_of_back_shoulder_2\\\":\\\"1\\\",\\\"cdasi_damange_Abdomen_1\\\":\\\"1\\\",\\\"cdasi_damange_Abdomen_2\\\":\\\"1\\\",\\\"cdasi_damange_Lateral_upper_thigh_1\\\":\\\"1\\\",\\\"cdasi_damange_Lateral_upper_thigh_2\\\":\\\"1\\\",\\\"cdasi_damange_Rest_of_leg_and_feet_1\\\":\\\"1\\\",\\\"cdasi_damange_Rest_of_leg_and_feet_2\\\":\\\"1\\\",\\\"cdasi_damange_Arm_1\\\":\\\"1\\\",\\\"cdasi_damange_Arm_2\\\":\\\"1\\\",\\\"cdasi_damange_Mechanic_hand_1\\\":\\\"1\\\",\\\"cdasi_damange_Mechanic_hand_2\\\":\\\"1\\\",\\\"cdasi_damange_Dorums_of_hands_1\\\":\\\"1\\\",\\\"cdasi_damange_Dorums_of_hands_2\\\":\\\"1\\\",\\\"cdasi_damange_Gottrons_not_on_hand_1\\\":\\\"1\\\",\\\"cdasi_damange_Gottrons_not_on_hand_2\\\":\\\"1\\\"}}\"', 'submitted', '2025-04-25 13:25:44', '2025-04-25 13:28:23'),
(4, 33, 'form5', 1, '\"{\\\"scores\\\":{\\\"total_activity_score\\\":\\\"49\\\",\\\"total_damage_score\\\":\\\"30\\\",\\\"erythema\\\":\\\"1\\\",\\\"erythema_final_score\\\":\\\"1\\\",\\\"damage\\\":\\\"1\\\",\\\"papule_present\\\":\\\"no\\\",\\\"periunguals\\\":\\\"1\\\",\\\"alopecias\\\":\\\"1\\\"}}\"', 'submitted', '2025-04-25 13:25:56', '2025-04-25 13:28:23'),
(5, 33, 'form1mdaat', 1, '\"{\\\"scores\\\":{\\\"disease_activity_1\\\":\\\"4\\\",\\\"clinical_features_1_1\\\":\\\"1\\\",\\\"clinical_features_1_2\\\":\\\"1\\\",\\\"clinical_features_1_3\\\":\\\"1\\\",\\\"disease_activity_2\\\":\\\"4\\\",\\\"clinical_features_2_1\\\":\\\"1\\\",\\\"clinical_features_2_2\\\":\\\"1\\\",\\\"clinical_features_2_3\\\":\\\"1\\\",\\\"erythematous_rash_a\\\":\\\"1\\\",\\\"erythematous_rash_b\\\":\\\"1\\\",\\\"clinical_features_2_5\\\":\\\"1\\\",\\\"clinical_features_2_6\\\":\\\"1\\\",\\\"clinical_features_2_7\\\":\\\"1\\\",\\\"alopecia_a\\\":\\\"1\\\",\\\"alopecia_b\\\":\\\"1\\\",\\\"mechanics_hand\\\":\\\"1\\\",\\\"disease_activity_3\\\":\\\"4\\\",\\\"polyarthritis_a\\\":\\\"1\\\",\\\"moderately_active_arthritis_b\\\":\\\"1\\\",\\\"milarth_c\\\":\\\"1\\\",\\\"arthralgia\\\":\\\"1\\\",\\\"disease_activity_4\\\":\\\"4\\\",\\\"dysphagia_a\\\":\\\"1\\\",\\\"dysphagia_b\\\":\\\"1\\\",\\\"abdominal_pain_a\\\":\\\"1\\\",\\\"abdominal_pain_b\\\":\\\"1\\\",\\\"abdominal_pain_c\\\":\\\"1\\\",\\\"disease_activity_5\\\":\\\"4\\\",\\\"resp_muscle_weakness_a\\\":\\\"1\\\",\\\"resp_muscle_weakness_b\\\":\\\"1\\\",\\\"active_ild_a\\\":\\\"1\\\",\\\"active_ild_b\\\":\\\"1\\\",\\\"active_ild_c\\\":\\\"1\\\",\\\"dysphonia_a\\\":\\\"1\\\",\\\"dysphonia_b\\\":\\\"1\\\",\\\"cardiovascular_disease_activity\\\":\\\"4\\\",\\\"clinical_features_6_1\\\":\\\"1\\\",\\\"clinical_features_6_2\\\":\\\"1\\\",\\\"arrhythmia_a\\\":\\\"1\\\",\\\"arrhythmia_b\\\":\\\"1\\\",\\\"sinus_tachycardia\\\":\\\"1\\\",\\\"other_disease_activity_note\\\":\\\"mdaat1\\\",\\\"other_disease_activity_slider\\\":\\\"4\\\",\\\"other_disease_activity_radio\\\":\\\"1\\\",\\\"extra_muscular_global_assessment\\\":\\\"4\\\",\\\"muscle_disease_activity\\\":\\\"4\\\",\\\"myositis_a\\\":\\\"1\\\",\\\"myositis_b\\\":\\\"1\\\",\\\"myositis_c\\\":\\\"1\\\",\\\"myalgia\\\":\\\"1\\\",\\\"global_disease_activity\\\":\\\"4\\\"}}\"', 'submitted', '2025-04-25 13:26:15', '2025-04-25 13:28:23'),
(6, 33, 'form8followupmmt8', 1, '\"{\\\"scores\\\":{\\\"neck_flexor_axial_followup\\\":\\\"1\\\",\\\"deltoid_right_followup\\\":\\\"1\\\",\\\"deltoid_left_followup\\\":\\\"1\\\",\\\"biceps_right_followup\\\":\\\"1\\\",\\\"biceps_left_followup\\\":\\\"1\\\",\\\"quadriceps_right_followup\\\":\\\"1\\\",\\\"quadriceps_left_followup\\\":\\\"1\\\",\\\"gluteus_medius_right_followup\\\":\\\"1\\\",\\\"gluteus_medius_left_followup\\\":\\\"1\\\",\\\"gluteus_maximus_right_followup\\\":\\\"1\\\",\\\"gluteus_maximus_left_followup\\\":\\\"1\\\",\\\"wrist_extensor_right_followup\\\":\\\"1\\\",\\\"wrist_extensor_left_followup\\\":\\\"1\\\",\\\"ankle_dorsiflexion_right_followup\\\":\\\"1\\\",\\\"ankle_dorsiflexion_left_followup\\\":\\\"1\\\",\\\"total_scoring_value_followup\\\":\\\"15\\\",\\\"max_scoring_right_followup\\\":\\\"70\\\",\\\"max_scoring_left_followup\\\":\\\"70\\\",\\\"max_scoring_axial_followup\\\":\\\"10\\\",\\\"maximum_score_followup\\\":\\\"150\\\",\\\"total_individual_right_followup\\\":\\\"7\\\",\\\"total_individual_left_followup\\\":\\\"7\\\",\\\"total_individual_axial_followup\\\":\\\"1\\\"}}\"', 'submitted', '2025-04-25 13:26:50', '2025-04-25 13:28:23'),
(7, 33, 'form6pgda', 1, '\"{\\\"scores\\\":{\\\"physician_global_activity\\\":\\\"4\\\"}}\"', 'submitted', '2025-04-25 13:26:54', '2025-04-25 13:28:23'),
(8, 33, 'form9cdasiactivity', 1, '\"{\\\"scores\\\":{\\\"cdasi_activity_scalp_1\\\":\\\"1\\\",\\\"cdasi_activity_scalp_2\\\":\\\"1\\\",\\\"cdasi_activity_scalp_3\\\":\\\"1\\\",\\\"cdasi_activity_malar_area_1\\\":\\\"1\\\",\\\"cdasi_activity_malar_area_2\\\":\\\"1\\\",\\\"cdasi_activity_malar_area_3\\\":\\\"1\\\",\\\"cdasi_activity_Periorbital_1\\\":\\\"1\\\",\\\"cdasi_activity_Periorbital_2\\\":\\\"1\\\",\\\"cdasi_activity_Periorbital_3\\\":\\\"1\\\",\\\"cdasi_activity_Rest_of_the_face_1\\\":\\\"1\\\",\\\"cdasi_activity_Rest_of_the_face_2\\\":\\\"1\\\",\\\"cdasi_activity_Rest_of_the_face_3\\\":\\\"1\\\",\\\"cdasi_activity_v-neck_frontal_1\\\":\\\"1\\\",\\\"cdasi_activity_v-neck_frontal_2\\\":\\\"1\\\",\\\"cdasi_activity_v-neck_frontal_3\\\":\\\"1\\\",\\\"cdasi_activity_posterior_neck_1\\\":\\\"1\\\",\\\"cdasi_activity_posterior_neck_2\\\":\\\"1\\\",\\\"cdasi_activity_posterior_neck_3\\\":\\\"1\\\",\\\"cdasi_activity_upper_back_shoulder_1\\\":\\\"1\\\",\\\"cdasi_activity_upper_back_shoulder_2\\\":\\\"1\\\",\\\"cdasi_activity_upper_back_shoulder_3\\\":\\\"1\\\",\\\"cdasi_activity_Rest_of_back_buttocks_1\\\":\\\"1\\\",\\\"cdasi_activity_Rest_of_back_buttocks_2\\\":\\\"1\\\",\\\"cdasi_activity_Rest_of_back_buttocks_3\\\":\\\"1\\\",\\\"cdasi_activity_Abdomen_1\\\":\\\"1\\\",\\\"cdasi_activity_Abdomen_2\\\":\\\"1\\\",\\\"cdasi_activity_Abdomen_3\\\":\\\"1\\\",\\\"cdasi_activity_Lateral_upper_thigh_1\\\":\\\"1\\\",\\\"cdasi_activity_Lateral_upper_thigh_2\\\":\\\"1\\\",\\\"cdasi_activity_Lateral_upper_thigh_3\\\":\\\"1\\\",\\\"cdasi_activity_Rest_of_leg_feet_1\\\":\\\"1\\\",\\\"cdasi_activity_Rest_of_leg_feet_2\\\":\\\"1\\\",\\\"cdasi_activity_Rest_of_leg_feet_3\\\":\\\"1\\\",\\\"cdasi_activity_Arm_1\\\":\\\"1\\\",\\\"cdasi_activity_Arm_2\\\":\\\"1\\\",\\\"cdasi_activity_Arm_3\\\":\\\"1\\\",\\\"cdasi_activity_Mechanic_hand_1\\\":\\\"1\\\",\\\"cdasi_activity_Mechanic_hand_2\\\":\\\"1\\\",\\\"cdasi_activity_Mechanic_hand_3\\\":\\\"1\\\",\\\"cdasi_activity_Dorsum_of_hand_1\\\":\\\"1\\\",\\\"cdasi_activity_Dorsum_of_hand_2\\\":\\\"1\\\",\\\"cdasi_activity_Dorsum_of_hand_3\\\":\\\"1\\\",\\\"cdasi_activity_Gottrons_not_on_hand_1\\\":\\\"1\\\",\\\"cdasi_activity_Gottrons_not_on_hand_2\\\":\\\"1\\\",\\\"cdasi_activity_Gottrons_not_on_hand_3\\\":\\\"1\\\"}}\"', 'submitted', '2025-04-25 13:27:10', '2025-04-25 13:28:23'),
(9, 33, 'form10cdasidamage', 1, '\"{\\\"scores\\\":{\\\"cdasi_damange_scalp_left_1\\\":\\\"1\\\",\\\"cdasi_damange_scalp_right_1\\\":\\\"1\\\",\\\"cdasi_damange_malar_left_1\\\":\\\"1\\\",\\\"cdasi_damange_malar_right_1\\\":\\\"1\\\",\\\"cdasi_damange_Periorbital_left_1\\\":\\\"1\\\",\\\"cdasi_damange_Periorbital_right_1\\\":\\\"1\\\",\\\"cdasi_damange_restofface_left_1\\\":\\\"1\\\",\\\"cdasi_damange_restofface_right_1\\\":\\\"1\\\",\\\"cdasi_damange_vareaneck_left_1\\\":\\\"1\\\",\\\"cdasi_damange_vareaneck_right_1\\\":\\\"1\\\",\\\"cdasi_damange_Posterior_left_1\\\":\\\"1\\\",\\\"cdasi_damange_Posterior_right_1\\\":\\\"1\\\",\\\"cdasi_damange_upperback_shoulder_left_1\\\":\\\"1\\\",\\\"cdasi_damange_upperback_shoulder_right_1\\\":\\\"1\\\",\\\"cdasi_damange_restofback_buttocks_left_1\\\":\\\"1\\\",\\\"cdasi_damange_restofback_buttocks_right_1\\\":\\\"1\\\",\\\"cdasi_damange_Abdomen_left_1\\\":\\\"1\\\",\\\"cdasi_damange_Abdomen_right_1\\\":\\\"1\\\",\\\"cdasi_damange_Lateralupperthigh_left_1\\\":\\\"1\\\",\\\"cdasi_damange_Lateralupperthigh_right_1\\\":\\\"1\\\",\\\"cdasi_damange_restofleg_feet_left_1\\\":\\\"1\\\",\\\"cdasi_damange_restofleg_feet_right_1\\\":\\\"1\\\",\\\"cdasi_damange_Arm_left_1\\\":\\\"1\\\",\\\"cdasi_damange_Arm_right_1\\\":\\\"1\\\",\\\"cdasi_damange_mechanicshand_left_1\\\":\\\"1\\\",\\\"cdasi_damange_mechanicshand_right_1\\\":\\\"1\\\",\\\"cdasi_damange_dursumofhand_left_1\\\":\\\"1\\\",\\\"cdasi_damange_dursumofhand_right_1\\\":\\\"1\\\",\\\"cdasi_damange_gottronsnotonhands_left_1\\\":\\\"1\\\",\\\"cdasi_damange_gottronsnotonhands_right_1\\\":\\\"1\\\"}}\"', 'submitted', '2025-04-25 13:27:23', '2025-04-25 13:28:23'),
(10, 33, 'form11', 1, '\"{\\\"scores\\\":{\\\"total_activity_score\\\":\\\"49\\\",\\\"total_damage_score\\\":\\\"30\\\",\\\"erythema_2\\\":\\\"1\\\",\\\"damage_2\\\":\\\"1\\\",\\\"papule_present_2\\\":\\\"no\\\",\\\"periunguals\\\":\\\"1\\\",\\\"alopecias\\\":\\\"1\\\"}}\"', 'submitted', '2025-04-25 13:27:33', '2025-04-25 13:28:23'),
(11, 33, 'form7mdaatfollowup', 1, '\"{\\\"scores\\\":{\\\"disease_activity_1_followup\\\":\\\"3\\\",\\\"clinical_features_1_1_followup\\\":\\\"1\\\",\\\"clinical_features_1_2_followup\\\":\\\"1\\\",\\\"clinical_features_1_3_followup\\\":\\\"1\\\",\\\"disease_activity_2_followup\\\":\\\"4\\\",\\\"clinical_features_2_1_followup\\\":\\\"1\\\",\\\"clinical_features_2_2_followup\\\":\\\"1\\\",\\\"clinical_features_2_3_followup\\\":\\\"1\\\",\\\"clinical_features_2_4a_followup\\\":\\\"1\\\",\\\"clinical_features_2_4b_followup\\\":\\\"1\\\",\\\"clinical_features_2_5_followup\\\":\\\"1\\\",\\\"clinical_features_2_6_followup\\\":\\\"1\\\",\\\"clinical_features_2_7_followup\\\":\\\"1\\\",\\\"clinical_features_2_8a_followup\\\":\\\"1\\\",\\\"clinical_features_2_8b_followup\\\":\\\"1\\\",\\\"clinical_features_2_9_followup\\\":\\\"1\\\",\\\"disease_activity_3_followup\\\":\\\"4\\\",\\\"clinical_features_3_1a_followup\\\":\\\"1\\\",\\\"clinical_features_3_1b_followup\\\":\\\"1\\\",\\\"clinical_features_3_1c_followup\\\":\\\"1\\\",\\\"clinical_features_3_2_followup\\\":\\\"1\\\",\\\"disease_activity_4_followup\\\":\\\"4\\\",\\\"clinical_features_4_1a_followup\\\":\\\"1\\\",\\\"clinical_features_4_1b_followup\\\":\\\"1\\\",\\\"clinical_features_4_2a_followup\\\":\\\"1\\\",\\\"clinical_features_4_2b_followup\\\":\\\"1\\\",\\\"clinical_features_4_2c_followup\\\":\\\"1\\\",\\\"disease_activity_5_followup\\\":\\\"4\\\",\\\"clinical_features_5_1a_followup\\\":\\\"1\\\",\\\"clinical_features_5_1b_followup\\\":\\\"1\\\",\\\"clinical_features_5_2a_followup\\\":\\\"1\\\",\\\"clinical_features_5_2b_followup\\\":\\\"1\\\",\\\"clinical_features_5_2c_followup\\\":\\\"1\\\",\\\"clinical_features_5_3a_followup\\\":\\\"1\\\",\\\"clinical_features_5_3b_followup\\\":\\\"1\\\",\\\"disease_activity_6_followup\\\":\\\"4\\\",\\\"clinical_features_6_1_followup\\\":\\\"1\\\",\\\"clinical_features_6_2_followup\\\":\\\"1\\\",\\\"clinical_features_6_3a_followup\\\":\\\"1\\\",\\\"clinical_features_6_3b_followup\\\":\\\"1\\\",\\\"clinical_features_6_4_followup\\\":\\\"1\\\",\\\"other_disease_specification\\\":\\\"mddat2\\\",\\\"disease_activity_7_followup\\\":\\\"4\\\",\\\"clinical_features_7_followup\\\":\\\"1\\\",\\\"disease_activity_8_followup\\\":\\\"3\\\",\\\"disease_activity_9_followup\\\":\\\"4\\\",\\\"clinical_features_10a_followup\\\":\\\"1\\\",\\\"clinical_features_10b_followup\\\":\\\"1\\\",\\\"clinical_features_10c_followup\\\":\\\"1\\\",\\\"clinical_features_11_followup\\\":\\\"1\\\",\\\"global_disease_activity_followup\\\":\\\"4\\\"}}\"', 'submitted', '2025-04-25 13:27:45', '2025-04-25 13:28:23'),
(12, 33, 'form12pgda', 1, '\"{\\\"scores\\\":{\\\"scale2\\\":\\\"4\\\"}}\"', 'submitted', '2025-04-25 13:28:18', '2025-04-25 13:28:23'),
(25, 33, 'form2mmt8', 2, '\"{\\\"scores\\\":{\\\"neck_flexor_axial\\\":\\\"8\\\",\\\"deltoid_right\\\":\\\"5\\\",\\\"deltoid_left\\\":\\\"2\\\",\\\"biceps_right\\\":\\\"7\\\",\\\"biceps_left\\\":\\\"8\\\",\\\"quadriceps_right\\\":\\\"\\\",\\\"quadriceps_left\\\":\\\"\\\",\\\"gluteus_medius_right\\\":\\\"\\\",\\\"gluteus_medius_left\\\":\\\"\\\",\\\"gluteus_maximus_right\\\":\\\"\\\",\\\"gluteus_maximus_left\\\":\\\"\\\",\\\"wrist_extensor_right\\\":\\\"\\\",\\\"wrist_extensor_left\\\":\\\"\\\",\\\"ankle_dorsiflexion_right\\\":\\\"\\\",\\\"ankle_dorsiflexion_left\\\":\\\"\\\",\\\"total_scoring_value\\\":\\\"30\\\",\\\"max_scoring_right\\\":\\\"70\\\",\\\"max_scoring_left\\\":\\\"70\\\",\\\"max_scoring_axial\\\":\\\"10\\\",\\\"maximum_score\\\":\\\"150\\\",\\\"total_individual_right\\\":\\\"12\\\",\\\"total_individual_left\\\":\\\"10\\\",\\\"total_individual_axial\\\":\\\"8\\\"}}\"', 'draft', '2025-04-25 17:26:31', '2025-04-25 17:26:38'),
(26, 33, 'form6pgda', 2, '\"{\\\"scores\\\":{\\\"physician_global_activity\\\":\\\"0\\\"}}\"', 'draft', '2025-04-25 17:26:40', '2025-04-25 17:26:40'),
(27, 33, 'form5', 2, '\"{\\\"scores\\\":{\\\"total_activity_score\\\":\\\"0\\\",\\\"total_damage_score\\\":\\\"0\\\",\\\"erythema_final_score\\\":\\\"\\\"}}\"', 'draft', '2025-04-25 17:26:40', '2025-04-25 17:26:40'),
(28, 33, 'form3cdasi', 2, '\"{\\\"scores\\\":[]}\"', 'draft', '2025-04-25 17:26:40', '2025-04-25 17:26:40'),
(29, 33, 'form4cdasidamange', 2, '\"{\\\"scores\\\":[]}\"', 'draft', '2025-04-25 17:26:40', '2025-04-25 17:26:40'),
(30, 33, 'form1mdaat', 2, '\"{\\\"scores\\\":{\\\"disease_activity_1\\\":\\\"5\\\",\\\"disease_activity_2\\\":\\\"5\\\",\\\"disease_activity_3\\\":\\\"5\\\",\\\"disease_activity_4\\\":\\\"5\\\",\\\"disease_activity_5\\\":\\\"5\\\",\\\"cardiovascular_disease_activity\\\":\\\"5\\\",\\\"other_disease_activity_note\\\":\\\"\\\",\\\"other_disease_activity_slider\\\":\\\"5\\\",\\\"extra_muscular_global_assessment\\\":\\\"5\\\",\\\"muscle_disease_activity\\\":\\\"5\\\",\\\"global_disease_activity\\\":\\\"5\\\"}}\"', 'draft', '2025-04-25 17:26:40', '2025-04-25 17:26:40'),
(31, 33, 'form8followupmmt8', 2, '\"{\\\"scores\\\":{\\\"neck_flexor_axial_followup\\\":\\\"\\\",\\\"deltoid_right_followup\\\":\\\"\\\",\\\"deltoid_left_followup\\\":\\\"\\\",\\\"biceps_right_followup\\\":\\\"\\\",\\\"biceps_left_followup\\\":\\\"\\\",\\\"quadriceps_right_followup\\\":\\\"\\\",\\\"quadriceps_left_followup\\\":\\\"\\\",\\\"gluteus_medius_right_followup\\\":\\\"\\\",\\\"gluteus_medius_left_followup\\\":\\\"\\\",\\\"gluteus_maximus_right_followup\\\":\\\"\\\",\\\"gluteus_maximus_left_followup\\\":\\\"\\\",\\\"wrist_extensor_right_followup\\\":\\\"\\\",\\\"wrist_extensor_left_followup\\\":\\\"\\\",\\\"ankle_dorsiflexion_right_followup\\\":\\\"\\\",\\\"ankle_dorsiflexion_left_followup\\\":\\\"\\\",\\\"total_scoring_value_followup\\\":\\\"0\\\",\\\"max_scoring_right_followup\\\":\\\"70\\\",\\\"max_scoring_left_followup\\\":\\\"70\\\",\\\"max_scoring_axial_followup\\\":\\\"10\\\",\\\"maximum_score_followup\\\":\\\"150\\\",\\\"total_individual_right_followup\\\":\\\"0\\\",\\\"total_individual_left_followup\\\":\\\"0\\\",\\\"total_individual_axial_followup\\\":\\\"0\\\"}}\"', 'draft', '2025-04-25 17:26:40', '2025-04-25 17:26:40'),
(32, 33, 'form7mdaatfollowup', 2, '\"{\\\"scores\\\":{\\\"disease_activity_1_followup\\\":\\\"5\\\",\\\"disease_activity_2_followup\\\":\\\"5\\\",\\\"disease_activity_3_followup\\\":\\\"5\\\",\\\"disease_activity_4_followup\\\":\\\"5\\\",\\\"disease_activity_5_followup\\\":\\\"5\\\",\\\"disease_activity_6_followup\\\":\\\"5\\\",\\\"other_disease_specification\\\":\\\"\\\",\\\"disease_activity_7_followup\\\":\\\"5\\\",\\\"disease_activity_8_followup\\\":\\\"5\\\",\\\"disease_activity_9_followup\\\":\\\"5\\\",\\\"global_disease_activity_followup\\\":\\\"5\\\"}}\"', 'draft', '2025-04-25 17:26:40', '2025-04-25 17:26:40'),
(33, 33, 'form12pgda', 2, '\"{\\\"scores\\\":{\\\"scale2\\\":\\\"0\\\"}}\"', 'draft', '2025-04-25 17:26:40', '2025-04-25 17:26:40'),
(34, 33, 'form9cdasiactivity', 2, '\"{\\\"scores\\\":[]}\"', 'draft', '2025-04-25 17:26:40', '2025-04-25 17:26:40'),
(35, 33, 'form10cdasidamage', 2, '\"{\\\"scores\\\":[]}\"', 'draft', '2025-04-25 17:26:40', '2025-04-25 17:26:40'),
(36, 33, 'form11', 2, '\"{\\\"scores\\\":{\\\"total_activity_score\\\":\\\"0\\\",\\\"total_damage_score\\\":\\\"0\\\"}}\"', 'draft', '2025-04-25 17:26:40', '2025-04-25 17:26:40'),
(37, 42, 'form2mmt8', 1, '\"{\\\"scores\\\":{\\\"neck_flexor_axial\\\":\\\"5\\\",\\\"deltoid_right\\\":\\\"1\\\",\\\"deltoid_left\\\":\\\"1\\\",\\\"biceps_right\\\":\\\"1\\\",\\\"biceps_left\\\":\\\"1\\\",\\\"quadriceps_right\\\":\\\"1\\\",\\\"quadriceps_left\\\":\\\"1\\\",\\\"gluteus_medius_right\\\":\\\"1\\\",\\\"gluteus_medius_left\\\":\\\"0\\\",\\\"gluteus_maximus_right\\\":\\\"1\\\",\\\"gluteus_maximus_left\\\":\\\"1\\\",\\\"wrist_extensor_right\\\":\\\"2\\\",\\\"wrist_extensor_left\\\":\\\"2\\\",\\\"ankle_dorsiflexion_right\\\":\\\"1\\\",\\\"ankle_dorsiflexion_left\\\":\\\"2\\\",\\\"total_scoring_value\\\":\\\"21\\\",\\\"max_scoring_right\\\":\\\"70\\\",\\\"max_scoring_left\\\":\\\"70\\\",\\\"max_scoring_axial\\\":\\\"10\\\",\\\"maximum_score\\\":\\\"150\\\",\\\"total_individual_right\\\":\\\"8\\\",\\\"total_individual_left\\\":\\\"8\\\",\\\"total_individual_axial\\\":\\\"5\\\"}}\"', 'submitted', '2025-04-25 18:53:33', '2025-04-25 19:23:33'),
(38, 38, 'form2mmt8', 1, '\"{\\\"scores\\\":{\\\"neck_flexor_axial\\\":\\\"3\\\",\\\"deltoid_right\\\":\\\"2\\\",\\\"deltoid_left\\\":\\\"3\\\",\\\"biceps_right\\\":\\\"6\\\",\\\"biceps_left\\\":\\\"1\\\",\\\"quadriceps_right\\\":\\\"NA\\\",\\\"quadriceps_left\\\":\\\"0\\\",\\\"gluteus_medius_right\\\":\\\"8\\\",\\\"gluteus_medius_left\\\":\\\"6\\\",\\\"gluteus_maximus_right\\\":\\\"6\\\",\\\"gluteus_maximus_left\\\":\\\"7\\\",\\\"wrist_extensor_right\\\":\\\"4\\\",\\\"wrist_extensor_left\\\":\\\"5\\\",\\\"ankle_dorsiflexion_right\\\":\\\"1\\\",\\\"ankle_dorsiflexion_left\\\":\\\"4\\\",\\\"total_scoring_value\\\":\\\"56\\\",\\\"max_scoring_right\\\":\\\"60\\\",\\\"max_scoring_left\\\":\\\"70\\\",\\\"max_scoring_axial\\\":\\\"10\\\",\\\"maximum_score\\\":\\\"140\\\",\\\"total_individual_right\\\":\\\"27\\\",\\\"total_individual_left\\\":\\\"26\\\",\\\"total_individual_axial\\\":\\\"3\\\"}}\"', 'submitted', '2025-04-25 18:58:12', '2025-04-25 19:50:57'),
(39, 42, 'form3cdasi', 1, '\"{\\\"scores\\\":{\\\"activity-radio1\\\":\\\"3\\\",\\\"activity-radio2\\\":\\\"2\\\",\\\"activity-radio3\\\":\\\"1\\\",\\\"activity-radio4\\\":\\\"0\\\",\\\"malar_middle_initia_cdasi\\\":\\\"1\\\",\\\"malar_right_initia_cdasi\\\":\\\"0\\\",\\\"Periorbital_left_initia_cdasi\\\":\\\"3\\\",\\\"Periorbital_middle_initia_cdasi\\\":\\\"2\\\",\\\"Periorbital_right_initia_cdasi\\\":\\\"0\\\",\\\"restofface_left_initia_cdasi\\\":\\\"2\\\",\\\"restofface_middle_initia_cdasi\\\":\\\"0\\\",\\\"restofface_right_initia_cdasi\\\":\\\"0\\\",\\\"vareaneck_left_initia_cdasi\\\":\\\"0\\\",\\\"vareaneck_middle_initia_cdasi\\\":\\\"0\\\",\\\"vareaneck_right_initia_cdasi\\\":\\\"0\\\",\\\"posterior_left_initia_cdasi\\\":\\\"0\\\",\\\"posterior_middle_initia_cdasi\\\":\\\"0\\\",\\\"posterior_right_initia_cdasi\\\":\\\"0\\\",\\\"upperbackshoulder_left_initia_cdasi\\\":\\\"3\\\",\\\"upperbackshoulder_middle_initia_cdasi\\\":\\\"0\\\",\\\"upperbackshoulder_right_initia_cdasi\\\":\\\"0\\\",\\\"restofbackbuttocks_left_initia_cdasi\\\":\\\"3\\\",\\\"restofbackbuttocks_middle_initia_cdasi\\\":\\\"1\\\",\\\"restofbackbuttocks_ritgh_initia_cdasi\\\":\\\"0\\\",\\\"abdomen_left_initia_cdasi\\\":\\\"3\\\",\\\"abdomen_middle_initia_cdasi\\\":\\\"1\\\",\\\"abdomen_right_initia_cdasi\\\":\\\"0\\\",\\\"lateralupperthigh_left_initia_cdasi\\\":\\\"3\\\",\\\"lateralupperthigh_middle_initia_cdasi\\\":\\\"1\\\",\\\"lateralupperthigh_right_initia_cdasi\\\":\\\"0\\\",\\\"restoflegfeet_left_initia_cdasi\\\":\\\"1\\\",\\\"restoflegfeet_middle_initia_cdasi\\\":\\\"1\\\",\\\"restoflegfeet_right_initia_cdasi\\\":\\\"0\\\",\\\"arm_left_initia_cdasi\\\":\\\"1\\\",\\\"arm_middle_initia_cdasi\\\":\\\"1\\\",\\\"arm_right_initia_cdasi\\\":\\\"0\\\",\\\"mechanichand_left_initia_cdasi\\\":\\\"1\\\",\\\"mechanichand_middle_initia_cdasi\\\":\\\"1\\\",\\\"mechanichand_right_initia_cdasi\\\":\\\"0\\\",\\\"dorsumofhands_left_initia_cdasi\\\":\\\"1\\\",\\\"dorsumofhands_middle_initia_cdasi\\\":\\\"1\\\",\\\"dorsumofhands_right_initia_cdasi\\\":\\\"0\\\",\\\"gottronNotonHands_left_initia_cdasi\\\":\\\"1\\\",\\\"gottronNotonHands_middle_initia_cdasi\\\":\\\"1\\\",\\\"gottronNotonHands_right_initia_cdasi\\\":\\\"0\\\"}}\"', 'submitted', '2025-04-25 19:04:16', '2025-04-25 19:23:33'),
(40, 42, 'form12pgda', 1, '\"{\\\"scores\\\":{\\\"scale2\\\":\\\"3\\\"}}\"', 'submitted', '2025-04-25 19:04:24', '2025-04-25 19:23:33'),
(41, 42, 'form4cdasidamange', 1, '\"{\\\"scores\\\":{\\\"cdasi_damange_scalp_1\\\":\\\"1\\\",\\\"cdasi_damange_scalp_2\\\":\\\"1\\\",\\\"cdasi_damange_malar_area_1\\\":\\\"1\\\",\\\"cdasi_damange_malar_area_2\\\":\\\"0\\\",\\\"cdasi_damange_Periorbital_1\\\":\\\"1\\\",\\\"cdasi_damange_Periorbital_2\\\":\\\"1\\\",\\\"cdasi_damange_Rest_of_the_face_1\\\":\\\"1\\\",\\\"cdasi_damange_Rest_of_the_face_2\\\":\\\"1\\\",\\\"cdasi_damange_v_area_neck_1\\\":\\\"1\\\",\\\"cdasi_damange_v_area_neck_2\\\":\\\"1\\\",\\\"cdasi_damange_posterior_neck_1\\\":\\\"1\\\",\\\"cdasi_damange_posterior_neck_2\\\":\\\"0\\\",\\\"cdasi_damange_upper_back_shoulders_1\\\":\\\"0\\\",\\\"cdasi_damange_upper_back_shoulders_2\\\":\\\"0\\\",\\\"cdasi_damange_Rest_of_back_shoulder_1\\\":\\\"1\\\",\\\"cdasi_damange_Rest_of_back_shoulder_2\\\":\\\"1\\\",\\\"cdasi_damange_Abdomen_1\\\":\\\"1\\\",\\\"cdasi_damange_Abdomen_2\\\":\\\"0\\\",\\\"cdasi_damange_Lateral_upper_thigh_1\\\":\\\"1\\\",\\\"cdasi_damange_Lateral_upper_thigh_2\\\":\\\"1\\\",\\\"cdasi_damange_Rest_of_leg_and_feet_1\\\":\\\"1\\\",\\\"cdasi_damange_Rest_of_leg_and_feet_2\\\":\\\"1\\\",\\\"cdasi_damange_Arm_1\\\":\\\"0\\\",\\\"cdasi_damange_Arm_2\\\":\\\"1\\\",\\\"cdasi_damange_Mechanic_hand_1\\\":\\\"1\\\",\\\"cdasi_damange_Mechanic_hand_2\\\":\\\"0\\\",\\\"cdasi_damange_Dorums_of_hands_1\\\":\\\"0\\\",\\\"cdasi_damange_Dorums_of_hands_2\\\":\\\"1\\\",\\\"cdasi_damange_Gottrons_not_on_hand_1\\\":\\\"1\\\",\\\"cdasi_damange_Gottrons_not_on_hand_2\\\":\\\"0\\\"}}\"', 'submitted', '2025-04-25 19:05:53', '2025-04-25 19:23:33'),
(42, 42, 'form5', 1, '\"{\\\"scores\\\":{\\\"total_activity_score\\\":\\\"39\\\",\\\"total_damage_score\\\":\\\"21\\\",\\\"erythema\\\":\\\"0\\\",\\\"erythema_final_score\\\":\\\"0\\\",\\\"damage\\\":\\\"0\\\",\\\"papule_present\\\":\\\"yes\\\",\\\"periunguals\\\":\\\"0\\\",\\\"alopecias\\\":\\\"0\\\"}}\"', 'submitted', '2025-04-25 19:06:35', '2025-04-25 19:23:33'),
(43, 42, 'form1mdaat', 1, '\"{\\\"scores\\\":{\\\"disease_activity_1\\\":\\\"0\\\",\\\"clinical_features_1_1\\\":\\\"1\\\",\\\"clinical_features_1_2\\\":\\\"1\\\",\\\"clinical_features_1_3\\\":\\\"1\\\",\\\"disease_activity_2\\\":\\\"2\\\",\\\"clinical_features_2_1\\\":\\\"0\\\",\\\"clinical_features_2_2\\\":\\\"0\\\",\\\"clinical_features_2_3\\\":\\\"0\\\",\\\"erythematous_rash_a\\\":\\\"0\\\",\\\"erythematous_rash_b\\\":\\\"0\\\",\\\"clinical_features_2_5\\\":\\\"0\\\",\\\"clinical_features_2_6\\\":\\\"0\\\",\\\"clinical_features_2_7\\\":\\\"0\\\",\\\"alopecia_a\\\":\\\"0\\\",\\\"alopecia_b\\\":\\\"0\\\",\\\"mechanics_hand\\\":\\\"0\\\",\\\"disease_activity_3\\\":\\\"4\\\",\\\"polyarthritis_a\\\":\\\"0\\\",\\\"moderately_active_arthritis_b\\\":\\\"0\\\",\\\"milarth_c\\\":\\\"2\\\",\\\"arthralgia\\\":\\\"2\\\",\\\"disease_activity_4\\\":\\\"2\\\",\\\"dysphagia_a\\\":\\\"0\\\",\\\"dysphagia_b\\\":\\\"4\\\",\\\"abdominal_pain_a\\\":\\\"0\\\",\\\"abdominal_pain_b\\\":\\\"0\\\",\\\"abdominal_pain_c\\\":\\\"0\\\",\\\"disease_activity_5\\\":\\\"3\\\",\\\"resp_muscle_weakness_a\\\":\\\"NA\\\",\\\"resp_muscle_weakness_b\\\":\\\"NA\\\",\\\"active_ild_a\\\":\\\"NA\\\",\\\"active_ild_b\\\":\\\"NA\\\",\\\"active_ild_c\\\":\\\"NA\\\",\\\"dysphonia_a\\\":\\\"3\\\",\\\"dysphonia_b\\\":\\\"4\\\",\\\"cardiovascular_disease_activity\\\":\\\"4\\\",\\\"clinical_features_6_1\\\":\\\"4\\\",\\\"clinical_features_6_2\\\":\\\"4\\\",\\\"arrhythmia_a\\\":\\\"0\\\",\\\"arrhythmia_b\\\":\\\"0\\\",\\\"sinus_tachycardia\\\":\\\"0\\\",\\\"other_disease_activity_note\\\":\\\"rty\\\",\\\"other_disease_activity_slider\\\":\\\"5\\\",\\\"other_disease_activity_radio\\\":\\\"0\\\",\\\"extra_muscular_global_assessment\\\":\\\"5\\\",\\\"muscle_disease_activity\\\":\\\"4\\\",\\\"myositis_a\\\":\\\"0\\\",\\\"myositis_b\\\":\\\"0\\\",\\\"myositis_c\\\":\\\"0\\\",\\\"myalgia\\\":\\\"1\\\",\\\"global_disease_activity\\\":\\\"0\\\"}}\"', 'submitted', '2025-04-25 19:06:58', '2025-04-25 19:23:33'),
(44, 42, 'form6pgda', 1, '\"{\\\"scores\\\":{\\\"physician_global_activity\\\":\\\"2\\\"}}\"', 'submitted', '2025-04-25 19:17:36', '2025-04-25 19:23:33'),
(45, 42, 'form8followupmmt8', 1, '\"{\\\"scores\\\":{\\\"neck_flexor_axial_followup\\\":\\\"8\\\",\\\"deltoid_right_followup\\\":\\\"4\\\",\\\"deltoid_left_followup\\\":\\\"4\\\",\\\"biceps_right_followup\\\":\\\"5\\\",\\\"biceps_left_followup\\\":\\\"3\\\",\\\"quadriceps_right_followup\\\":\\\"3\\\",\\\"quadriceps_left_followup\\\":\\\"2\\\",\\\"gluteus_medius_right_followup\\\":\\\"2\\\",\\\"gluteus_medius_left_followup\\\":\\\"2\\\",\\\"gluteus_maximus_right_followup\\\":\\\"3\\\",\\\"gluteus_maximus_left_followup\\\":\\\"2\\\",\\\"wrist_extensor_right_followup\\\":\\\"2\\\",\\\"wrist_extensor_left_followup\\\":\\\"2\\\",\\\"ankle_dorsiflexion_right_followup\\\":\\\"3\\\",\\\"ankle_dorsiflexion_left_followup\\\":\\\"2\\\",\\\"total_scoring_value_followup\\\":\\\"47\\\",\\\"max_scoring_right_followup\\\":\\\"70\\\",\\\"max_scoring_left_followup\\\":\\\"70\\\",\\\"max_scoring_axial_followup\\\":\\\"10\\\",\\\"maximum_score_followup\\\":\\\"150\\\",\\\"total_individual_right_followup\\\":\\\"22\\\",\\\"total_individual_left_followup\\\":\\\"17\\\",\\\"total_individual_axial_followup\\\":\\\"8\\\"}}\"', 'submitted', '2025-04-25 19:17:46', '2025-04-25 19:23:33'),
(46, 42, 'form9cdasiactivity', 1, '\"{\\\"scores\\\":{\\\"cdasi_activity_scalp_1\\\":\\\"1\\\",\\\"cdasi_activity_scalp_2\\\":\\\"0\\\",\\\"cdasi_activity_scalp_3\\\":\\\"0\\\",\\\"cdasi_activity_malar_area_1\\\":\\\"2\\\",\\\"cdasi_activity_malar_area_2\\\":\\\"1\\\",\\\"cdasi_activity_malar_area_3\\\":\\\"0\\\",\\\"cdasi_activity_Periorbital_1\\\":\\\"1\\\",\\\"cdasi_activity_Periorbital_2\\\":\\\"0\\\",\\\"cdasi_activity_Periorbital_3\\\":\\\"0\\\",\\\"cdasi_activity_Rest_of_the_face_1\\\":\\\"0\\\",\\\"cdasi_activity_Rest_of_the_face_2\\\":\\\"0\\\",\\\"cdasi_activity_Rest_of_the_face_3\\\":\\\"0\\\",\\\"cdasi_activity_v-neck_frontal_1\\\":\\\"0\\\",\\\"cdasi_activity_v-neck_frontal_2\\\":\\\"0\\\",\\\"cdasi_activity_v-neck_frontal_3\\\":\\\"0\\\",\\\"cdasi_activity_posterior_neck_1\\\":\\\"0\\\",\\\"cdasi_activity_posterior_neck_2\\\":\\\"0\\\",\\\"cdasi_activity_posterior_neck_3\\\":\\\"0\\\",\\\"cdasi_activity_upper_back_shoulder_1\\\":\\\"0\\\",\\\"cdasi_activity_upper_back_shoulder_2\\\":\\\"0\\\",\\\"cdasi_activity_upper_back_shoulder_3\\\":\\\"0\\\",\\\"cdasi_activity_Rest_of_back_buttocks_1\\\":\\\"0\\\",\\\"cdasi_activity_Rest_of_back_buttocks_2\\\":\\\"0\\\",\\\"cdasi_activity_Rest_of_back_buttocks_3\\\":\\\"0\\\",\\\"cdasi_activity_Abdomen_1\\\":\\\"0\\\",\\\"cdasi_activity_Abdomen_2\\\":\\\"0\\\",\\\"cdasi_activity_Abdomen_3\\\":\\\"0\\\",\\\"cdasi_activity_Lateral_upper_thigh_1\\\":\\\"0\\\",\\\"cdasi_activity_Lateral_upper_thigh_2\\\":\\\"0\\\",\\\"cdasi_activity_Lateral_upper_thigh_3\\\":\\\"0\\\",\\\"cdasi_activity_Rest_of_leg_feet_1\\\":\\\"0\\\",\\\"cdasi_activity_Rest_of_leg_feet_2\\\":\\\"0\\\",\\\"cdasi_activity_Rest_of_leg_feet_3\\\":\\\"0\\\",\\\"cdasi_activity_Arm_1\\\":\\\"0\\\",\\\"cdasi_activity_Arm_2\\\":\\\"0\\\",\\\"cdasi_activity_Arm_3\\\":\\\"0\\\",\\\"cdasi_activity_Mechanic_hand_1\\\":\\\"0\\\",\\\"cdasi_activity_Mechanic_hand_2\\\":\\\"0\\\",\\\"cdasi_activity_Mechanic_hand_3\\\":\\\"0\\\",\\\"cdasi_activity_Dorsum_of_hand_1\\\":\\\"0\\\",\\\"cdasi_activity_Dorsum_of_hand_2\\\":\\\"0\\\",\\\"cdasi_activity_Dorsum_of_hand_3\\\":\\\"0\\\",\\\"cdasi_activity_Gottrons_not_on_hand_1\\\":\\\"0\\\",\\\"cdasi_activity_Gottrons_not_on_hand_2\\\":\\\"0\\\",\\\"cdasi_activity_Gottrons_not_on_hand_3\\\":\\\"0\\\"}}\"', 'submitted', '2025-04-25 19:18:48', '2025-04-25 19:23:33'),
(47, 42, 'form10cdasidamage', 1, '\"{\\\"scores\\\":{\\\"cdasi_damange_scalp_left_1\\\":\\\"1\\\",\\\"cdasi_damange_scalp_right_1\\\":\\\"0\\\",\\\"cdasi_damange_malar_left_1\\\":\\\"1\\\",\\\"cdasi_damange_malar_right_1\\\":\\\"1\\\",\\\"cdasi_damange_Periorbital_left_1\\\":\\\"1\\\",\\\"cdasi_damange_Periorbital_right_1\\\":\\\"0\\\",\\\"cdasi_damange_restofface_left_1\\\":\\\"1\\\",\\\"cdasi_damange_restofface_right_1\\\":\\\"0\\\",\\\"cdasi_damange_vareaneck_left_1\\\":\\\"1\\\",\\\"cdasi_damange_vareaneck_right_1\\\":\\\"0\\\",\\\"cdasi_damange_Posterior_left_1\\\":\\\"1\\\",\\\"cdasi_damange_Posterior_right_1\\\":\\\"0\\\",\\\"cdasi_damange_upperback_shoulder_left_1\\\":\\\"1\\\",\\\"cdasi_damange_upperback_shoulder_right_1\\\":\\\"0\\\",\\\"cdasi_damange_restofback_buttocks_left_1\\\":\\\"1\\\",\\\"cdasi_damange_restofback_buttocks_right_1\\\":\\\"0\\\",\\\"cdasi_damange_Abdomen_left_1\\\":\\\"1\\\",\\\"cdasi_damange_Abdomen_right_1\\\":\\\"0\\\",\\\"cdasi_damange_Lateralupperthigh_left_1\\\":\\\"0\\\",\\\"cdasi_damange_Lateralupperthigh_right_1\\\":\\\"0\\\",\\\"cdasi_damange_restofleg_feet_left_1\\\":\\\"0\\\",\\\"cdasi_damange_restofleg_feet_right_1\\\":\\\"0\\\",\\\"cdasi_damange_Arm_left_1\\\":\\\"1\\\",\\\"cdasi_damange_Arm_right_1\\\":\\\"0\\\",\\\"cdasi_damange_mechanicshand_left_1\\\":\\\"1\\\",\\\"cdasi_damange_mechanicshand_right_1\\\":\\\"0\\\",\\\"cdasi_damange_dursumofhand_left_1\\\":\\\"1\\\",\\\"cdasi_damange_dursumofhand_right_1\\\":\\\"0\\\",\\\"cdasi_damange_gottronsnotonhands_left_1\\\":\\\"1\\\",\\\"cdasi_damange_gottronsnotonhands_right_1\\\":\\\"0\\\"}}\"', 'submitted', '2025-04-25 19:19:48', '2025-04-25 19:23:33'),
(48, 42, 'form11', 1, '\"{\\\"scores\\\":{\\\"total_activity_score\\\":\\\"5\\\",\\\"total_damage_score\\\":\\\"14\\\",\\\"erythema_2\\\":\\\"0\\\",\\\"damage_2\\\":\\\"0\\\",\\\"papule_present_2\\\":\\\"yes\\\",\\\"periunguals\\\":\\\"0\\\",\\\"alopecias\\\":\\\"0\\\"}}\"', 'submitted', '2025-04-25 19:20:37', '2025-04-25 19:23:33'),
(49, 42, 'form7mdaatfollowup', 1, '\"{\\\"scores\\\":{\\\"disease_activity_1_followup\\\":\\\"5\\\",\\\"clinical_features_1_1_followup\\\":\\\"0\\\",\\\"clinical_features_1_2_followup\\\":\\\"1\\\",\\\"clinical_features_1_3_followup\\\":\\\"0\\\",\\\"disease_activity_2_followup\\\":\\\"3\\\",\\\"clinical_features_2_1_followup\\\":\\\"0\\\",\\\"clinical_features_2_2_followup\\\":\\\"0\\\",\\\"clinical_features_2_3_followup\\\":\\\"0\\\",\\\"clinical_features_2_4a_followup\\\":\\\"0\\\",\\\"clinical_features_2_4b_followup\\\":\\\"0\\\",\\\"clinical_features_2_5_followup\\\":\\\"0\\\",\\\"clinical_features_2_6_followup\\\":\\\"1\\\",\\\"clinical_features_2_7_followup\\\":\\\"1\\\",\\\"clinical_features_2_8a_followup\\\":\\\"1\\\",\\\"clinical_features_2_8b_followup\\\":\\\"1\\\",\\\"clinical_features_2_9_followup\\\":\\\"1\\\",\\\"disease_activity_3_followup\\\":\\\"4\\\",\\\"clinical_features_3_1a_followup\\\":\\\"0\\\",\\\"clinical_features_3_1b_followup\\\":\\\"0\\\",\\\"clinical_features_3_1c_followup\\\":\\\"0\\\",\\\"clinical_features_3_2_followup\\\":\\\"0\\\",\\\"disease_activity_4_followup\\\":\\\"2\\\",\\\"clinical_features_4_1a_followup\\\":\\\"1\\\",\\\"clinical_features_4_1b_followup\\\":\\\"0\\\",\\\"clinical_features_4_2a_followup\\\":\\\"0\\\",\\\"clinical_features_4_2b_followup\\\":\\\"0\\\",\\\"clinical_features_4_2c_followup\\\":\\\"0\\\",\\\"disease_activity_5_followup\\\":\\\"0\\\",\\\"clinical_features_5_1a_followup\\\":\\\"1\\\",\\\"clinical_features_5_1b_followup\\\":\\\"0\\\",\\\"clinical_features_5_2a_followup\\\":\\\"0\\\",\\\"clinical_features_5_2b_followup\\\":\\\"0\\\",\\\"clinical_features_5_2c_followup\\\":\\\"0\\\",\\\"clinical_features_5_3a_followup\\\":\\\"0\\\",\\\"clinical_features_5_3b_followup\\\":\\\"0\\\",\\\"disease_activity_6_followup\\\":\\\"2\\\",\\\"clinical_features_6_1_followup\\\":\\\"0\\\",\\\"clinical_features_6_2_followup\\\":\\\"0\\\",\\\"clinical_features_6_3a_followup\\\":\\\"0\\\",\\\"clinical_features_6_3b_followup\\\":\\\"0\\\",\\\"clinical_features_6_4_followup\\\":\\\"0\\\",\\\"other_disease_specification\\\":\\\"hghghgh\\\",\\\"disease_activity_7_followup\\\":\\\"3\\\",\\\"clinical_features_7_followup\\\":\\\"0\\\",\\\"disease_activity_8_followup\\\":\\\"2\\\",\\\"disease_activity_9_followup\\\":\\\"3\\\",\\\"clinical_features_10a_followup\\\":\\\"1\\\",\\\"clinical_features_10b_followup\\\":\\\"0\\\",\\\"clinical_features_10c_followup\\\":\\\"0\\\",\\\"clinical_features_11_followup\\\":\\\"0\\\",\\\"global_disease_activity_followup\\\":\\\"2\\\"}}\"', 'submitted', '2025-04-25 19:20:58', '2025-04-25 19:23:33'),
(50, 38, 'form3cdasi', 1, '\"{\\\"scores\\\":{\\\"activity-radio1\\\":\\\"2\\\",\\\"activity-radio2\\\":\\\"1\\\",\\\"activity-radio3\\\":\\\"0\\\",\\\"activity-radio4\\\":\\\"0\\\",\\\"malar_middle_initia_cdasi\\\":\\\"1\\\",\\\"malar_right_initia_cdasi\\\":\\\"1\\\",\\\"Periorbital_left_initia_cdasi\\\":\\\"2\\\",\\\"Periorbital_middle_initia_cdasi\\\":\\\"1\\\",\\\"Periorbital_right_initia_cdasi\\\":\\\"1\\\",\\\"restofface_left_initia_cdasi\\\":\\\"3\\\",\\\"restofface_middle_initia_cdasi\\\":\\\"1\\\",\\\"restofface_right_initia_cdasi\\\":\\\"1\\\",\\\"vareaneck_left_initia_cdasi\\\":\\\"2\\\",\\\"vareaneck_middle_initia_cdasi\\\":\\\"1\\\",\\\"vareaneck_right_initia_cdasi\\\":\\\"1\\\",\\\"posterior_left_initia_cdasi\\\":\\\"1\\\",\\\"posterior_middle_initia_cdasi\\\":\\\"1\\\",\\\"posterior_right_initia_cdasi\\\":\\\"1\\\",\\\"upperbackshoulder_left_initia_cdasi\\\":\\\"0\\\",\\\"upperbackshoulder_middle_initia_cdasi\\\":\\\"1\\\",\\\"upperbackshoulder_right_initia_cdasi\\\":\\\"1\\\",\\\"restofbackbuttocks_left_initia_cdasi\\\":\\\"1\\\",\\\"restofbackbuttocks_middle_initia_cdasi\\\":\\\"1\\\",\\\"restofbackbuttocks_ritgh_initia_cdasi\\\":\\\"1\\\",\\\"abdomen_left_initia_cdasi\\\":\\\"2\\\",\\\"abdomen_middle_initia_cdasi\\\":\\\"1\\\",\\\"abdomen_right_initia_cdasi\\\":\\\"1\\\",\\\"lateralupperthigh_left_initia_cdasi\\\":\\\"2\\\",\\\"lateralupperthigh_middle_initia_cdasi\\\":\\\"2\\\",\\\"lateralupperthigh_right_initia_cdasi\\\":\\\"1\\\",\\\"restoflegfeet_left_initia_cdasi\\\":\\\"1\\\",\\\"restoflegfeet_middle_initia_cdasi\\\":\\\"1\\\",\\\"restoflegfeet_right_initia_cdasi\\\":\\\"1\\\",\\\"arm_left_initia_cdasi\\\":\\\"1\\\",\\\"arm_middle_initia_cdasi\\\":\\\"1\\\",\\\"arm_right_initia_cdasi\\\":\\\"1\\\",\\\"mechanichand_left_initia_cdasi\\\":\\\"1\\\",\\\"mechanichand_middle_initia_cdasi\\\":\\\"1\\\",\\\"mechanichand_right_initia_cdasi\\\":\\\"1\\\",\\\"dorsumofhands_left_initia_cdasi\\\":\\\"2\\\",\\\"dorsumofhands_middle_initia_cdasi\\\":\\\"2\\\",\\\"dorsumofhands_right_initia_cdasi\\\":\\\"1\\\",\\\"gottronNotonHands_left_initia_cdasi\\\":\\\"2\\\",\\\"gottronNotonHands_middle_initia_cdasi\\\":\\\"1\\\",\\\"gottronNotonHands_right_initia_cdasi\\\":\\\"1\\\"}}\"', 'submitted', '2025-04-25 19:30:40', '2025-04-25 19:50:57'),
(51, 38, 'form4cdasidamange', 1, '\"{\\\"scores\\\":{\\\"cdasi_damange_scalp_1\\\":\\\"1\\\",\\\"cdasi_damange_scalp_2\\\":\\\"1\\\",\\\"cdasi_damange_malar_area_1\\\":\\\"1\\\",\\\"cdasi_damange_malar_area_2\\\":\\\"0\\\",\\\"cdasi_damange_Periorbital_1\\\":\\\"1\\\",\\\"cdasi_damange_Periorbital_2\\\":\\\"1\\\",\\\"cdasi_damange_Rest_of_the_face_1\\\":\\\"1\\\",\\\"cdasi_damange_Rest_of_the_face_2\\\":\\\"1\\\",\\\"cdasi_damange_v_area_neck_1\\\":\\\"1\\\",\\\"cdasi_damange_v_area_neck_2\\\":\\\"0\\\",\\\"cdasi_damange_posterior_neck_1\\\":\\\"1\\\",\\\"cdasi_damange_posterior_neck_2\\\":\\\"1\\\",\\\"cdasi_damange_upper_back_shoulders_1\\\":\\\"1\\\",\\\"cdasi_damange_upper_back_shoulders_2\\\":\\\"0\\\",\\\"cdasi_damange_Rest_of_back_shoulder_1\\\":\\\"1\\\",\\\"cdasi_damange_Rest_of_back_shoulder_2\\\":\\\"0\\\",\\\"cdasi_damange_Abdomen_1\\\":\\\"0\\\",\\\"cdasi_damange_Abdomen_2\\\":\\\"1\\\",\\\"cdasi_damange_Lateral_upper_thigh_1\\\":\\\"0\\\",\\\"cdasi_damange_Lateral_upper_thigh_2\\\":\\\"0\\\",\\\"cdasi_damange_Rest_of_leg_and_feet_1\\\":\\\"1\\\",\\\"cdasi_damange_Rest_of_leg_and_feet_2\\\":\\\"1\\\",\\\"cdasi_damange_Arm_1\\\":\\\"0\\\",\\\"cdasi_damange_Arm_2\\\":\\\"0\\\",\\\"cdasi_damange_Mechanic_hand_1\\\":\\\"1\\\",\\\"cdasi_damange_Mechanic_hand_2\\\":\\\"1\\\",\\\"cdasi_damange_Dorums_of_hands_1\\\":\\\"0\\\",\\\"cdasi_damange_Dorums_of_hands_2\\\":\\\"1\\\",\\\"cdasi_damange_Gottrons_not_on_hand_1\\\":\\\"0\\\",\\\"cdasi_damange_Gottrons_not_on_hand_2\\\":\\\"1\\\"}}\"', 'submitted', '2025-04-25 19:31:54', '2025-04-25 19:50:57'),
(52, 38, 'form5', 1, '\"{\\\"scores\\\":{\\\"total_activity_score\\\":\\\"60\\\",\\\"total_damage_score\\\":\\\"10\\\",\\\"erythema\\\":\\\"2\\\",\\\"erythema_final_score\\\":\\\"4\\\",\\\"damage\\\":\\\"1\\\",\\\"papule_present\\\":\\\"yes\\\",\\\"periunguals\\\":\\\"1\\\",\\\"alopecias\\\":\\\"1\\\"}}\"', 'submitted', '2025-04-25 19:32:20', '2025-04-25 19:50:57'),
(53, 38, 'form1mdaat', 1, '\"{\\\"scores\\\":{\\\"disease_activity_1\\\":\\\"6\\\",\\\"clinical_features_1_1\\\":\\\"2\\\",\\\"clinical_features_1_2\\\":\\\"4\\\",\\\"clinical_features_1_3\\\":\\\"3\\\",\\\"disease_activity_2\\\":\\\"7\\\",\\\"clinical_features_2_1\\\":\\\"1\\\",\\\"clinical_features_2_2\\\":\\\"3\\\",\\\"clinical_features_2_3\\\":\\\"4\\\",\\\"erythematous_rash_a\\\":\\\"3\\\",\\\"erythematous_rash_b\\\":\\\"3\\\",\\\"clinical_features_2_5\\\":\\\"2\\\",\\\"clinical_features_2_6\\\":\\\"4\\\",\\\"clinical_features_2_7\\\":\\\"4\\\",\\\"alopecia_a\\\":\\\"2\\\",\\\"alopecia_b\\\":\\\"4\\\",\\\"mechanics_hand\\\":\\\"2\\\",\\\"disease_activity_3\\\":\\\"6\\\",\\\"polyarthritis_a\\\":\\\"3\\\",\\\"moderately_active_arthritis_b\\\":\\\"4\\\",\\\"milarth_c\\\":\\\"2\\\",\\\"arthralgia\\\":\\\"4\\\",\\\"disease_activity_4\\\":\\\"7\\\",\\\"dysphagia_a\\\":\\\"2\\\",\\\"dysphagia_b\\\":\\\"4\\\",\\\"abdominal_pain_a\\\":\\\"2\\\",\\\"abdominal_pain_b\\\":\\\"4\\\",\\\"abdominal_pain_c\\\":\\\"3\\\",\\\"disease_activity_5\\\":\\\"6\\\",\\\"resp_muscle_weakness_a\\\":\\\"2\\\",\\\"resp_muscle_weakness_b\\\":\\\"4\\\",\\\"active_ild_a\\\":\\\"1\\\",\\\"active_ild_b\\\":\\\"3\\\",\\\"active_ild_c\\\":\\\"2\\\",\\\"dysphonia_a\\\":\\\"4\\\",\\\"dysphonia_b\\\":\\\"2\\\",\\\"cardiovascular_disease_activity\\\":\\\"6\\\",\\\"clinical_features_6_1\\\":\\\"4\\\",\\\"clinical_features_6_2\\\":\\\"2\\\",\\\"arrhythmia_a\\\":\\\"4\\\",\\\"arrhythmia_b\\\":\\\"2\\\",\\\"sinus_tachycardia\\\":\\\"4\\\",\\\"other_disease_activity_note\\\":\\\"Disease\\\",\\\"other_disease_activity_slider\\\":\\\"6\\\",\\\"other_disease_activity_radio\\\":\\\"2\\\",\\\"extra_muscular_global_assessment\\\":\\\"8\\\",\\\"muscle_disease_activity\\\":\\\"6\\\",\\\"myositis_a\\\":\\\"4\\\",\\\"myositis_b\\\":\\\"2\\\",\\\"myositis_c\\\":\\\"4\\\",\\\"myalgia\\\":\\\"3\\\",\\\"global_disease_activity\\\":\\\"6\\\"}}\"', 'submitted', '2025-04-25 19:32:46', '2025-04-25 19:50:57'),
(54, 38, 'form6pgda', 1, '\"{\\\"scores\\\":{\\\"physician_global_activity\\\":\\\"5\\\"}}\"', 'submitted', '2025-04-25 19:33:43', '2025-04-25 19:50:57'),
(55, 38, 'form8followupmmt8', 1, '\"{\\\"scores\\\":{\\\"neck_flexor_axial_followup\\\":\\\"3\\\",\\\"deltoid_right_followup\\\":\\\"4\\\",\\\"deltoid_left_followup\\\":\\\"9\\\",\\\"biceps_right_followup\\\":\\\"8\\\",\\\"biceps_left_followup\\\":\\\"2\\\",\\\"quadriceps_right_followup\\\":\\\"2\\\",\\\"quadriceps_left_followup\\\":\\\"3\\\",\\\"gluteus_medius_right_followup\\\":\\\"10\\\",\\\"gluteus_medius_left_followup\\\":\\\"7\\\",\\\"gluteus_maximus_right_followup\\\":\\\"7\\\",\\\"gluteus_maximus_left_followup\\\":\\\"5\\\",\\\"wrist_extensor_right_followup\\\":\\\"7\\\",\\\"wrist_extensor_left_followup\\\":\\\"7\\\",\\\"ankle_dorsiflexion_right_followup\\\":\\\"6\\\",\\\"ankle_dorsiflexion_left_followup\\\":\\\"1\\\",\\\"total_scoring_value_followup\\\":\\\"81\\\",\\\"max_scoring_right_followup\\\":\\\"70\\\",\\\"max_scoring_left_followup\\\":\\\"70\\\",\\\"max_scoring_axial_followup\\\":\\\"10\\\",\\\"maximum_score_followup\\\":\\\"150\\\",\\\"total_individual_right_followup\\\":\\\"44\\\",\\\"total_individual_left_followup\\\":\\\"34\\\",\\\"total_individual_axial_followup\\\":\\\"3\\\"}}\"', 'submitted', '2025-04-25 19:33:48', '2025-04-25 19:50:57'),
(56, 38, 'form9cdasiactivity', 1, '\"{\\\"scores\\\":{\\\"cdasi_activity_scalp_1\\\":\\\"1\\\",\\\"cdasi_activity_scalp_2\\\":\\\"1\\\",\\\"cdasi_activity_scalp_3\\\":\\\"0\\\",\\\"cdasi_activity_malar_area_1\\\":\\\"2\\\",\\\"cdasi_activity_malar_area_2\\\":\\\"1\\\",\\\"cdasi_activity_malar_area_3\\\":\\\"1\\\",\\\"cdasi_activity_Periorbital_1\\\":\\\"0\\\",\\\"cdasi_activity_Periorbital_2\\\":\\\"0\\\",\\\"cdasi_activity_Periorbital_3\\\":\\\"0\\\",\\\"cdasi_activity_Rest_of_the_face_1\\\":\\\"2\\\",\\\"cdasi_activity_Rest_of_the_face_2\\\":\\\"2\\\",\\\"cdasi_activity_Rest_of_the_face_3\\\":\\\"1\\\",\\\"cdasi_activity_v-neck_frontal_1\\\":\\\"2\\\",\\\"cdasi_activity_v-neck_frontal_2\\\":\\\"0\\\",\\\"cdasi_activity_v-neck_frontal_3\\\":\\\"1\\\",\\\"cdasi_activity_posterior_neck_1\\\":\\\"3\\\",\\\"cdasi_activity_posterior_neck_2\\\":\\\"1\\\",\\\"cdasi_activity_posterior_neck_3\\\":\\\"1\\\",\\\"cdasi_activity_upper_back_shoulder_1\\\":\\\"1\\\",\\\"cdasi_activity_upper_back_shoulder_2\\\":\\\"0\\\",\\\"cdasi_activity_upper_back_shoulder_3\\\":\\\"1\\\",\\\"cdasi_activity_Rest_of_back_buttocks_1\\\":\\\"2\\\",\\\"cdasi_activity_Rest_of_back_buttocks_2\\\":\\\"2\\\",\\\"cdasi_activity_Rest_of_back_buttocks_3\\\":\\\"1\\\",\\\"cdasi_activity_Abdomen_1\\\":\\\"2\\\",\\\"cdasi_activity_Abdomen_2\\\":\\\"0\\\",\\\"cdasi_activity_Abdomen_3\\\":\\\"1\\\",\\\"cdasi_activity_Lateral_upper_thigh_1\\\":\\\"1\\\",\\\"cdasi_activity_Lateral_upper_thigh_2\\\":\\\"1\\\",\\\"cdasi_activity_Lateral_upper_thigh_3\\\":\\\"1\\\",\\\"cdasi_activity_Rest_of_leg_feet_1\\\":\\\"2\\\",\\\"cdasi_activity_Rest_of_leg_feet_2\\\":\\\"0\\\",\\\"cdasi_activity_Rest_of_leg_feet_3\\\":\\\"0\\\",\\\"cdasi_activity_Arm_1\\\":\\\"1\\\",\\\"cdasi_activity_Arm_2\\\":\\\"1\\\",\\\"cdasi_activity_Arm_3\\\":\\\"1\\\",\\\"cdasi_activity_Mechanic_hand_1\\\":\\\"0\\\",\\\"cdasi_activity_Mechanic_hand_2\\\":\\\"0\\\",\\\"cdasi_activity_Mechanic_hand_3\\\":\\\"0\\\",\\\"cdasi_activity_Dorsum_of_hand_1\\\":\\\"2\\\",\\\"cdasi_activity_Dorsum_of_hand_2\\\":\\\"1\\\",\\\"cdasi_activity_Dorsum_of_hand_3\\\":\\\"1\\\",\\\"cdasi_activity_Gottrons_not_on_hand_1\\\":\\\"3\\\",\\\"cdasi_activity_Gottrons_not_on_hand_2\\\":\\\"0\\\",\\\"cdasi_activity_Gottrons_not_on_hand_3\\\":\\\"0\\\"}}\"', 'submitted', '2025-04-25 19:34:16', '2025-04-25 19:50:57'),
(57, 38, 'form10cdasidamage', 1, '\"{\\\"scores\\\":{\\\"cdasi_damange_scalp_left_1\\\":\\\"1\\\",\\\"cdasi_damange_scalp_right_1\\\":\\\"0\\\",\\\"cdasi_damange_malar_left_1\\\":\\\"0\\\",\\\"cdasi_damange_malar_right_1\\\":\\\"1\\\",\\\"cdasi_damange_Periorbital_left_1\\\":\\\"1\\\",\\\"cdasi_damange_Periorbital_right_1\\\":\\\"0\\\",\\\"cdasi_damange_restofface_left_1\\\":\\\"0\\\",\\\"cdasi_damange_restofface_right_1\\\":\\\"1\\\",\\\"cdasi_damange_vareaneck_left_1\\\":\\\"0\\\",\\\"cdasi_damange_vareaneck_right_1\\\":\\\"0\\\",\\\"cdasi_damange_Posterior_left_1\\\":\\\"1\\\",\\\"cdasi_damange_Posterior_right_1\\\":\\\"0\\\",\\\"cdasi_damange_upperback_shoulder_left_1\\\":\\\"0\\\",\\\"cdasi_damange_upperback_shoulder_right_1\\\":\\\"1\\\",\\\"cdasi_damange_restofback_buttocks_left_1\\\":\\\"1\\\",\\\"cdasi_damange_restofback_buttocks_right_1\\\":\\\"0\\\",\\\"cdasi_damange_Abdomen_left_1\\\":\\\"0\\\",\\\"cdasi_damange_Abdomen_right_1\\\":\\\"1\\\",\\\"cdasi_damange_Lateralupperthigh_left_1\\\":\\\"0\\\",\\\"cdasi_damange_Lateralupperthigh_right_1\\\":\\\"0\\\",\\\"cdasi_damange_restofleg_feet_left_1\\\":\\\"1\\\",\\\"cdasi_damange_restofleg_feet_right_1\\\":\\\"0\\\",\\\"cdasi_damange_Arm_left_1\\\":\\\"0\\\",\\\"cdasi_damange_Arm_right_1\\\":\\\"1\\\",\\\"cdasi_damange_mechanicshand_left_1\\\":\\\"1\\\",\\\"cdasi_damange_mechanicshand_right_1\\\":\\\"0\\\",\\\"cdasi_damange_dursumofhand_left_1\\\":\\\"0\\\",\\\"cdasi_damange_dursumofhand_right_1\\\":\\\"1\\\",\\\"cdasi_damange_gottronsnotonhands_left_1\\\":\\\"1\\\",\\\"cdasi_damange_gottronsnotonhands_right_1\\\":\\\"0\\\"}}\"', 'submitted', '2025-04-25 19:34:34', '2025-04-25 19:50:57'),
(58, 38, 'form11', 1, '\"{\\\"scores\\\":{\\\"total_activity_score\\\":\\\"16\\\",\\\"total_damage_score\\\":\\\"0\\\",\\\"erythema_2\\\":\\\"2\\\",\\\"damage_2\\\":\\\"1\\\",\\\"papule_present_2\\\":\\\"yes\\\",\\\"periunguals\\\":\\\"1\\\",\\\"alopecias\\\":\\\"0\\\"}}\"', 'submitted', '2025-04-25 19:34:40', '2025-04-25 19:50:57');
INSERT INTO `form_drafts` (`id`, `user_id`, `form_id`, `case_id`, `form_data`, `status`, `created_at`, `updated_at`) VALUES
(59, 38, 'form7mdaatfollowup', 1, '\"{\\\"scores\\\":{\\\"disease_activity_1_followup\\\":\\\"6\\\",\\\"clinical_features_1_1_followup\\\":\\\"3\\\",\\\"clinical_features_1_2_followup\\\":\\\"2\\\",\\\"clinical_features_1_3_followup\\\":\\\"3\\\",\\\"disease_activity_2_followup\\\":\\\"6\\\",\\\"clinical_features_2_1_followup\\\":\\\"3\\\",\\\"clinical_features_2_2_followup\\\":\\\"3\\\",\\\"clinical_features_2_3_followup\\\":\\\"2\\\",\\\"clinical_features_2_4a_followup\\\":\\\"2\\\",\\\"clinical_features_2_4b_followup\\\":\\\"2\\\",\\\"clinical_features_2_5_followup\\\":\\\"3\\\",\\\"clinical_features_2_6_followup\\\":\\\"2\\\",\\\"clinical_features_2_7_followup\\\":\\\"2\\\",\\\"clinical_features_2_8a_followup\\\":\\\"3\\\",\\\"clinical_features_2_8b_followup\\\":\\\"2\\\",\\\"clinical_features_2_9_followup\\\":\\\"3\\\",\\\"disease_activity_3_followup\\\":\\\"7\\\",\\\"clinical_features_3_1a_followup\\\":\\\"3\\\",\\\"clinical_features_3_1b_followup\\\":\\\"1\\\",\\\"clinical_features_3_1c_followup\\\":\\\"2\\\",\\\"clinical_features_3_2_followup\\\":\\\"4\\\",\\\"disease_activity_4_followup\\\":\\\"5\\\",\\\"clinical_features_4_1a_followup\\\":\\\"2\\\",\\\"clinical_features_4_1b_followup\\\":\\\"3\\\",\\\"clinical_features_4_2a_followup\\\":\\\"2\\\",\\\"clinical_features_4_2b_followup\\\":\\\"3\\\",\\\"clinical_features_4_2c_followup\\\":\\\"2\\\",\\\"disease_activity_5_followup\\\":\\\"5\\\",\\\"clinical_features_5_1a_followup\\\":\\\"2\\\",\\\"clinical_features_5_1b_followup\\\":\\\"3\\\",\\\"clinical_features_5_2a_followup\\\":\\\"2\\\",\\\"clinical_features_5_2b_followup\\\":\\\"3\\\",\\\"clinical_features_5_2c_followup\\\":\\\"2\\\",\\\"clinical_features_5_3a_followup\\\":\\\"4\\\",\\\"clinical_features_5_3b_followup\\\":\\\"2\\\",\\\"disease_activity_6_followup\\\":\\\"8\\\",\\\"clinical_features_6_1_followup\\\":\\\"2\\\",\\\"clinical_features_6_2_followup\\\":\\\"4\\\",\\\"clinical_features_6_3a_followup\\\":\\\"2\\\",\\\"clinical_features_6_3b_followup\\\":\\\"2\\\",\\\"clinical_features_6_4_followup\\\":\\\"2\\\",\\\"other_disease_specification\\\":\\\"Disease\\\",\\\"disease_activity_7_followup\\\":\\\"6\\\",\\\"clinical_features_7_followup\\\":\\\"4\\\",\\\"disease_activity_8_followup\\\":\\\"7\\\",\\\"disease_activity_9_followup\\\":\\\"7\\\",\\\"clinical_features_10a_followup\\\":\\\"2\\\",\\\"clinical_features_10b_followup\\\":\\\"4\\\",\\\"clinical_features_10c_followup\\\":\\\"2\\\",\\\"clinical_features_11_followup\\\":\\\"4\\\",\\\"global_disease_activity_followup\\\":\\\"7\\\"}}\"', 'submitted', '2025-04-25 19:34:55', '2025-04-25 19:50:57'),
(60, 38, 'form12pgda', 1, '\"{\\\"scores\\\":{\\\"scale2\\\":\\\"5\\\"}}\"', 'submitted', '2025-04-25 19:35:45', '2025-04-25 19:50:57'),
(61, 36, 'form2mmt8', 1, '\"{\\\"scores\\\":{\\\"neck_flexor_axial\\\":\\\"6\\\",\\\"deltoid_right\\\":\\\"2\\\",\\\"deltoid_left\\\":\\\"4\\\",\\\"biceps_right\\\":\\\"6\\\",\\\"biceps_left\\\":\\\"8\\\",\\\"quadriceps_right\\\":\\\"7\\\",\\\"quadriceps_left\\\":\\\"8\\\",\\\"gluteus_medius_right\\\":\\\"7\\\",\\\"gluteus_medius_left\\\":\\\"7\\\",\\\"gluteus_maximus_right\\\":\\\"5\\\",\\\"gluteus_maximus_left\\\":\\\"4\\\",\\\"wrist_extensor_right\\\":\\\"3\\\",\\\"wrist_extensor_left\\\":\\\"2\\\",\\\"ankle_dorsiflexion_right\\\":\\\"6\\\",\\\"ankle_dorsiflexion_left\\\":\\\"8\\\",\\\"total_scoring_value\\\":\\\"83\\\",\\\"max_scoring_right\\\":\\\"70\\\",\\\"max_scoring_left\\\":\\\"70\\\",\\\"max_scoring_axial\\\":\\\"10\\\",\\\"maximum_score\\\":\\\"150\\\",\\\"total_individual_right\\\":\\\"36\\\",\\\"total_individual_left\\\":\\\"41\\\",\\\"total_individual_axial\\\":\\\"6\\\"}}\"', 'draft', '2025-04-25 21:10:59', '2025-04-25 21:11:35'),
(62, 36, 'form3cdasi', 1, '\"{\\\"scores\\\":{\\\"activity-radio1\\\":\\\"1\\\",\\\"activity-radio2\\\":\\\"1\\\",\\\"activity-radio3\\\":\\\"0\\\",\\\"activity-radio4\\\":\\\"3\\\",\\\"malar_middle_initia_cdasi\\\":\\\"1\\\",\\\"malar_right_initia_cdasi\\\":\\\"1\\\",\\\"Periorbital_left_initia_cdasi\\\":\\\"2\\\",\\\"Periorbital_middle_initia_cdasi\\\":\\\"0\\\",\\\"Periorbital_right_initia_cdasi\\\":\\\"0\\\",\\\"restofface_left_initia_cdasi\\\":\\\"2\\\",\\\"restofface_middle_initia_cdasi\\\":\\\"0\\\",\\\"restofface_right_initia_cdasi\\\":\\\"1\\\",\\\"vareaneck_left_initia_cdasi\\\":\\\"1\\\",\\\"vareaneck_middle_initia_cdasi\\\":\\\"1\\\",\\\"vareaneck_right_initia_cdasi\\\":\\\"1\\\",\\\"posterior_left_initia_cdasi\\\":\\\"2\\\",\\\"posterior_middle_initia_cdasi\\\":\\\"1\\\",\\\"posterior_right_initia_cdasi\\\":\\\"0\\\",\\\"upperbackshoulder_left_initia_cdasi\\\":\\\"1\\\",\\\"upperbackshoulder_middle_initia_cdasi\\\":\\\"1\\\",\\\"upperbackshoulder_right_initia_cdasi\\\":\\\"1\\\",\\\"restofbackbuttocks_left_initia_cdasi\\\":\\\"2\\\",\\\"restofbackbuttocks_middle_initia_cdasi\\\":\\\"1\\\",\\\"restofbackbuttocks_ritgh_initia_cdasi\\\":\\\"1\\\",\\\"abdomen_left_initia_cdasi\\\":\\\"3\\\",\\\"abdomen_middle_initia_cdasi\\\":\\\"1\\\",\\\"abdomen_right_initia_cdasi\\\":\\\"1\\\",\\\"lateralupperthigh_left_initia_cdasi\\\":\\\"2\\\",\\\"lateralupperthigh_middle_initia_cdasi\\\":\\\"1\\\",\\\"restoflegfeet_left_initia_cdasi\\\":\\\"2\\\",\\\"restoflegfeet_middle_initia_cdasi\\\":\\\"1\\\",\\\"arm_left_initia_cdasi\\\":\\\"2\\\",\\\"arm_middle_initia_cdasi\\\":\\\"1\\\",\\\"arm_right_initia_cdasi\\\":\\\"1\\\",\\\"mechanichand_left_initia_cdasi\\\":\\\"2\\\",\\\"mechanichand_middle_initia_cdasi\\\":\\\"1\\\",\\\"mechanichand_right_initia_cdasi\\\":\\\"1\\\",\\\"dorsumofhands_left_initia_cdasi\\\":\\\"2\\\",\\\"dorsumofhands_middle_initia_cdasi\\\":\\\"1\\\",\\\"dorsumofhands_right_initia_cdasi\\\":\\\"0\\\",\\\"gottronNotonHands_left_initia_cdasi\\\":\\\"1\\\",\\\"gottronNotonHands_middle_initia_cdasi\\\":\\\"1\\\",\\\"gottronNotonHands_right_initia_cdasi\\\":\\\"1\\\"}}\"', 'draft', '2025-04-25 21:11:42', '2025-04-25 21:13:40'),
(63, 36, 'form4cdasidamange', 1, '\"{\\\"scores\\\":{\\\"cdasi_damange_scalp_1\\\":\\\"0\\\",\\\"cdasi_damange_scalp_2\\\":\\\"1\\\",\\\"cdasi_damange_malar_area_1\\\":\\\"1\\\",\\\"cdasi_damange_malar_area_2\\\":\\\"0\\\",\\\"cdasi_damange_Periorbital_1\\\":\\\"1\\\",\\\"cdasi_damange_Periorbital_2\\\":\\\"1\\\",\\\"cdasi_damange_Rest_of_the_face_1\\\":\\\"1\\\",\\\"cdasi_damange_Rest_of_the_face_2\\\":\\\"0\\\",\\\"cdasi_damange_v_area_neck_1\\\":\\\"1\\\",\\\"cdasi_damange_v_area_neck_2\\\":\\\"0\\\",\\\"cdasi_damange_posterior_neck_1\\\":\\\"1\\\",\\\"cdasi_damange_posterior_neck_2\\\":\\\"1\\\",\\\"cdasi_damange_upper_back_shoulders_1\\\":\\\"1\\\",\\\"cdasi_damange_upper_back_shoulders_2\\\":\\\"0\\\"}}\"', 'draft', '2025-04-25 21:13:46', '2025-04-25 21:23:40'),
(64, 3, 'form2mmt8', 2, '\"{\\\"scores\\\":{\\\"neck_flexor_axial\\\":\\\"2\\\",\\\"deltoid_right\\\":\\\"2\\\",\\\"deltoid_left\\\":\\\"2\\\",\\\"biceps_right\\\":\\\"2\\\",\\\"biceps_left\\\":\\\"2\\\",\\\"quadriceps_right\\\":\\\"2\\\",\\\"quadriceps_left\\\":\\\"2\\\",\\\"gluteus_medius_right\\\":\\\"2\\\",\\\"gluteus_medius_left\\\":\\\"2\\\",\\\"gluteus_maximus_right\\\":\\\"2\\\",\\\"gluteus_maximus_left\\\":\\\"2\\\",\\\"wrist_extensor_right\\\":\\\"2\\\",\\\"wrist_extensor_left\\\":\\\"2\\\",\\\"ankle_dorsiflexion_right\\\":\\\"2\\\",\\\"ankle_dorsiflexion_left\\\":\\\"2\\\",\\\"total_scoring_value\\\":\\\"30\\\",\\\"max_scoring_right\\\":\\\"70\\\",\\\"max_scoring_left\\\":\\\"70\\\",\\\"max_scoring_axial\\\":\\\"10\\\",\\\"maximum_score\\\":\\\"150\\\",\\\"total_individual_right\\\":\\\"14\\\",\\\"total_individual_left\\\":\\\"14\\\",\\\"total_individual_axial\\\":\\\"2\\\"}}\"', 'submitted', '2025-04-26 12:14:41', '2025-04-26 12:19:20'),
(65, 3, 'form3cdasi', 2, '\"{\\\"scores\\\":{\\\"activity-radio1\\\":\\\"2\\\",\\\"activity-radio2\\\":\\\"2\\\",\\\"activity-radio3\\\":\\\"1\\\",\\\"activity-radio4\\\":\\\"2\\\",\\\"malar_middle_initia_cdasi\\\":\\\"2\\\",\\\"malar_right_initia_cdasi\\\":\\\"1\\\",\\\"Periorbital_left_initia_cdasi\\\":\\\"2\\\",\\\"Periorbital_middle_initia_cdasi\\\":\\\"2\\\",\\\"Periorbital_right_initia_cdasi\\\":\\\"1\\\",\\\"restofface_left_initia_cdasi\\\":\\\"2\\\",\\\"restofface_middle_initia_cdasi\\\":\\\"2\\\",\\\"restofface_right_initia_cdasi\\\":\\\"1\\\",\\\"vareaneck_left_initia_cdasi\\\":\\\"2\\\",\\\"vareaneck_middle_initia_cdasi\\\":\\\"2\\\",\\\"vareaneck_right_initia_cdasi\\\":\\\"1\\\",\\\"posterior_left_initia_cdasi\\\":\\\"2\\\",\\\"posterior_middle_initia_cdasi\\\":\\\"2\\\",\\\"posterior_right_initia_cdasi\\\":\\\"1\\\",\\\"upperbackshoulder_left_initia_cdasi\\\":\\\"2\\\",\\\"upperbackshoulder_middle_initia_cdasi\\\":\\\"2\\\",\\\"upperbackshoulder_right_initia_cdasi\\\":\\\"1\\\",\\\"restofbackbuttocks_left_initia_cdasi\\\":\\\"2\\\",\\\"restofbackbuttocks_middle_initia_cdasi\\\":\\\"2\\\",\\\"restofbackbuttocks_ritgh_initia_cdasi\\\":\\\"1\\\",\\\"abdomen_left_initia_cdasi\\\":\\\"2\\\",\\\"abdomen_middle_initia_cdasi\\\":\\\"2\\\",\\\"abdomen_right_initia_cdasi\\\":\\\"1\\\",\\\"lateralupperthigh_left_initia_cdasi\\\":\\\"2\\\",\\\"lateralupperthigh_middle_initia_cdasi\\\":\\\"2\\\",\\\"lateralupperthigh_right_initia_cdasi\\\":\\\"1\\\",\\\"restoflegfeet_left_initia_cdasi\\\":\\\"2\\\",\\\"restoflegfeet_middle_initia_cdasi\\\":\\\"2\\\",\\\"restoflegfeet_right_initia_cdasi\\\":\\\"1\\\",\\\"arm_left_initia_cdasi\\\":\\\"2\\\",\\\"arm_middle_initia_cdasi\\\":\\\"2\\\",\\\"arm_right_initia_cdasi\\\":\\\"1\\\",\\\"mechanichand_left_initia_cdasi\\\":\\\"2\\\",\\\"mechanichand_middle_initia_cdasi\\\":\\\"2\\\",\\\"mechanichand_right_initia_cdasi\\\":\\\"1\\\",\\\"dorsumofhands_left_initia_cdasi\\\":\\\"2\\\",\\\"dorsumofhands_middle_initia_cdasi\\\":\\\"2\\\",\\\"dorsumofhands_right_initia_cdasi\\\":\\\"1\\\",\\\"gottronNotonHands_left_initia_cdasi\\\":\\\"2\\\",\\\"gottronNotonHands_middle_initia_cdasi\\\":\\\"2\\\",\\\"gottronNotonHands_right_initia_cdasi\\\":\\\"1\\\"}}\"', 'submitted', '2025-04-26 12:15:09', '2025-04-26 12:19:20'),
(66, 3, 'form4cdasidamange', 2, '\"{\\\"scores\\\":{\\\"cdasi_damange_scalp_1\\\":\\\"1\\\",\\\"cdasi_damange_scalp_2\\\":\\\"1\\\",\\\"cdasi_damange_malar_area_1\\\":\\\"1\\\",\\\"cdasi_damange_malar_area_2\\\":\\\"1\\\",\\\"cdasi_damange_Periorbital_1\\\":\\\"1\\\",\\\"cdasi_damange_Periorbital_2\\\":\\\"1\\\",\\\"cdasi_damange_Rest_of_the_face_1\\\":\\\"1\\\",\\\"cdasi_damange_Rest_of_the_face_2\\\":\\\"1\\\",\\\"cdasi_damange_v_area_neck_1\\\":\\\"1\\\",\\\"cdasi_damange_v_area_neck_2\\\":\\\"1\\\",\\\"cdasi_damange_posterior_neck_1\\\":\\\"1\\\",\\\"cdasi_damange_posterior_neck_2\\\":\\\"1\\\",\\\"cdasi_damange_upper_back_shoulders_1\\\":\\\"1\\\",\\\"cdasi_damange_upper_back_shoulders_2\\\":\\\"1\\\",\\\"cdasi_damange_Rest_of_back_shoulder_1\\\":\\\"1\\\",\\\"cdasi_damange_Rest_of_back_shoulder_2\\\":\\\"1\\\",\\\"cdasi_damange_Abdomen_1\\\":\\\"1\\\",\\\"cdasi_damange_Abdomen_2\\\":\\\"1\\\",\\\"cdasi_damange_Lateral_upper_thigh_1\\\":\\\"1\\\",\\\"cdasi_damange_Lateral_upper_thigh_2\\\":\\\"1\\\",\\\"cdasi_damange_Rest_of_leg_and_feet_1\\\":\\\"1\\\",\\\"cdasi_damange_Rest_of_leg_and_feet_2\\\":\\\"1\\\",\\\"cdasi_damange_Arm_1\\\":\\\"1\\\",\\\"cdasi_damange_Arm_2\\\":\\\"1\\\",\\\"cdasi_damange_Mechanic_hand_1\\\":\\\"1\\\",\\\"cdasi_damange_Mechanic_hand_2\\\":\\\"1\\\",\\\"cdasi_damange_Dorums_of_hands_1\\\":\\\"1\\\",\\\"cdasi_damange_Dorums_of_hands_2\\\":\\\"1\\\",\\\"cdasi_damange_Gottrons_not_on_hand_1\\\":\\\"1\\\",\\\"cdasi_damange_Gottrons_not_on_hand_2\\\":\\\"1\\\"}}\"', 'submitted', '2025-04-26 12:15:33', '2025-04-26 12:19:20'),
(67, 3, 'form5', 2, '\"{\\\"scores\\\":{\\\"total_activity_score\\\":\\\"80\\\",\\\"total_damage_score\\\":\\\"30\\\",\\\"erythema\\\":\\\"1\\\",\\\"erythema_final_score\\\":\\\"2\\\",\\\"damage\\\":\\\"1\\\",\\\"papule_present\\\":\\\"yes\\\",\\\"periunguals\\\":\\\"1\\\",\\\"alopecias\\\":\\\"1\\\"}}\"', 'submitted', '2025-04-26 12:15:47', '2025-04-26 12:19:20'),
(68, 3, 'form1mdaat', 2, '\"{\\\"scores\\\":{\\\"disease_activity_1\\\":\\\"6\\\",\\\"clinical_features_1_1\\\":\\\"2\\\",\\\"clinical_features_1_2\\\":\\\"2\\\",\\\"clinical_features_1_3\\\":\\\"2\\\",\\\"disease_activity_2\\\":\\\"8\\\",\\\"clinical_features_2_1\\\":\\\"2\\\",\\\"clinical_features_2_2\\\":\\\"2\\\",\\\"clinical_features_2_3\\\":\\\"2\\\",\\\"erythematous_rash_a\\\":\\\"2\\\",\\\"erythematous_rash_b\\\":\\\"2\\\",\\\"clinical_features_2_5\\\":\\\"2\\\",\\\"clinical_features_2_6\\\":\\\"2\\\",\\\"clinical_features_2_7\\\":\\\"2\\\",\\\"alopecia_a\\\":\\\"2\\\",\\\"alopecia_b\\\":\\\"2\\\",\\\"mechanics_hand\\\":\\\"2\\\",\\\"disease_activity_3\\\":\\\"10\\\",\\\"polyarthritis_a\\\":\\\"2\\\",\\\"moderately_active_arthritis_b\\\":\\\"2\\\",\\\"milarth_c\\\":\\\"2\\\",\\\"arthralgia\\\":\\\"2\\\",\\\"disease_activity_4\\\":\\\"10\\\",\\\"dysphagia_a\\\":\\\"2\\\",\\\"dysphagia_b\\\":\\\"2\\\",\\\"abdominal_pain_a\\\":\\\"2\\\",\\\"abdominal_pain_b\\\":\\\"2\\\",\\\"abdominal_pain_c\\\":\\\"2\\\",\\\"disease_activity_5\\\":\\\"10\\\",\\\"resp_muscle_weakness_a\\\":\\\"2\\\",\\\"resp_muscle_weakness_b\\\":\\\"2\\\",\\\"active_ild_a\\\":\\\"2\\\",\\\"active_ild_b\\\":\\\"2\\\",\\\"active_ild_c\\\":\\\"2\\\",\\\"dysphonia_a\\\":\\\"2\\\",\\\"dysphonia_b\\\":\\\"2\\\",\\\"cardiovascular_disease_activity\\\":\\\"10\\\",\\\"clinical_features_6_1\\\":\\\"2\\\",\\\"clinical_features_6_2\\\":\\\"2\\\",\\\"arrhythmia_a\\\":\\\"2\\\",\\\"arrhythmia_b\\\":\\\"2\\\",\\\"sinus_tachycardia\\\":\\\"2\\\",\\\"other_disease_activity_note\\\":\\\"mdaat\\\",\\\"other_disease_activity_slider\\\":\\\"10\\\",\\\"other_disease_activity_radio\\\":\\\"2\\\",\\\"extra_muscular_global_assessment\\\":\\\"10\\\",\\\"muscle_disease_activity\\\":\\\"10\\\",\\\"myositis_a\\\":\\\"2\\\",\\\"myositis_b\\\":\\\"2\\\",\\\"myositis_c\\\":\\\"2\\\",\\\"myalgia\\\":\\\"2\\\",\\\"global_disease_activity\\\":\\\"10\\\"}}\"', 'submitted', '2025-04-26 12:16:14', '2025-04-26 12:19:20'),
(69, 3, 'form6pgda', 2, '\"{\\\"scores\\\":{\\\"physician_global_activity\\\":\\\"2\\\"}}\"', 'submitted', '2025-04-26 12:16:48', '2025-04-26 12:19:20'),
(70, 3, 'form8followupmmt8', 2, '\"{\\\"scores\\\":{\\\"neck_flexor_axial_followup\\\":\\\"3\\\",\\\"deltoid_right_followup\\\":\\\"3\\\",\\\"deltoid_left_followup\\\":\\\"3\\\",\\\"biceps_right_followup\\\":\\\"3\\\",\\\"biceps_left_followup\\\":\\\"3\\\",\\\"quadriceps_right_followup\\\":\\\"3\\\",\\\"quadriceps_left_followup\\\":\\\"3\\\",\\\"gluteus_medius_right_followup\\\":\\\"3\\\",\\\"gluteus_medius_left_followup\\\":\\\"3\\\",\\\"gluteus_maximus_right_followup\\\":\\\"3\\\",\\\"gluteus_maximus_left_followup\\\":\\\"3\\\",\\\"wrist_extensor_right_followup\\\":\\\"3\\\",\\\"wrist_extensor_left_followup\\\":\\\"3\\\",\\\"ankle_dorsiflexion_right_followup\\\":\\\"3\\\",\\\"ankle_dorsiflexion_left_followup\\\":\\\"3\\\",\\\"total_scoring_value_followup\\\":\\\"45\\\",\\\"max_scoring_right_followup\\\":\\\"70\\\",\\\"max_scoring_left_followup\\\":\\\"70\\\",\\\"max_scoring_axial_followup\\\":\\\"10\\\",\\\"maximum_score_followup\\\":\\\"150\\\",\\\"total_individual_right_followup\\\":\\\"21\\\",\\\"total_individual_left_followup\\\":\\\"21\\\",\\\"total_individual_axial_followup\\\":\\\"3\\\"}}\"', 'submitted', '2025-04-26 12:16:52', '2025-04-26 12:19:20'),
(71, 3, 'form9cdasiactivity', 2, '\"{\\\"scores\\\":{\\\"cdasi_activity_scalp_1\\\":\\\"3\\\",\\\"cdasi_activity_scalp_2\\\":\\\"2\\\",\\\"cdasi_activity_scalp_3\\\":\\\"1\\\",\\\"cdasi_activity_malar_area_1\\\":\\\"3\\\",\\\"cdasi_activity_malar_area_2\\\":\\\"2\\\",\\\"cdasi_activity_malar_area_3\\\":\\\"1\\\",\\\"cdasi_activity_Periorbital_1\\\":\\\"3\\\",\\\"cdasi_activity_Periorbital_2\\\":\\\"2\\\",\\\"cdasi_activity_Periorbital_3\\\":\\\"1\\\",\\\"cdasi_activity_Rest_of_the_face_1\\\":\\\"3\\\",\\\"cdasi_activity_Rest_of_the_face_2\\\":\\\"2\\\",\\\"cdasi_activity_Rest_of_the_face_3\\\":\\\"1\\\",\\\"cdasi_activity_v-neck_frontal_1\\\":\\\"3\\\",\\\"cdasi_activity_v-neck_frontal_2\\\":\\\"2\\\",\\\"cdasi_activity_v-neck_frontal_3\\\":\\\"1\\\",\\\"cdasi_activity_posterior_neck_1\\\":\\\"3\\\",\\\"cdasi_activity_posterior_neck_2\\\":\\\"2\\\",\\\"cdasi_activity_posterior_neck_3\\\":\\\"1\\\",\\\"cdasi_activity_upper_back_shoulder_1\\\":\\\"3\\\",\\\"cdasi_activity_upper_back_shoulder_2\\\":\\\"2\\\",\\\"cdasi_activity_upper_back_shoulder_3\\\":\\\"1\\\",\\\"cdasi_activity_Rest_of_back_buttocks_1\\\":\\\"3\\\",\\\"cdasi_activity_Rest_of_back_buttocks_2\\\":\\\"2\\\",\\\"cdasi_activity_Rest_of_back_buttocks_3\\\":\\\"1\\\",\\\"cdasi_activity_Abdomen_1\\\":\\\"3\\\",\\\"cdasi_activity_Abdomen_2\\\":\\\"2\\\",\\\"cdasi_activity_Abdomen_3\\\":\\\"1\\\",\\\"cdasi_activity_Lateral_upper_thigh_1\\\":\\\"3\\\",\\\"cdasi_activity_Lateral_upper_thigh_2\\\":\\\"2\\\",\\\"cdasi_activity_Lateral_upper_thigh_3\\\":\\\"1\\\",\\\"cdasi_activity_Rest_of_leg_feet_1\\\":\\\"3\\\",\\\"cdasi_activity_Rest_of_leg_feet_2\\\":\\\"2\\\",\\\"cdasi_activity_Rest_of_leg_feet_3\\\":\\\"1\\\",\\\"cdasi_activity_Arm_1\\\":\\\"3\\\",\\\"cdasi_activity_Arm_2\\\":\\\"2\\\",\\\"cdasi_activity_Arm_3\\\":\\\"1\\\",\\\"cdasi_activity_Mechanic_hand_1\\\":\\\"3\\\",\\\"cdasi_activity_Mechanic_hand_2\\\":\\\"2\\\",\\\"cdasi_activity_Mechanic_hand_3\\\":\\\"1\\\",\\\"cdasi_activity_Dorsum_of_hand_1\\\":\\\"3\\\",\\\"cdasi_activity_Dorsum_of_hand_2\\\":\\\"2\\\",\\\"cdasi_activity_Dorsum_of_hand_3\\\":\\\"1\\\",\\\"cdasi_activity_Gottrons_not_on_hand_1\\\":\\\"3\\\",\\\"cdasi_activity_Gottrons_not_on_hand_2\\\":\\\"2\\\",\\\"cdasi_activity_Gottrons_not_on_hand_3\\\":\\\"1\\\"}}\"', 'submitted', '2025-04-26 12:17:34', '2025-04-26 12:19:20'),
(72, 3, 'form9cdasiactivity', 2, '\"{\\\"scores\\\":{\\\"cdasi_activity_scalp_1\\\":\\\"1\\\"}}\"', 'draft', '2025-04-26 12:17:34', '2025-04-26 12:17:34'),
(73, 3, 'form10cdasidamage', 2, '\"{\\\"scores\\\":{\\\"cdasi_damange_scalp_left_1\\\":\\\"1\\\",\\\"cdasi_damange_scalp_right_1\\\":\\\"1\\\",\\\"cdasi_damange_malar_left_1\\\":\\\"1\\\",\\\"cdasi_damange_malar_right_1\\\":\\\"1\\\",\\\"cdasi_damange_Periorbital_left_1\\\":\\\"1\\\",\\\"cdasi_damange_Periorbital_right_1\\\":\\\"1\\\",\\\"cdasi_damange_restofface_left_1\\\":\\\"1\\\",\\\"cdasi_damange_restofface_right_1\\\":\\\"1\\\",\\\"cdasi_damange_vareaneck_left_1\\\":\\\"1\\\",\\\"cdasi_damange_vareaneck_right_1\\\":\\\"1\\\",\\\"cdasi_damange_Posterior_left_1\\\":\\\"1\\\",\\\"cdasi_damange_Posterior_right_1\\\":\\\"1\\\",\\\"cdasi_damange_upperback_shoulder_left_1\\\":\\\"1\\\",\\\"cdasi_damange_upperback_shoulder_right_1\\\":\\\"1\\\",\\\"cdasi_damange_restofback_buttocks_left_1\\\":\\\"1\\\",\\\"cdasi_damange_restofback_buttocks_right_1\\\":\\\"1\\\",\\\"cdasi_damange_Abdomen_left_1\\\":\\\"1\\\",\\\"cdasi_damange_Abdomen_right_1\\\":\\\"1\\\",\\\"cdasi_damange_Lateralupperthigh_left_1\\\":\\\"1\\\",\\\"cdasi_damange_Lateralupperthigh_right_1\\\":\\\"1\\\",\\\"cdasi_damange_restofleg_feet_left_1\\\":\\\"1\\\",\\\"cdasi_damange_restofleg_feet_right_1\\\":\\\"1\\\",\\\"cdasi_damange_Arm_left_1\\\":\\\"1\\\",\\\"cdasi_damange_Arm_right_1\\\":\\\"1\\\",\\\"cdasi_damange_mechanicshand_left_1\\\":\\\"1\\\",\\\"cdasi_damange_mechanicshand_right_1\\\":\\\"1\\\",\\\"cdasi_damange_dursumofhand_left_1\\\":\\\"1\\\",\\\"cdasi_damange_dursumofhand_right_1\\\":\\\"1\\\",\\\"cdasi_damange_gottronsnotonhands_left_1\\\":\\\"1\\\",\\\"cdasi_damange_gottronsnotonhands_right_1\\\":\\\"1\\\"}}\"', 'submitted', '2025-04-26 12:17:58', '2025-04-26 12:19:20'),
(74, 3, 'form11', 2, '\"{\\\"scores\\\":{\\\"total_activity_score\\\":\\\"94\\\",\\\"total_damage_score\\\":\\\"30\\\",\\\"erythema_2\\\":\\\"1\\\",\\\"damage_2\\\":\\\"1\\\",\\\"papule_present_2\\\":\\\"no\\\",\\\"periunguals\\\":\\\"1\\\",\\\"alopecias\\\":\\\"1\\\"}}\"', 'submitted', '2025-04-26 12:18:11', '2025-04-26 12:19:21'),
(75, 3, 'form7mdaatfollowup', 2, '\"{\\\"scores\\\":{\\\"disease_activity_1_followup\\\":\\\"10\\\",\\\"clinical_features_1_1_followup\\\":\\\"4\\\",\\\"clinical_features_1_2_followup\\\":\\\"4\\\",\\\"clinical_features_1_3_followup\\\":\\\"4\\\",\\\"disease_activity_2_followup\\\":\\\"10\\\",\\\"clinical_features_2_1_followup\\\":\\\"4\\\",\\\"clinical_features_2_2_followup\\\":\\\"4\\\",\\\"clinical_features_2_3_followup\\\":\\\"4\\\",\\\"clinical_features_2_4a_followup\\\":\\\"4\\\",\\\"clinical_features_2_4b_followup\\\":\\\"4\\\",\\\"clinical_features_2_5_followup\\\":\\\"4\\\",\\\"clinical_features_2_6_followup\\\":\\\"4\\\",\\\"clinical_features_2_7_followup\\\":\\\"4\\\",\\\"clinical_features_2_8a_followup\\\":\\\"4\\\",\\\"clinical_features_2_8b_followup\\\":\\\"4\\\",\\\"clinical_features_2_9_followup\\\":\\\"4\\\",\\\"disease_activity_3_followup\\\":\\\"10\\\",\\\"clinical_features_3_1a_followup\\\":\\\"4\\\",\\\"clinical_features_3_1b_followup\\\":\\\"4\\\",\\\"clinical_features_3_1c_followup\\\":\\\"4\\\",\\\"clinical_features_3_2_followup\\\":\\\"4\\\",\\\"disease_activity_4_followup\\\":\\\"10\\\",\\\"clinical_features_4_1a_followup\\\":\\\"4\\\",\\\"clinical_features_4_1b_followup\\\":\\\"4\\\",\\\"clinical_features_4_2a_followup\\\":\\\"4\\\",\\\"clinical_features_4_2b_followup\\\":\\\"4\\\",\\\"clinical_features_4_2c_followup\\\":\\\"4\\\",\\\"disease_activity_5_followup\\\":\\\"10\\\",\\\"clinical_features_5_1a_followup\\\":\\\"4\\\",\\\"clinical_features_5_1b_followup\\\":\\\"4\\\",\\\"clinical_features_5_2a_followup\\\":\\\"4\\\",\\\"clinical_features_5_2b_followup\\\":\\\"4\\\",\\\"clinical_features_5_2c_followup\\\":\\\"4\\\",\\\"clinical_features_5_3a_followup\\\":\\\"4\\\",\\\"clinical_features_5_3b_followup\\\":\\\"4\\\",\\\"disease_activity_6_followup\\\":\\\"10\\\",\\\"clinical_features_6_1_followup\\\":\\\"4\\\",\\\"clinical_features_6_2_followup\\\":\\\"4\\\",\\\"clinical_features_6_3a_followup\\\":\\\"4\\\",\\\"clinical_features_6_3b_followup\\\":\\\"4\\\",\\\"clinical_features_6_4_followup\\\":\\\"4\\\",\\\"other_disease_specification\\\":\\\"mdaat2\\\",\\\"disease_activity_7_followup\\\":\\\"10\\\",\\\"clinical_features_7_followup\\\":\\\"4\\\",\\\"disease_activity_8_followup\\\":\\\"10\\\",\\\"disease_activity_9_followup\\\":\\\"10\\\",\\\"clinical_features_10a_followup\\\":\\\"4\\\",\\\"clinical_features_10b_followup\\\":\\\"4\\\",\\\"clinical_features_10c_followup\\\":\\\"4\\\",\\\"clinical_features_11_followup\\\":\\\"4\\\",\\\"global_disease_activity_followup\\\":\\\"10\\\"}}\"', 'submitted', '2025-04-26 12:18:39', '2025-04-26 12:19:20'),
(76, 3, 'form12pgda', 2, '\"{\\\"scores\\\":{\\\"scale2\\\":\\\"4\\\"}}\"', 'submitted', '2025-04-26 12:19:18', '2025-04-26 12:19:21');

-- --------------------------------------------------------

--
-- Table structure for table `migrations`
--

CREATE TABLE `migrations` (
  `id` int(10) UNSIGNED NOT NULL,
  `migration` varchar(255) NOT NULL,
  `batch` int(11) NOT NULL
) ENGINE=InnoDB DEFAULT CHARSET=utf8mb4 COLLATE=utf8mb4_unicode_ci;

--
-- Dumping data for table `migrations`
--

INSERT INTO `migrations` (`id`, `migration`, `batch`) VALUES
(1, '2014_10_12_000000_create_users_table', 1),
(2, '2014_10_12_100000_create_password_reset_tokens_table', 1),
(3, '2019_08_19_000000_create_failed_jobs_table', 1),
(4, '2019_12_14_000001_create_personal_access_tokens_table', 1),
(5, '2025_01_28_123449_create_documents_table', 1),
(6, '2025_01_28_123456_create_document_user_table', 1),
(7, '2025_01_31_071349_add_assigned_at_to_document_user_table', 1),
(8, '2025_02_15_065957_create_case_scores_table', 1),
(9, '2025_03_21_115507_create_case_details_table', 1),
(10, '2025_03_24_071503_create_form_drafts_table', 1),
(11, '2025_03_25_121203_create_form1_mdaat_data_table', 1),
(12, '2025_03_25_121203_create_form2_mmt8_data_table', 1),
(13, '2025_03_25_121203_create_form3_cdasi_data_table', 1),
(14, '2025_03_25_121204_create_form4_cdasi_damage_data_table', 1),
(15, '2025_03_25_121204_create_form5_data_table', 1),
(16, '2025_03_25_121204_create_form6_pgda_data_table', 1),
(17, '2025_03_25_121204_create_form7_mdaat_followup_data_table', 1),
(18, '2025_03_25_121205_create_form10_cdasi_damage_data_table', 1),
(19, '2025_03_25_121205_create_form8_followup_mmt8_data_table', 1),
(20, '2025_03_25_121205_create_form9_cdasi_activity_data_table', 1),
(21, '2025_03_25_121206_create_form11_data_table', 1),
(22, '2025_03_25_121206_create_form12_pgda_data_table', 1);

--
-- Indexes for dumped tables
--

--
-- Indexes for table `case_details`
--
ALTER TABLE `case_details`
  ADD PRIMARY KEY (`id`),
  ADD UNIQUE KEY `case_details_case_no_unique` (`case_no`);

--
-- Indexes for table `case_scores`
--
ALTER TABLE `case_scores`
  ADD PRIMARY KEY (`id`),
  ADD KEY `case_scores_user_id_foreign` (`user_id`);

--
-- Indexes for table `documents`
--
ALTER TABLE `documents`
  ADD PRIMARY KEY (`id`),
  ADD UNIQUE KEY `documents_case_no_unique` (`case_no`),
  ADD KEY `documents_uploaded_by_foreign` (`uploaded_by`);

--
-- Indexes for table `document_user`
--
ALTER TABLE `document_user`
  ADD PRIMARY KEY (`id`),
  ADD KEY `document_user_document_id_foreign` (`document_id`),
  ADD KEY `document_user_user_id_foreign` (`user_id`);

--
-- Indexes for table `failed_jobs`
--
ALTER TABLE `failed_jobs`
  ADD PRIMARY KEY (`id`),
  ADD UNIQUE KEY `failed_jobs_uuid_unique` (`uuid`);

--
-- Indexes for table `form1_mdaat_data`
--
ALTER TABLE `form1_mdaat_data`
  ADD PRIMARY KEY (`id`);

--
-- Indexes for table `form2_mmt8_data`
--
ALTER TABLE `form2_mmt8_data`
  ADD PRIMARY KEY (`id`);

--
-- Indexes for table `form3_cdasi_data`
--
ALTER TABLE `form3_cdasi_data`
  ADD PRIMARY KEY (`id`);

--
-- Indexes for table `form4_cdasi_damage_data`
--
ALTER TABLE `form4_cdasi_damage_data`
  ADD PRIMARY KEY (`id`);

--
-- Indexes for table `form5_data`
--
ALTER TABLE `form5_data`
  ADD PRIMARY KEY (`id`);

--
-- Indexes for table `form6_pgda_data`
--
ALTER TABLE `form6_pgda_data`
  ADD PRIMARY KEY (`id`);

--
-- Indexes for table `form7_mdaat_followup_data`
--
ALTER TABLE `form7_mdaat_followup_data`
  ADD PRIMARY KEY (`id`);

--
-- Indexes for table `form8_followup_mmt8_data`
--
ALTER TABLE `form8_followup_mmt8_data`
  ADD PRIMARY KEY (`id`);

--
-- Indexes for table `form9_cdasi_activity_data`
--
ALTER TABLE `form9_cdasi_activity_data`
  ADD PRIMARY KEY (`id`);

--
-- Indexes for table `form10_cdasi_damage_data`
--
ALTER TABLE `form10_cdasi_damage_data`
  ADD PRIMARY KEY (`id`);

--
-- Indexes for table `form11_data`
--
ALTER TABLE `form11_data`
  ADD PRIMARY KEY (`id`);

--
-- Indexes for table `form12_pgda_data`
--
ALTER TABLE `form12_pgda_data`
  ADD PRIMARY KEY (`id`);

--
-- Indexes for table `form_drafts`
--
ALTER TABLE `form_drafts`
  ADD PRIMARY KEY (`id`);

--
-- Indexes for table `migrations`
--
ALTER TABLE `migrations`
  ADD PRIMARY KEY (`id`);

--
-- AUTO_INCREMENT for dumped tables
--

--
-- AUTO_INCREMENT for table `case_details`
--
ALTER TABLE `case_details`
  MODIFY `id` bigint(20) UNSIGNED NOT NULL AUTO_INCREMENT, AUTO_INCREMENT=3;

--
-- AUTO_INCREMENT for table `case_scores`
--
ALTER TABLE `case_scores`
  MODIFY `id` bigint(20) UNSIGNED NOT NULL AUTO_INCREMENT;

--
-- AUTO_INCREMENT for table `documents`
--
ALTER TABLE `documents`
  MODIFY `id` bigint(20) UNSIGNED NOT NULL AUTO_INCREMENT, AUTO_INCREMENT=3;

--
-- AUTO_INCREMENT for table `document_user`
--
ALTER TABLE `document_user`
  MODIFY `id` bigint(20) UNSIGNED NOT NULL AUTO_INCREMENT, AUTO_INCREMENT=43;

--
-- AUTO_INCREMENT for table `failed_jobs`
--
ALTER TABLE `failed_jobs`
  MODIFY `id` bigint(20) UNSIGNED NOT NULL AUTO_INCREMENT;

--
-- AUTO_INCREMENT for table `form1_mdaat_data`
--
ALTER TABLE `form1_mdaat_data`
  MODIFY `id` bigint(20) UNSIGNED NOT NULL AUTO_INCREMENT, AUTO_INCREMENT=6;

--
-- AUTO_INCREMENT for table `form2_mmt8_data`
--
ALTER TABLE `form2_mmt8_data`
  MODIFY `id` bigint(20) UNSIGNED NOT NULL AUTO_INCREMENT, AUTO_INCREMENT=6;

--
-- AUTO_INCREMENT for table `form3_cdasi_data`
--
ALTER TABLE `form3_cdasi_data`
  MODIFY `id` bigint(20) UNSIGNED NOT NULL AUTO_INCREMENT, AUTO_INCREMENT=6;

--
-- AUTO_INCREMENT for table `form4_cdasi_damage_data`
--
ALTER TABLE `form4_cdasi_damage_data`
  MODIFY `id` bigint(20) UNSIGNED NOT NULL AUTO_INCREMENT, AUTO_INCREMENT=6;

--
-- AUTO_INCREMENT for table `form5_data`
--
ALTER TABLE `form5_data`
  MODIFY `id` bigint(20) UNSIGNED NOT NULL AUTO_INCREMENT, AUTO_INCREMENT=6;

--
-- AUTO_INCREMENT for table `form6_pgda_data`
--
ALTER TABLE `form6_pgda_data`
  MODIFY `id` bigint(20) UNSIGNED NOT NULL AUTO_INCREMENT, AUTO_INCREMENT=6;

--
-- AUTO_INCREMENT for table `form7_mdaat_followup_data`
--
ALTER TABLE `form7_mdaat_followup_data`
  MODIFY `id` bigint(20) UNSIGNED NOT NULL AUTO_INCREMENT, AUTO_INCREMENT=6;

--
-- AUTO_INCREMENT for table `form8_followup_mmt8_data`
--
ALTER TABLE `form8_followup_mmt8_data`
  MODIFY `id` bigint(20) UNSIGNED NOT NULL AUTO_INCREMENT, AUTO_INCREMENT=6;

--
-- AUTO_INCREMENT for table `form9_cdasi_activity_data`
--
ALTER TABLE `form9_cdasi_activity_data`
  MODIFY `id` bigint(20) UNSIGNED NOT NULL AUTO_INCREMENT, AUTO_INCREMENT=6;

--
-- AUTO_INCREMENT for table `form10_cdasi_damage_data`
--
ALTER TABLE `form10_cdasi_damage_data`
  MODIFY `id` bigint(20) UNSIGNED NOT NULL AUTO_INCREMENT, AUTO_INCREMENT=6;

--
-- AUTO_INCREMENT for table `form11_data`
--
ALTER TABLE `form11_data`
  MODIFY `id` bigint(20) UNSIGNED NOT NULL AUTO_INCREMENT, AUTO_INCREMENT=6;

--
-- AUTO_INCREMENT for table `form12_pgda_data`
--
ALTER TABLE `form12_pgda_data`
  MODIFY `id` bigint(20) UNSIGNED NOT NULL AUTO_INCREMENT, AUTO_INCREMENT=6;

--
-- AUTO_INCREMENT for table `form_drafts`
--
ALTER TABLE `form_drafts`
  MODIFY `id` bigint(20) UNSIGNED NOT NULL AUTO_INCREMENT, AUTO_INCREMENT=77;

--
-- AUTO_INCREMENT for table `migrations`
--
ALTER TABLE `migrations`
  MODIFY `id` int(10) UNSIGNED NOT NULL AUTO_INCREMENT, AUTO_INCREMENT=23;

--
-- Constraints for dumped tables
--

--
-- Constraints for table `case_scores`
--
ALTER TABLE `case_scores`
  ADD CONSTRAINT `case_scores_user_id_foreign` FOREIGN KEY (`user_id`) REFERENCES `users` (`id`) ON DELETE CASCADE;

--
-- Constraints for table `documents`
--
ALTER TABLE `documents`
  ADD CONSTRAINT `documents_uploaded_by_foreign` FOREIGN KEY (`uploaded_by`) REFERENCES `users` (`id`) ON DELETE CASCADE ON UPDATE CASCADE;

--
-- Constraints for table `document_user`
--
ALTER TABLE `document_user`
  ADD CONSTRAINT `document_user_document_id_foreign` FOREIGN KEY (`document_id`) REFERENCES `documents` (`id`) ON DELETE CASCADE ON UPDATE CASCADE,
  ADD CONSTRAINT `document_user_user_id_foreign` FOREIGN KEY (`user_id`) REFERENCES `users` (`id`) ON DELETE CASCADE ON UPDATE CASCADE;
COMMIT;

